-- https://www.phpmyadmin.net/
--

START TRANSACTION;



-- --------------------------------------------------------

--
-- Table structure for table `aqi_category`
--

CREATE TABLE `aqi_category` (
  `id` int NOT NULL,
  `name` varchar(50) COLLATE utf8mb4_general_ci NOT NULL,
  `color_code` varchar(10) COLLATE utf8mb4_general_ci NOT NULL
) ENGINE=InnoDB DEFAULT CHARSET=utf8mb4 COLLATE=utf8mb4_general_ci;

--
-- Dumping data for table `aqi_category`
--

INSERT INTO `aqi_category` (`id`, `name`, `color_code`) VALUES
(1, 'Good', '#00b050'),
(2, 'Satisfactory', '#92d050'),
(3, 'Moderately Polluted', '#ffff00'),
(4, 'Poor', '#ff9900'),
(5, 'Very Poor', '#ff0000'),
(6, 'Severe', '#c00000');

-- --------------------------------------------------------

--
-- Table structure for table `aqi_matrix`
--

CREATE TABLE `aqi_matrix` (
  `id` int NOT NULL,
  `aqi_parameter_id` int NOT NULL,
  `min_value` double NOT NULL,
  `max_value` char(20) COLLATE utf8mb4_general_ci NOT NULL,
  `maxx_value` int DEFAULT NULL,
  `aqi_category` int NOT NULL
) ENGINE=InnoDB DEFAULT CHARSET=utf8mb4 COLLATE=utf8mb4_general_ci;

--
-- Dumping data for table `aqi_matrix`
--

INSERT INTO `aqi_matrix` (`id`, `aqi_parameter_id`, `min_value`, `max_value`, `maxx_value`, `aqi_category`) VALUES
(1, 1, 0, '30', 30, 1),
(2, 1, 31, '60', 60, 2),
(3, 1, 61, '90', 90, 3),
(4, 1, 91, '120', 120, 4),
(5, 1, 121, '250', 250, 5),
(6, 1, 251, '+', 500, 6),
(7, 2, 0, '50', 50, 1),
(8, 2, 51, '100', 100, 2),
(9, 2, 101, '250', 250, 3),
(10, 2, 251, '350', 350, 4),
(11, 2, 351, '430', 430, 5),
(12, 2, 431, '+', 1000, 6),
(13, 3, 0, '40', 40, 1),
(14, 3, 41, '80', 80, 2),
(15, 3, 81, '180', 180, 3),
(16, 3, 181, '280', 280, 4),
(17, 3, 281, '400', 400, 5),
(18, 3, 401, '+', 1000, 6),
(19, 4, 0, '200', 200, 1),
(20, 4, 201, '400', 400, 2),
(21, 4, 401, '800', 800, 3),
(22, 4, 801, '1200', 1200, 4),
(23, 4, 1201, '1800', 1800, 5),
(24, 4, 1801, '+', 3000, 6),
(25, 5, 0, '40', 40, 1),
(26, 5, 41, '80', 80, 2),
(27, 5, 81, '380', 380, 3),
(28, 5, 381, '800', 800, 4),
(29, 5, 801, '1600', 1600, 5),
(30, 5, 1601, '+', 3000, 6),
(31, 6, 0, '1', 1, 1),
(32, 6, 1.1, '2', 2, 2),
(33, 6, 2.1, '10', 10, 3),
(34, 6, 10, '17', 17, 4),
(35, 6, 17, '34', 34, 5),
(36, 6, 34, '+', 500, 6),
(37, 7, 0, '50', 50, 1),
(38, 7, 51, '100', 100, 2),
(39, 7, 101, '168', 168, 3),
(40, 7, 169, '208', 208, 4),
(41, 7, 209, '748', 748, 5),
(42, 7, 748, '+', 1500, 6),
(43, 8, 0, '50', 50, 1),
(44, 8, 51, '100', 100, 2),
(45, 8, 101, '200', 200, 3),
(46, 8, 201, '300', 300, 4),
(47, 8, 301, '400', 400, 5),
(48, 8, 401, '500', 500, 6);

-- --------------------------------------------------------

--
-- Table structure for table `aqi_parameter`
--

CREATE TABLE `aqi_parameter` (
  `id` int NOT NULL,
  `name` varchar(20) COLLATE utf8mb4_general_ci NOT NULL,
  `unit` varchar(10) COLLATE utf8mb4_general_ci NOT NULL
) ENGINE=InnoDB DEFAULT CHARSET=utf8mb4 COLLATE=utf8mb4_general_ci;

--
-- Dumping data for table `aqi_parameter`
--

INSERT INTO `aqi_parameter` (`id`, `name`, `unit`) VALUES
(1, 'PM2.5', 'µg/m3'),
(2, 'PM10', 'µg/m3'),
(3, 'NO2', 'µg/m3'),
(4, 'NH3', 'µg/m3'),
(5, 'SO2', 'µg/m3'),
(6, 'CO', 'mg/m3'),
(7, 'OZONE', 'µg/m3'),
(8, 'AQI', 'µg/m3');

-- --------------------------------------------------------

--
-- Table structure for table `city`
--

CREATE TABLE `city` (
  `city_id` int NOT NULL,
  `city_name` char(50) COLLATE utf8mb4_unicode_ci DEFAULT NULL,
  `state_id` int DEFAULT NULL,
  `district_id` int DEFAULT NULL,
  `del_action` enum('Y','N','','') COLLATE utf8mb4_unicode_ci NOT NULL
) ENGINE=InnoDB DEFAULT CHARSET=utf8mb4 COLLATE=utf8mb4_unicode_ci;

--
-- Dumping data for table `city`
--

INSERT INTO `city` (`city_id`, `city_name`, `state_id`, `district_id`, `del_action`) VALUES
(1, 'Aali', 25, 466, 'Y'),
(2, 'Aalo HQ', 3, 41, 'Y'),
(3, 'Abapura', 28, 508, 'Y'),
(4, 'Abdasa', 10, 171, 'Y'),
(5, 'Abdullapurmet', 31, 604, 'Y'),
(6, 'Abhanpur', 7, 137, 'Y'),
(7, 'Abhyachandpur', 25, 461, 'Y'),
(8, 'Abohar', 27, 489, 'Y'),
(9, 'Aboi', 24, 444, 'Y'),
(10, 'Abu Road', 28, 536, 'Y'),
(11, 'Achalpur', 20, 367, 'Y'),
(12, 'Achampet', 31, 597, 'Y'),
(13, 'Achanta', 2, 15, 'Y'),
(14, 'Adajan', 10, 183, 'Y'),
(15, 'Adampur', 11, 194, 'Y'),
(16, 'Adapur', 5, 101, 'Y'),
(17, 'Adava', 25, 459, 'Y'),
(18, 'Adavidevulapalli', 31, 598, 'Y'),
(19, 'Adda Guduru', 31, 612, 'Y'),
(20, 'Addakal', 31, 592, 'Y'),
(21, 'Addanki', 2, 10, 'Y'),
(22, 'Addateegala', 2, 6, 'Y'),
(23, 'Adhartal', 19, 336, 'Y'),
(24, 'Adhaura', 5, 88, 'Y'),
(25, 'Adibadri', 34, 626, 'Y'),
(26, 'ADILABAD URBAN', 31, 580, 'Y'),
(27, 'Adityapur(Gamharia)', 14, 263, 'Y'),
(28, 'Adoni', 2, 9, 'Y'),
(29, 'Adoor', 16, 306, 'Y'),
(30, 'Afzalpur', 15, 282, 'Y'),
(31, 'Agali', 2, 4, 'Y'),
(32, 'Agamoni', 4, 51, 'Y'),
(33, 'Agar', 19, 313, 'Y'),
(34, 'Agarpada', 25, 454, 'Y'),
(35, 'Agastheeswaram', 30, 553, 'Y'),
(36, 'Agatti', 18, 312, 'Y'),
(37, 'Aghunato', 24, 449, 'Y'),
(38, 'Agiaon', 5, 81, 'Y'),
(39, 'Agiripalle', 2, 8, 'Y'),
(40, 'Agra', 35, 637, 'Y'),
(41, 'Aheri', 20, 374, 'Y'),
(42, 'Ahmadpur', 20, 380, 'Y'),
(43, 'AHMEDGARH', 27, 501, 'Y'),
(44, 'Ahore', 28, 524, 'Y'),
(45, 'Ahwa', 10, 164, 'Y'),
(46, 'Aibawk', 23, 428, 'Y'),
(47, 'AIDILABAD RURAL', 31, 580, 'Y'),
(48, 'Ainavilli', 2, 6, 'Y'),
(49, 'Ainthapali', 25, 477, 'Y'),
(50, 'Airfield (Kapila Prasad)', 25, 468, 'Y'),
(51, 'Aitepyong', 24, 448, 'Y'),
(52, 'Ajaigarh', 19, 346, 'Y'),
(53, 'Ajas', 13, 223, 'Y'),
(54, 'Ajitmal', 35, 642, 'Y'),
(55, 'AJJAMPURA', 15, 274, 'Y'),
(56, 'Ajmer', 28, 506, 'Y'),
(57, 'Ajnala', 27, 484, 'Y'),
(58, 'Ajra', 20, 379, 'Y'),
(59, 'Akaltara', 7, 126, 'Y'),
(60, 'Akbarpur', 35, 678, 'Y'),
(61, 'Akbarpur', 35, 639, 'Y'),
(62, 'Akbarpur', 5, 98, 'Y'),
(63, 'Akhnoor', 13, 228, 'Y'),
(64, 'Akividu', 2, 15, 'Y'),
(65, 'Akkalkot', 20, 396, 'Y'),
(66, 'Akkalkuwa', 20, 385, 'Y'),
(67, 'Akkannapet', 31, 606, 'Y'),
(68, 'Aklera', 28, 525, 'Y'),
(69, 'Akola', 20, 366, 'Y'),
(70, 'Akola', 20, 365, 'Y'),
(71, 'A.Konduru', 2, 8, 'Y'),
(72, 'Akorhi Gola', 5, 103, 'Y'),
(73, 'Akot', 20, 366, 'Y'),
(74, 'Akrani', 20, 385, 'Y'),
(75, 'Akuhaito', 24, 449, 'Y'),
(76, 'Akuluto', 24, 449, 'Y'),
(77, 'Alair', 31, 612, 'Y'),
(78, 'Alamnagar', 5, 93, 'Y'),
(79, 'Alampur', 31, 586, 'Y'),
(80, 'Alampur', 12, 213, 'Y'),
(81, 'Alamuru', 2, 6, 'Y'),
(82, 'Aland', 15, 282, 'Y'),
(83, 'Alandur', 30, 545, 'Y'),
(84, 'Alangudi', 30, 560, 'Y'),
(85, 'Alangulam', 30, 565, 'Y'),
(86, 'Alathur', 30, 559, 'Y'),
(87, 'Alathur', 16, 305, 'Y'),
(88, 'Alauli', 5, 90, 'Y'),
(89, 'Albert Ekka(Jari)', 14, 251, 'Y'),
(90, 'Alewa', 11, 196, 'Y'),
(91, 'Algapur', 4, 56, 'Y'),
(92, 'Alibag', 20, 391, 'Y'),
(93, 'Aliganj', 35, 660, 'Y'),
(94, 'Alinagar', 5, 83, 'Y'),
(95, 'Alipur', 8, 145, 'N'),
(96, 'Alipurduar - I', 36, 714, 'Y'),
(97, 'Alipurduar - II', 36, 714, 'Y'),
(98, 'Alirajpur', 19, 314, 'Y'),
(99, 'Alladurg', 31, 594, 'Y'),
(100, 'Allagadda', 2, 9, 'Y'),
(101, 'Allahabad', 35, 697, 'Y'),
(102, 'Allapalli', 31, 581, 'Y'),
(103, 'Allapur', 35, 639, 'Y'),
(104, 'Allavaram', 2, 6, 'Y'),
(105, 'Allur', 2, 11, 'Y'),
(106, 'Almora', 34, 624, 'Y'),
(107, 'ALNAVAR', 15, 278, 'Y'),
(108, 'Alongkima', 24, 443, 'Y'),
(109, 'Aloosa', 13, 223, 'Y'),
(110, 'Alot', 19, 349, 'Y'),
(111, 'Alur', 15, 280, 'Y'),
(112, 'Alur', 2, 9, 'Y'),
(113, 'Aluva', 16, 297, 'Y'),
(114, 'Alwal', 31, 595, 'Y'),
(115, 'Alwar', 28, 507, 'Y'),
(116, 'Amadagur', 2, 4, 'Y'),
(117, 'Amadalavalasa', 2, 12, 'Y'),
(118, 'Amahator', 24, 440, 'Y'),
(119, 'Amalapuram', 2, 6, 'Y'),
(120, 'Amalner', 20, 377, 'Y'),
(121, 'Amangal', 31, 604, 'Y'),
(122, 'Amanganj', 19, 346, 'Y'),
(123, 'Amarapuram', 2, 4, 'Y'),
(124, 'Amaravathi', 2, 7, 'Y'),
(125, 'Amarchintha', 31, 609, 'Y'),
(126, 'Amariya', 35, 695, 'Y'),
(127, 'Amarpatan', 19, 352, 'Y'),
(128, 'Amarpur', 33, 617, 'Y'),
(129, 'Amarpur', 5, 78, 'Y'),
(130, 'Amarwara', 19, 324, 'Y'),
(131, 'Amas', 5, 84, 'Y'),
(132, 'Amb', 12, 221, 'Y'),
(133, 'Ambabhona', 25, 453, 'Y'),
(134, 'Ambad', 20, 378, 'Y'),
(135, 'Ambadala', 25, 476, 'Y'),
(136, 'Ambagarh', 7, 138, 'Y'),
(137, 'Ambah', 19, 342, 'Y'),
(138, 'Ambajipeta', 2, 6, 'Y'),
(139, 'Ambala', 11, 188, 'Y'),
(140, 'Ambala Cantonment', 11, 188, 'Y'),
(141, 'Ambalappuzha', 16, 296, 'Y'),
(142, 'Ambarnath', 20, 397, 'Y'),
(143, 'Ambasamudram', 30, 572, 'Y'),
(144, 'Ambassa', 33, 616, 'Y'),
(145, 'Ambattur', 30, 545, 'Y'),
(146, 'Ambegaon', 20, 390, 'Y'),
(147, 'Ambejogai', 20, 369, 'Y'),
(148, 'Amber', 28, 522, 'Y'),
(149, 'Amberpet', 31, 582, 'Y'),
(150, 'Ambikapur', 7, 141, 'Y'),
(151, 'Ambur', 30, 573, 'Y'),
(152, 'Amdabad', 5, 89, 'Y'),
(153, 'Amdanga', 36, 712, 'Y'),
(154, 'Ameenpur', 31, 605, 'Y'),
(155, 'Ameerpet', 31, 582, 'Y'),
(156, 'Amet', 28, 533, 'Y'),
(157, 'Amethi', 35, 640, 'Y'),
(158, 'Amgaon', 20, 375, 'Y'),
(159, 'Amguri', 4, 69, 'Y'),
(160, 'Amini', 18, 312, 'Y'),
(161, 'Amirgadh', 10, 159, 'Y'),
(162, 'Amla', 19, 319, 'Y'),
(163, 'Amlarem', 22, 426, 'Y'),
(164, 'Amloh', 27, 488, 'Y'),
(165, 'Amnour', 5, 106, 'Y'),
(166, 'Amod', 10, 160, 'Y'),
(167, 'Amour', 5, 102, 'Y'),
(168, 'Amrabad', 31, 597, 'Y'),
(169, 'Amrapara', 14, 258, 'Y'),
(170, 'Amravati', 20, 367, 'Y'),
(171, 'Amreli', 10, 156, 'Y'),
(172, 'Amritpur', 35, 662, 'Y'),
(173, 'Amritsar -I', 27, 484, 'Y'),
(174, 'Amritsar- II', 27, 484, 'Y'),
(175, 'Amroha', 35, 641, 'Y'),
(176, 'Amruthalur', 2, 7, 'Y'),
(177, 'Amta - I', 36, 722, 'Y'),
(178, 'Amta - II', 36, 722, 'Y'),
(179, 'Anaicut', 30, 577, 'Y'),
(180, 'Anaimalai', 30, 546, 'Y'),
(181, 'Anakapalle', 2, 13, 'Y'),
(182, 'Anandapur', 25, 467, 'Y'),
(183, 'Anandapuram', 2, 13, 'Y'),
(184, 'Anand City', 10, 157, 'Y'),
(185, 'Anandpur', 14, 265, 'Y'),
(186, 'ANANDPURI', 28, 508, 'Y'),
(187, 'Anandpur Sahib', 27, 500, 'Y'),
(188, 'Anand Rural', 10, 157, 'Y'),
(189, 'Anantapur', 2, 4, 'Y'),
(190, 'Ananthagiri', 2, 13, 'Y'),
(191, 'Ananthagiri', 31, 607, 'Y'),
(192, 'Ananthasagaram', 2, 11, 'Y'),
(193, 'Anantnag', 13, 222, 'Y'),
(194, 'Anantnag East', 13, 222, 'Y'),
(195, 'Anaparthy', 2, 6, 'Y'),
(196, 'Anchetty', 30, 555, 'Y'),
(197, 'Andar', 5, 110, 'Y'),
(198, 'Andhratharhi', 5, 94, 'Y'),
(199, 'Andimadam', 30, 543, 'Y'),
(200, 'Andipatti', 30, 567, 'Y'),
(201, 'Andirakanch', 25, 476, 'Y'),
(202, 'Andole', 31, 605, 'Y'),
(203, 'Andrott', 18, 312, 'Y'),
(204, 'Anekal', 15, 270, 'Y'),
(205, 'Anelih', 3, 19, 'Y'),
(206, 'Angara', 14, 261, 'Y'),
(207, 'Angjangyang', 24, 444, 'Y'),
(208, 'Ani', 12, 215, 'Y'),
(209, 'Anini', 3, 19, 'Y'),
(210, 'Anjad', 19, 318, 'Y'),
(211, 'Anjangaon Surji', 20, 367, 'Y'),
(212, 'Anjar', 10, 171, 'Y'),
(213, 'Anklav', 10, 157, 'Y'),
(214, 'Anklesvar', 10, 160, 'Y'),
(215, 'Ankola', 15, 293, 'Y'),
(216, 'Annapureddypalli', 31, 581, 'Y'),
(217, 'ANNIGERI', 15, 278, 'Y'),
(218, 'annur', 30, 546, 'Y'),
(219, 'Antagarh', 7, 129, 'Y'),
(220, 'Antah', 28, 509, 'Y'),
(221, 'ANTHERGAON', 31, 602, 'Y'),
(222, 'Anthiyur', 30, 550, 'Y'),
(223, 'Anugul', 25, 450, 'Y'),
(224, 'Anumasamudrampeta', 2, 11, 'Y'),
(225, 'Anumula', 31, 598, 'Y'),
(226, 'Anupgarh', 28, 520, 'Y'),
(227, 'Anuppur', 19, 315, 'Y'),
(228, 'Anupshahr', 35, 656, 'Y'),
(229, 'Aonla', 35, 651, 'Y'),
(230, 'Aquqhnaqua', 24, 439, 'Y'),
(231, 'Arain', 28, 506, 'Y'),
(232, 'Arakonam', 30, 562, 'Y'),
(233, 'Araku Valley', 2, 13, 'Y'),
(234, 'Arambag', 36, 721, 'Y'),
(235, 'Arang', 7, 137, 'Y'),
(236, 'Arani', 30, 575, 'Y'),
(237, 'Aranthangi', 30, 560, 'Y'),
(238, 'Araria', 5, 75, 'Y'),
(239, 'Aravakurichi', 30, 554, 'Y'),
(240, 'Arcot', 30, 562, 'Y'),
(241, 'Ardhapur', 20, 384, 'Y'),
(242, 'Ardhaveedu', 2, 10, 'Y'),
(243, 'Areraj', 5, 101, 'Y'),
(244, 'Ariari', 5, 107, 'Y'),
(245, 'Aripal', 13, 234, 'Y'),
(246, 'Ariyalur', 30, 543, 'Y'),
(247, 'Arjuni Morgaon', 20, 375, 'Y'),
(248, 'ARJYAPALLI MARINE', 25, 460, 'Y'),
(249, 'Arkalgud', 15, 280, 'Y'),
(250, 'Arki', 12, 220, 'Y'),
(251, 'Armoor', 31, 601, 'Y'),
(252, 'Armori', 20, 374, 'Y'),
(253, 'Arnas', 13, 237, 'Y'),
(254, 'Arni', 20, 400, 'Y'),
(255, 'Arnia', 13, 228, 'Y'),
(256, 'Arnod', 28, 532, 'Y'),
(257, 'Aron', 19, 331, 'Y'),
(258, 'Arrah', 5, 81, 'Y'),
(259, 'Arsha', 36, 734, 'Y'),
(260, 'Arsikere', 15, 280, 'Y'),
(261, 'Artuna', 28, 508, 'Y'),
(262, 'Aruppukkottai', 30, 579, 'Y'),
(263, 'Arvi', 20, 398, 'Y'),
(264, 'Arwal', 5, 76, 'Y'),
(265, 'Asarganj', 5, 95, 'Y'),
(266, 'Asarva', 10, 155, 'Y'),
(267, 'Ashoknagar', 19, 316, 'Y'),
(268, 'Ashta', 19, 353, 'Y'),
(269, 'Ashti', 20, 398, 'Y'),
(270, 'Ashti', 20, 369, 'Y'),
(271, 'Asifabad', 31, 590, 'Y'),
(272, 'Asif Nagar', 31, 582, 'Y'),
(273, 'ASIKA', 25, 460, 'Y'),
(274, 'Asind', 28, 512, 'Y'),
(275, 'ASNAWAR', 28, 525, 'Y'),
(276, 'Aspari', 2, 9, 'Y'),
(277, 'Aspur', 28, 519, 'Y'),
(278, 'Assandh', 11, 198, 'Y'),
(279, 'Assar', 13, 226, 'Y'),
(280, 'Astaranga', 25, 475, 'Y'),
(281, 'Asthawan', 5, 97, 'Y'),
(282, 'Asuto', 24, 449, 'Y'),
(283, 'Aswapuram', 31, 581, 'Y'),
(284, 'Aswaraopeta', 31, 581, 'Y'),
(285, 'Atarra', 35, 649, 'Y'),
(286, 'Atchampet', 2, 7, 'Y'),
(287, 'Atchutapuram', 2, 13, 'Y'),
(288, 'Ateli', 11, 200, 'Y'),
(289, 'Ater', 19, 320, 'Y'),
(290, 'Athagad', 25, 456, 'Y'),
(291, 'Athibung', 24, 445, 'Y'),
(292, 'Athmakur', 31, 610, 'Y'),
(293, 'Athmalgola', 5, 100, 'Y'),
(294, 'Athmallik', 25, 450, 'Y'),
(295, 'Athner', 19, 319, 'Y'),
(296, 'Athni', 15, 268, 'Y'),
(297, 'Atholi (Paddar)', 13, 230, 'Y'),
(298, 'Athoor', 30, 549, 'Y'),
(299, 'Atlur', 2, 16, 'Y'),
(300, 'Atmakur', 2, 11, 'Y'),
(301, 'Atmakur', 2, 4, 'Y'),
(302, 'Atmakur', 2, 9, 'Y'),
(303, 'Atmakur', 31, 609, 'Y'),
(304, 'Atmakur (M)', 31, 612, 'Y'),
(305, 'Atmakur (S)', 31, 607, 'Y'),
(306, 'Atoizu', 24, 449, 'Y'),
(307, 'Atpadi', 20, 393, 'Y'),
(308, 'Atrauli', 35, 638, 'Y'),
(309, 'Atreyapuram', 2, 6, 'Y'),
(310, 'Atri', 5, 84, 'Y'),
(311, 'Atru', 28, 509, 'Y'),
(312, 'Attabira', 25, 453, 'Y'),
(313, 'Attili', 2, 15, 'Y'),
(314, 'Attur', 30, 563, 'Y'),
(315, 'Aundha (Nagnath)', 20, 376, 'Y'),
(316, 'Aurad', 15, 271, 'Y'),
(317, 'Aurai', 5, 96, 'Y'),
(318, 'Aurai', 35, 653, 'Y'),
(319, 'Auraiya', 35, 642, 'Y'),
(320, 'Aurangabad', 5, 77, 'Y'),
(321, 'Aurangabad', 20, 368, 'Y'),
(322, 'Ausa', 20, 380, 'Y'),
(323, 'Ausgram - I', 36, 733, 'Y'),
(324, 'Ausgram - II', 36, 733, 'Y'),
(325, 'Aut', 12, 217, 'Y'),
(326, 'Avadi', 30, 569, 'Y'),
(327, 'Avanashi', 30, 574, 'Y'),
(328, 'Avanigadda', 2, 8, 'Y'),
(329, 'Avudayarkoil', 30, 560, 'Y'),
(330, 'Awantipora', 13, 234, 'Y'),
(331, 'Awantipur Badodiya', 19, 356, 'Y'),
(332, 'Azamgarh', 35, 644, 'Y'),
(333, 'Azamnagar', 5, 89, 'Y'),
(334, 'Azara', 4, 60, 'Y'),
(335, 'Baba Bakala', 27, 484, 'Y'),
(336, 'Babai', 19, 334, 'Y'),
(337, 'Babain ST', 11, 199, 'Y'),
(338, 'BABALESHWAR', 15, 294, 'Y'),
(339, 'Baberu', 35, 649, 'Y'),
(340, 'Babra', 10, 156, 'Y'),
(341, 'Babubarhi', 5, 94, 'Y'),
(342, 'Babulgaon', 20, 400, 'Y'),
(343, 'Bachannapet', 31, 584, 'Y'),
(344, 'Bachhwara', 5, 79, 'Y'),
(345, 'Bachupally', 31, 595, 'Y'),
(346, 'Badachana', 25, 462, 'Y'),
(347, 'BADAGADA', 25, 460, 'Y'),
(348, 'Bada Malhera', 19, 323, 'Y'),
(349, 'Badamba', 25, 456, 'Y'),
(350, 'Badami', 15, 266, 'Y'),
(351, 'Badampahar', 25, 471, 'Y'),
(352, 'Badangi', 2, 14, 'Y'),
(353, 'Badarpur', 4, 62, 'Y'),
(354, 'Badarwas', 19, 358, 'Y'),
(355, 'Baddi', 12, 220, 'Y'),
(356, 'BADE BACHELI', 7, 121, 'Y'),
(357, 'Bade Rajpur', 7, 130, 'Y'),
(358, 'Badgaon', 28, 538, 'Y'),
(359, 'Badgaon Dhasan', 19, 361, 'Y'),
(360, 'Badhra', 11, 190, 'Y'),
(361, 'Badi', 19, 347, 'Y'),
(362, 'Badkhal', 11, 191, 'Y'),
(363, 'Badlapur', 35, 675, 'Y'),
(364, 'Badli', 11, 195, 'Y'),
(365, 'Badmal', 25, 463, 'Y'),
(366, 'Badnagar', 19, 362, 'Y'),
(367, 'Badnapur', 20, 378, 'Y'),
(368, 'Badnawar', 19, 328, 'Y'),
(369, 'Badnor', 28, 512, 'Y'),
(370, 'Badod', 19, 313, 'Y'),
(371, 'Badoda', 19, 357, 'Y'),
(372, 'Badoni', 19, 326, 'Y'),
(373, 'Badshahpur ST', 11, 193, 'Y'),
(374, 'Baduria', 36, 712, 'Y'),
(375, 'Badvel', 2, 16, 'Y'),
(376, 'Badwara', 19, 338, 'Y'),
(377, 'Bagaha', 5, 99, 'Y'),
(378, 'Bagalkot', 15, 266, 'Y'),
(379, 'Baganpara (Pt)', 4, 42, 'Y'),
(380, 'Bagasara', 10, 156, 'Y'),
(381, 'Bagbahra', 7, 133, 'Y'),
(382, 'Bagda', 36, 712, 'Y'),
(383, 'Bagepalli', 15, 273, 'Y'),
(384, 'Bageshwar', 34, 625, 'Y'),
(385, 'Bagha Purana', 27, 497, 'Y'),
(386, 'Baghbor', 4, 43, 'Y'),
(387, 'Baghmara', 22, 422, 'Y'),
(388, 'Baghmara-Cum-Katras', 14, 245, 'Y'),
(389, 'Baghpat', 35, 645, 'Y'),
(390, 'Baghty', 24, 448, 'Y'),
(391, 'Bagicha', 7, 127, 'Y'),
(392, 'Bagidora', 28, 508, 'Y'),
(393, 'Baglan', 20, 386, 'Y'),
(394, 'Bagli', 19, 327, 'Y'),
(395, 'Bagmundi', 36, 734, 'Y'),
(396, 'Bagnan - I', 36, 722, 'Y'),
(397, 'Bagnan - II', 36, 722, 'Y'),
(398, 'Bagodar', 14, 249, 'Y'),
(399, 'Bagora', 28, 524, 'Y'),
(400, 'Bagra Circle', 3, 41, 'Y'),
(401, 'Bagribari (Pt)', 4, 63, 'Y'),
(402, 'Bagwalipokhar', 34, 624, 'Y'),
(403, 'Bah', 35, 637, 'Y'),
(404, 'Bahadurganj', 5, 91, 'Y'),
(405, 'Bahadurgarh', 11, 195, 'Y'),
(406, 'Bahadurpur', 19, 316, 'Y'),
(407, 'Bahadurpur', 5, 83, 'Y'),
(408, 'Bahadurpura', 31, 582, 'Y'),
(409, 'Bahalda', 25, 471, 'Y'),
(410, 'Bahal ST', 11, 189, 'Y'),
(411, 'Baharagora', 14, 247, 'Y'),
(412, 'Bahari', 19, 359, 'Y'),
(413, 'Baheri', 35, 651, 'Y'),
(414, 'Baheri', 5, 83, 'Y'),
(415, 'Bahin ST', 11, 202, 'Y'),
(416, 'Bahoriband', 19, 338, 'Y'),
(417, 'Bahour Taluk', 26, 482, 'Y'),
(418, 'Bahraich', 35, 646, 'Y'),
(419, 'Bahu', 13, 228, 'Y'),
(420, 'Baidyeswar', 25, 456, 'Y'),
(421, 'Baihar', 19, 317, 'Y'),
(422, 'Baijnath', 12, 213, 'Y'),
(423, 'Baikunthpur', 5, 85, 'Y'),
(424, 'Baikunthpur', 7, 132, 'Y'),
(425, 'Bailahongala', 15, 268, 'Y'),
(426, 'BAINDURU', 15, 292, 'Y'),
(427, 'Bairad', 19, 358, 'Y'),
(428, 'Baireddipalle', 2, 5, 'Y'),
(429, 'Bairgania', 5, 109, 'Y'),
(430, 'Bairia', 35, 647, 'Y'),
(431, 'Bairia', 5, 99, 'Y'),
(432, 'Baisa', 5, 102, 'Y'),
(433, 'Baisi', 5, 102, 'Y'),
(434, 'Baisinga', 25, 471, 'Y'),
(435, 'BAJAG', 19, 329, 'Y'),
(436, 'Bajali (Pt)', 4, 43, 'Y'),
(437, 'Bajengdoba', 22, 420, 'Y'),
(438, 'Bajju', 28, 513, 'Y'),
(439, 'Bajna', 19, 349, 'Y'),
(440, 'Bajpatti', 5, 109, 'Y'),
(441, 'Bajpur', 34, 635, 'Y'),
(442, 'Bakani', 28, 525, 'Y'),
(443, 'Bakavand', 7, 117, 'Y'),
(444, 'Bakhri', 5, 79, 'Y'),
(445, 'Bakhtiarpur', 5, 100, 'Y'),
(446, 'Bakshi Ka Talab', 35, 685, 'Y'),
(447, 'Balachaur', 27, 503, 'Y'),
(448, 'Balagarh', 36, 721, 'Y'),
(449, 'Balaghat', 19, 317, 'Y'),
(450, 'Balakote', 13, 233, 'Y'),
(451, 'Balanagar', 31, 592, 'Y'),
(452, 'Balanagar', 31, 595, 'Y'),
(453, 'Balangir', 25, 451, 'Y'),
(454, 'Balapur', 31, 604, 'Y'),
(455, 'Balapur', 20, 366, 'Y'),
(456, 'Balaramgadi Marine', 25, 452, 'Y'),
(457, 'Balarampur', 36, 734, 'Y'),
(458, 'Balasinor', 10, 174, 'Y'),
(459, 'Balayapalle', 2, 11, 'Y'),
(460, 'Baldeogarh', 19, 361, 'Y'),
(461, 'Baldirai', 35, 709, 'Y'),
(462, 'Baldwara', 12, 217, 'Y'),
(463, 'Balemu Circle', 3, 40, 'Y'),
(464, 'Balesar', 28, 527, 'Y'),
(465, 'Baleshwar (M)', 25, 452, 'Y'),
(466, 'Baleshwar Sadar', 25, 452, 'Y'),
(467, 'Balganga', 34, 634, 'Y'),
(468, 'Balh', 12, 217, 'Y'),
(469, 'Bali', 28, 531, 'Y'),
(470, 'Balia', 5, 79, 'Y'),
(471, 'Balianta', 25, 468, 'Y'),
(472, 'Baliapal', 25, 452, 'Y'),
(473, 'Baliapur', 14, 245, 'Y'),
(474, 'Balichandrapur', 25, 462, 'Y'),
(475, 'Bali Chowki', 12, 217, 'Y'),
(476, 'Baliguda', 25, 465, 'Y'),
(477, 'Balijana', 4, 54, 'Y'),
(478, 'Balijan ADC', 3, 33, 'Y'),
(479, 'Balijipeta', 2, 14, 'Y'),
(480, 'Balikuda', 25, 461, 'Y'),
(481, 'Balimi', 25, 458, 'Y'),
(482, 'Balipatna', 25, 468, 'Y'),
(483, 'Balkonda', 31, 601, 'Y'),
(484, 'Ballabgarh', 11, 191, 'Y'),
(485, 'Ballah ST', 11, 198, 'Y'),
(486, 'Ballari', 15, 267, 'Y'),
(487, 'Ballarpur', 20, 372, 'Y'),
(488, 'Ballia', 35, 647, 'Y'),
(489, 'Ballikurava', 2, 10, 'Y'),
(490, 'Bally Jagachha', 36, 722, 'Y'),
(491, 'Balmoor', 31, 597, 'Y'),
(492, 'Balod', 7, 114, 'Y'),
(493, 'Baloda', 7, 126, 'Y'),
(494, 'Baloda Bazar', 7, 115, 'Y'),
(495, 'Balrampur', 5, 89, 'Y'),
(496, 'Balrampur', 35, 648, 'Y'),
(497, 'Balrampur', 7, 116, 'Y'),
(498, 'Balsamand ST', 11, 194, 'Y'),
(499, 'Balugaon', 25, 468, 'Y'),
(500, 'Balumath', 14, 256, 'Y'),
(501, 'Balurghat', 36, 719, 'Y'),
(502, 'Bamangola', 36, 727, 'Y'),
(503, 'Bamanwas', 28, 534, 'Y'),
(504, 'Bamebari', 25, 467, 'Y'),
(505, 'Bameng ADC', 3, 20, 'Y'),
(506, 'Bamor', 19, 342, 'Y'),
(507, 'Bamori', 19, 331, 'Y'),
(508, 'Bampada', 25, 452, 'Y'),
(509, 'Bana EAC', 3, 20, 'Y'),
(510, 'Banaganapalle', 2, 9, 'Y'),
(511, 'Banaharapali', 25, 463, 'Y'),
(512, 'Banapur', 25, 468, 'Y'),
(513, 'Banarpal', 25, 450, 'Y'),
(514, 'Banda', 19, 351, 'Y'),
(515, 'Banda', 35, 649, 'Y'),
(516, 'Banderdewa Circle', 3, 33, 'Y'),
(517, 'Bandgaon', 14, 265, 'Y'),
(518, 'Bandhogarh', 19, 363, 'Y'),
(519, 'Bandhugaon', 25, 469, 'Y'),
(520, 'Bandi Atmakur', 2, 9, 'Y'),
(521, 'Bandipora', 13, 223, 'Y'),
(522, 'Bandlaguda', 31, 582, 'Y'),
(523, 'Bandra', 5, 96, 'Y'),
(524, 'Banei', 25, 479, 'Y'),
(525, 'Banekuchi', 4, 68, 'Y'),
(526, 'Banera', 28, 512, 'Y'),
(527, 'BANGA', 27, 503, 'Y'),
(528, 'Bangana', 12, 221, 'Y'),
(529, 'Bangapani', 34, 632, 'Y'),
(530, 'Bangarapet', 15, 284, 'Y'),
(531, 'BANGARMAU', 35, 710, 'Y'),
(532, 'Bangarupalem', 2, 5, 'Y'),
(533, 'Bangiriposi', 25, 471, 'Y'),
(534, 'Bangomunda', 25, 451, 'Y'),
(535, 'Bani', 13, 229, 'Y'),
(536, 'Baniapur', 5, 106, 'Y'),
(537, 'Banigochha', 25, 473, 'Y'),
(538, 'Banihal', 13, 236, 'Y'),
(539, 'Banjar', 12, 215, 'Y'),
(540, 'Banjaria', 5, 101, 'Y'),
(541, 'Banka', 5, 78, 'Y'),
(542, 'Bankatwa', 5, 101, 'Y'),
(543, 'Banke Bazar', 5, 84, 'Y'),
(544, 'Bankhedi', 19, 334, 'Y'),
(545, 'Banki', 25, 456, 'Y'),
(546, 'Bankura - I', 36, 715, 'Y'),
(547, 'Bankura - II', 36, 715, 'Y'),
(548, 'Banma Itahri', 5, 104, 'Y'),
(549, 'Banmankhi', 5, 102, 'Y'),
(550, 'Bano', 14, 264, 'Y'),
(551, 'Bansada', 25, 454, 'Y'),
(552, 'Bansda', 10, 177, 'Y'),
(553, 'Bansdih', 35, 647, 'Y'),
(554, 'Bansgaon', 35, 669, 'Y'),
(555, 'Bansi', 35, 706, 'Y'),
(556, 'Bansihari', 36, 719, 'Y'),
(557, 'Bansjor', 14, 264, 'Y'),
(558, 'Bansur', 28, 507, 'Y'),
(559, 'Banswada', 31, 587, 'Y'),
(560, 'Banswara', 28, 508, 'Y'),
(561, 'Bant', 25, 454, 'Y'),
(562, 'Bantala', 25, 450, 'Y'),
(563, 'Bantumilli', 2, 8, 'Y'),
(564, 'Bantval', 15, 276, 'Y'),
(565, 'Bantwaram', 31, 608, 'Y'),
(566, 'Baori', 28, 527, 'Y'),
(567, 'Bap', 28, 527, 'Y'),
(568, 'Bapatla', 2, 7, 'Y'),
(569, 'Bapini', 28, 527, 'Y'),
(570, 'Bapoli', 11, 204, 'Y'),
(571, 'Bapulapadu', 2, 8, 'Y'),
(572, 'Bara', 35, 697, 'Y'),
(573, 'Barabani', 36, 732, 'Y'),
(574, 'Barabazar', 36, 734, 'Y'),
(575, 'Barachatti', 5, 84, 'Y'),
(576, 'Baragaon', 25, 479, 'Y'),
(577, 'Barahat', 5, 78, 'Y'),
(578, 'Barahiya', 5, 92, 'Y'),
(579, 'Baraily', 19, 347, 'Y'),
(580, 'Barakot', 34, 627, 'Y'),
(581, 'Barama Pt', 4, 42, 'Y'),
(582, 'Baramati', 20, 390, 'Y'),
(583, 'Baramkela', 7, 136, 'Y'),
(584, 'Baramulla', 13, 224, 'Y'),
(585, 'Baran', 28, 509, 'Y'),
(586, 'Barang', 25, 456, 'Y'),
(587, 'Barapali', 25, 453, 'Y'),
(588, 'Barara', 11, 188, 'Y'),
(589, 'Barari', 5, 89, 'Y'),
(590, 'Barasat - I', 36, 712, 'Y'),
(591, 'Barasat - II', 36, 712, 'Y'),
(592, 'Barauli', 5, 85, 'Y'),
(593, 'Barauni', 5, 79, 'Y'),
(594, 'Baraut', 35, 645, 'Y'),
(595, 'Barbhag', 4, 68, 'Y'),
(596, 'Barbigha', 5, 107, 'Y'),
(597, 'Barbil', 25, 467, 'Y'),
(598, 'Barbugh', 13, 239, 'Y'),
(599, 'Bardez', 9, 153, 'Y'),
(600, 'Bardiha', 14, 248, 'Y'),
(601, 'Bardoli', 10, 183, 'Y'),
(602, 'Bareilly', 35, 651, 'Y'),
(603, 'Bargarh', 25, 453, 'Y'),
(604, 'BARGARH', 14, 248, 'Y'),
(605, 'Bargarh Sadar', 25, 453, 'Y'),
(606, 'Barghat', 19, 354, 'Y'),
(607, 'Bargur', 30, 555, 'Y'),
(608, 'Barh', 5, 100, 'Y'),
(609, 'Barhait', 14, 262, 'Y'),
(610, 'Barhaj', 35, 659, 'Y'),
(611, 'Barhampur', 5, 82, 'Y'),
(612, 'Barhara', 5, 102, 'Y'),
(613, 'Barhara', 5, 81, 'Y'),
(614, 'Barharia', 5, 110, 'Y'),
(615, 'Barharwa', 14, 262, 'Y'),
(616, 'Barhat', 5, 86, 'Y'),
(617, 'Barhi', 19, 338, 'Y'),
(618, 'Barhi', 14, 252, 'Y'),
(619, 'Bari', 28, 518, 'Y'),
(620, 'Baria', 25, 467, 'Y'),
(621, 'Bariarpur', 5, 95, 'Y'),
(622, 'Bari Brahamana', 13, 238, 'Y'),
(623, 'Baripada (M)', 25, 471, 'Y'),
(624, 'Baripada Sadar', 25, 471, 'Y'),
(625, 'Baripada Town', 25, 471, 'Y'),
(626, 'Bari - Ramachandrapur', 25, 462, 'Y'),
(627, 'Baririjo Circle', 3, 39, 'Y'),
(628, 'Bari Sadri', 28, 515, 'Y'),
(629, 'Bariyatu', 14, 256, 'Y'),
(630, 'Barjora', 36, 715, 'Y'),
(631, 'Barkagaon', 14, 252, 'Y'),
(632, 'Barkatha', 14, 252, 'Y'),
(633, 'Barkhetri', 4, 68, 'Y'),
(634, 'Barkot', 25, 457, 'Y'),
(635, 'Barmer', 28, 510, 'Y'),
(636, 'Barnagar (Pt)', 4, 43, 'Y'),
(637, 'Barnala', 27, 485, 'Y'),
(638, 'Barnigad', 34, 636, 'Y'),
(639, 'Baroh', 12, 213, 'Y'),
(640, 'Barpeta', 4, 43, 'Y'),
(641, 'Barrackpur - I', 36, 712, 'Y'),
(642, 'Barrackpur - II', 36, 712, 'Y'),
(643, 'Barsahi', 25, 471, 'Y'),
(644, 'Barsar', 12, 212, 'Y'),
(645, 'Barshi', 20, 396, 'Y'),
(646, 'Barshitakli', 20, 366, 'Y'),
(647, 'Barsoi', 5, 89, 'Y'),
(648, 'Baruipur', 36, 713, 'Y'),
(649, 'Barun', 5, 77, 'Y'),
(650, 'Baruraj (Motipur)', 5, 96, 'Y'),
(651, 'Barwadih', 14, 256, 'Y'),
(652, 'Barwaha', 19, 339, 'Y'),
(653, 'Barwala', 10, 162, 'Y'),
(654, 'Barwala', 11, 194, 'Y'),
(655, 'Barwala ST', 11, 203, 'Y'),
(656, 'Barwani', 19, 318, 'Y'),
(657, 'Basantgarh', 13, 241, 'Y'),
(658, 'Basanti', 36, 713, 'Y'),
(659, 'Basantpur', 5, 111, 'Y'),
(660, 'Basantpur', 5, 110, 'Y'),
(661, 'Basar', 31, 600, 'Y'),
(662, 'Basar ADC', 3, 25, 'Y'),
(663, 'Basavakalyan', 15, 271, 'Y'),
(664, 'Basavana Bagevadi', 15, 294, 'Y'),
(665, 'Baseri', 28, 518, 'Y'),
(666, 'Bashant Rai*', 14, 250, 'Y'),
(667, 'Basheerabad', 31, 608, 'Y'),
(668, 'Basia', 14, 251, 'Y'),
(669, 'Basirhat - I', 36, 712, 'Y'),
(670, 'Basirhat - II', 36, 712, 'Y'),
(671, 'Baska', 4, 42, 'Y'),
(672, 'Basmath', 20, 376, 'Y'),
(673, 'Basna', 7, 133, 'Y'),
(674, 'Basoda', 19, 364, 'Y'),
(675, 'Basohli', 13, 229, 'Y'),
(676, 'Basopatti', 5, 94, 'Y'),
(677, 'Bass', 11, 194, 'Y'),
(678, 'Bassi', 28, 522, 'Y'),
(679, 'Bassi Pathana', 27, 488, 'Y'),
(680, 'Basta', 25, 452, 'Y'),
(681, 'Bastanar', 7, 117, 'Y'),
(682, 'Bastar', 7, 117, 'Y'),
(683, 'Basti', 35, 652, 'Y'),
(684, 'Basudebpur', 25, 454, 'Y'),
(685, 'Basukedar', 34, 633, 'Y'),
(686, 'Baswa', 28, 517, 'Y'),
(687, 'Batala', 27, 491, 'Y'),
(688, 'Bathalapalle', 2, 4, 'Y'),
(689, 'Bathinda', 27, 486, 'Y'),
(690, 'Bathnaha', 5, 109, 'Y'),
(691, 'Batiyagarh', 19, 325, 'Y'),
(692, 'Batote', 13, 236, 'Y'),
(693, 'Batouli', 7, 141, 'Y'),
(694, 'Baudh Sadar', 25, 455, 'Y'),
(695, 'Baunsuni', 25, 455, 'Y'),
(696, 'Bausi', 5, 78, 'Y'),
(697, 'Bavda', 20, 379, 'Y'),
(698, 'Bavla', 10, 155, 'Y'),
(699, 'Bawal', 11, 205, 'Y'),
(700, 'Bawani Khera', 11, 189, 'Y'),
(701, 'Bayad', 10, 158, 'Y'),
(702, 'Bayana', 28, 511, 'Y'),
(703, 'Baytoo', 28, 510, 'Y'),
(704, 'Bayyaram', 31, 591, 'Y'),
(705, 'BAZARHATNOOR', 31, 580, 'Y'),
(706, 'Beawar', 28, 506, 'Y'),
(707, 'Becharaji', 10, 173, 'Y'),
(708, 'Beerpur', 19, 357, 'Y'),
(709, 'Beerpur', 31, 583, 'Y'),
(710, 'Beerwah', 13, 225, 'Y'),
(711, 'Begamganj', 19, 347, 'Y'),
(712, 'Begun', 28, 515, 'Y'),
(713, 'Begunia', 25, 468, 'Y'),
(714, 'Begusarai', 5, 79, 'Y'),
(715, 'Behat', 35, 700, 'Y'),
(716, 'Behea', 5, 81, 'Y'),
(717, 'Behror', 28, 507, 'Y'),
(718, 'Bejjanki', 31, 606, 'Y'),
(719, 'Bejjur', 31, 590, 'Y'),
(720, 'Bela', 31, 580, 'Y'),
(721, 'Belaganj', 5, 84, 'Y'),
(722, 'BELAGAVI', 15, 268, 'Y'),
(723, 'Belaghar', 25, 465, 'Y'),
(724, 'Belchhi', 5, 100, 'Y'),
(725, 'Beldanga - I', 36, 730, 'Y'),
(726, 'Beldanga - II', 36, 730, 'Y'),
(727, 'Beldaur', 5, 90, 'Y'),
(728, 'Belhar', 5, 78, 'Y'),
(729, 'Bellamkonda', 2, 7, 'Y'),
(730, 'Bellampally', 31, 593, 'Y'),
(731, 'Belonia', 33, 621, 'Y'),
(732, 'Belpahar', 25, 463, 'Y'),
(733, 'Belpara', 25, 451, 'Y'),
(734, 'Belsand', 5, 109, 'Y'),
(735, 'Beltangadi', 15, 276, 'Y'),
(736, 'Belthara Road', 35, 647, 'Y'),
(737, 'Beluguppa', 2, 4, 'Y'),
(738, 'Belur', 15, 280, 'Y'),
(739, 'Bemetara', 7, 118, 'Y'),
(740, 'Ben', 5, 97, 'Y'),
(741, 'Bengabad', 14, 249, 'Y'),
(742, 'Bengaluru East', 15, 270, 'Y'),
(743, 'Bengaluru North', 15, 270, 'Y'),
(744, 'Bengaluru South', 15, 270, 'Y'),
(745, 'Bengtol', 4, 48, 'Y'),
(746, 'Benipatti', 5, 94, 'Y'),
(747, 'Benipur', 5, 83, 'Y'),
(748, 'Beohari', 19, 355, 'Y'),
(749, 'Berasia', 19, 321, 'Y'),
(750, 'Berhampore', 36, 730, 'Y'),
(751, 'Berhampur', 25, 452, 'Y'),
(752, 'Beri', 11, 195, 'Y'),
(753, 'Berinag', 34, 632, 'Y'),
(754, 'Beri Pattan', 13, 235, 'Y'),
(755, 'Berla', 7, 118, 'Y'),
(756, 'Bermo', 14, 242, 'Y'),
(757, 'Bero', 14, 261, 'Y'),
(758, 'Bestawaripeta', 2, 10, 'Y'),
(759, 'Betalghat', 34, 630, 'Y'),
(760, 'Betanati', 25, 471, 'Y'),
(761, 'Betasing', 22, 423, 'Y'),
(762, 'Bethamcherla', 2, 9, 'Y'),
(763, 'Bettiah', 5, 99, 'Y'),
(764, 'Betul', 19, 319, 'Y'),
(765, 'Betul Nagar', 19, 319, 'Y'),
(766, 'Bhabhar', 10, 159, 'Y'),
(767, 'Bhabua', 5, 88, 'Y'),
(768, 'Bhachau', 10, 171, 'Y'),
(769, 'Bhaderwah', 13, 226, 'Y'),
(770, 'Bhadesar', 28, 515, 'Y'),
(771, 'Bhadgaon', 20, 377, 'Y'),
(772, 'Bhadohi', 35, 653, 'Y'),
(773, 'Bhadra', 28, 521, 'Y'),
(774, 'Bhadrachalam', 31, 581, 'Y'),
(775, 'Bhadrak Rural', 25, 454, 'Y'),
(776, 'Bhadravati', 20, 372, 'Y'),
(777, 'Bhadravati', 15, 290, 'Y'),
(778, 'Bhadrota', 12, 217, 'Y'),
(779, 'Bhagawangola - I', 36, 730, 'Y'),
(780, 'Bhagawangola - II', 36, 730, 'Y'),
(781, 'Bhagawanpur - I', 36, 728, 'Y'),
(782, 'Bhagawanpur - II', 36, 728, 'Y'),
(783, 'Bhagwah', 13, 226, 'Y'),
(784, 'Bhagwanpur', 5, 112, 'Y'),
(785, 'Bhagwanpur', 5, 79, 'Y'),
(786, 'Bhagwanpur', 34, 629, 'Y'),
(787, 'Bhagwanpur', 5, 88, 'Y'),
(788, 'Bhagwanpura', 19, 339, 'Y'),
(789, 'Bhagwanpur Hat', 5, 110, 'Y'),
(790, 'Bhainsa', 31, 600, 'Y'),
(791, 'Bhainsdehi', 19, 319, 'Y'),
(792, 'Bhairabsingipur', 25, 469, 'Y'),
(793, 'Bhairamgarh', 7, 119, 'Y'),
(794, 'Bhaiyathan', 7, 140, 'Y'),
(795, 'Bhalai', 12, 211, 'Y'),
(796, 'Bhalessa', 13, 226, 'Y'),
(797, 'Bhalki', 15, 271, 'Y'),
(798, 'Bhalla', 13, 226, 'Y'),
(799, 'Bhalukpong EAC', 3, 40, 'Y'),
(800, 'Bhalwal', 13, 228, 'Y'),
(801, 'Bhamini', 2, 12, 'Y'),
(802, 'Bhamragad', 20, 374, 'Y'),
(803, 'Bhandara', 20, 370, 'Y'),
(804, 'Bhandari', 24, 448, 'Y'),
(805, 'Bhandaria', 14, 248, 'Y'),
(806, 'Bhandari Pokhari', 25, 454, 'Y'),
(807, 'Bhander', 19, 326, 'Y'),
(808, 'Bhandra', 14, 257, 'Y'),
(809, 'Bhangar - I', 36, 713, 'Y'),
(810, 'Bhangar - II', 36, 713, 'Y'),
(811, 'Bhaniyana', 28, 523, 'Y'),
(812, 'BHANJANAGAR', 25, 460, 'Y'),
(813, 'Bhanoli', 34, 624, 'Y'),
(814, 'Bhanpur', 35, 652, 'Y'),
(815, 'Bhanpura', 19, 341, 'Y'),
(816, 'Bhanupratappur', 7, 129, 'Y'),
(817, 'Bhanvad', 10, 165, 'Y'),
(818, 'Bharari', 12, 210, 'Y'),
(819, 'Bharath Bagla', 13, 226, 'Y'),
(820, 'Bharatpur', 7, 132, 'Y'),
(821, 'Bharatpur', 28, 511, 'Y'),
(822, 'Bharatpur - I', 36, 730, 'Y'),
(823, 'Bharatpur - II', 36, 730, 'Y'),
(824, 'Bhargama', 5, 75, 'Y'),
(825, 'BHARNO', 14, 251, 'Y'),
(826, 'Bharthana', 35, 661, 'Y'),
(827, 'Bharuch', 10, 160, 'Y'),
(828, 'Bharwain', 12, 221, 'Y'),
(829, 'Bhasma', 25, 479, 'Y'),
(830, 'Bhatapara', 7, 115, 'Y'),
(831, 'Bhatar', 36, 733, 'Y'),
(832, 'Bhatkal', 15, 293, 'Y'),
(833, 'Bhatkuli', 20, 367, 'Y'),
(834, 'Bhatli', 25, 453, 'Y'),
(835, 'Bhatpar Rani', 35, 659, 'Y'),
(836, 'Bhattiprolu', 2, 7, 'Y'),
(837, 'Bhattiyat', 12, 211, 'Y'),
(838, 'Bhattukalan ST', 11, 192, 'Y'),
(839, 'Bhatwari', 34, 636, 'Y'),
(840, 'Bhavani', 30, 550, 'Y'),
(841, 'Bhavnagar', 10, 161, 'Y'),
(842, 'Bhavra', 19, 314, 'Y'),
(843, 'BHAWANIGARH', 27, 501, 'Y'),
(844, 'Bhawanipur', 5, 102, 'Y'),
(845, 'Bhawarna', 12, 213, 'Y'),
(846, 'Bhawnathpur', 14, 248, 'Y'),
(847, 'Bheden', 25, 453, 'Y'),
(848, 'Bheemadevarpalli', 31, 611, 'Y'),
(849, 'Bheemaram', 31, 593, 'Y'),
(850, 'Bheemgal', 31, 601, 'Y'),
(851, 'Bheemini', 31, 593, 'Y'),
(852, 'BHEEMPUR', 31, 580, 'Y'),
(853, 'Bheemunipatnam', 2, 13, 'Y'),
(854, 'Bhesan', 10, 170, 'Y'),
(855, 'BhicholiHapsi', 19, 335, 'Y'),
(856, 'Bhikangaon', 19, 339, 'Y'),
(857, 'BHIKHIWIND', 27, 505, 'Y'),
(858, 'Bhikiasain', 34, 624, 'Y'),
(859, 'Bhiknoor', 31, 587, 'Y'),
(860, 'Bhiloda', 10, 158, 'Y'),
(861, 'Bhilwara', 28, 512, 'Y'),
(862, 'Bhim', 28, 533, 'Y'),
(863, 'Bhimadole', 2, 15, 'Y'),
(864, 'Bhimavaram', 2, 15, 'Y'),
(865, 'Bhimpur', 19, 319, 'Y'),
(866, 'Bhinay', 28, 506, 'Y'),
(867, 'Bhind', 19, 320, 'Y'),
(868, 'Bhindar', 28, 538, 'Y'),
(869, 'Bhind Nagar', 19, 320, 'Y'),
(870, 'Bhinga', 35, 705, 'Y'),
(871, 'Bhinmal', 28, 524, 'Y'),
(872, 'Bhitaha', 5, 99, 'Y'),
(873, 'Bhitarwar', 19, 332, 'Y'),
(874, 'Bhiti', 35, 639, 'Y'),
(875, 'Bhiwandi', 20, 397, 'Y'),
(876, 'Bhiwani', 11, 189, 'Y'),
(877, 'Bhiwapur', 20, 383, 'Y'),
(878, 'Bhogaon', 35, 688, 'Y'),
(879, 'Bhogapuram', 2, 14, 'Y'),
(880, 'Bhognipur', 35, 678, 'Y'),
(881, 'Bhograi', 25, 452, 'Y'),
(882, 'Bhoirymbong', 22, 421, 'Y'),
(883, 'Bhokar', 20, 384, 'Y'),
(884, 'Bhokardan', 20, 378, 'Y'),
(885, 'Bhomag', 13, 237, 'Y'),
(886, 'Bhongir', 31, 612, 'Y'),
(887, 'Bhoothpur', 31, 592, 'Y'),
(888, 'Bhopalgarh', 28, 527, 'Y'),
(889, 'Bhopalpattnam', 7, 119, 'Y'),
(890, 'BHOPALSAGAR', 28, 515, 'Y'),
(891, 'Bhor', 20, 390, 'Y'),
(892, 'Bhoranj', 12, 212, 'Y'),
(893, 'Bhorey', 5, 85, 'Y'),
(894, 'Bhota', 12, 212, 'Y'),
(895, 'Bhowraguri', 4, 63, 'Y'),
(896, 'Bhuban', 25, 458, 'Y'),
(897, 'Bhubaneswar (M.Corp.)', 25, 468, 'Y'),
(898, 'Bhudargad', 20, 379, 'Y'),
(899, 'Bhuj', 10, 171, 'Y'),
(900, 'Bhulath', 27, 494, 'Y'),
(901, 'Bhum', 20, 387, 'Y'),
(902, 'Bhuna ST', 11, 192, 'Y'),
(903, 'Bhuntar', 12, 215, 'Y'),
(904, 'Bhupalpally', 31, 585, 'Y'),
(905, 'Bhuragaon', 4, 66, 'Y'),
(906, 'Bhusan Steel Limited', 25, 458, 'Y'),
(907, 'Bhusawal', 20, 377, 'Y'),
(908, 'Bhusawar', 28, 511, 'Y'),
(909, 'Bhuvanagiri', 30, 547, 'Y'),
(910, 'Biaora', 19, 348, 'Y'),
(911, 'Bibhutpur', 5, 105, 'Y'),
(912, 'Bibinagar', 31, 612, 'Y'),
(913, 'Bibipet', 31, 587, 'Y'),
(914, 'Biccavolu', 2, 6, 'Y'),
(915, 'Bichhiya', 19, 340, 'Y'),
(916, 'Bichhua', 19, 324, 'Y'),
(917, 'BICHIWARA', 28, 519, 'Y'),
(918, 'Bichkunda', 31, 587, 'Y'),
(919, 'Bicholim', 9, 153, 'Y'),
(920, 'Bid', 20, 369, 'Y'),
(921, 'Bidar', 15, 271, 'Y'),
(922, 'BIDASAR', 28, 516, 'Y'),
(923, 'Bidhuna', 35, 642, 'Y'),
(924, 'Bidupur', 5, 112, 'Y'),
(925, 'Bighapur', 35, 710, 'Y'),
(926, 'Bihar', 5, 97, 'Y'),
(927, 'Bihariganj', 5, 93, 'Y'),
(928, 'Bihpur', 5, 80, 'Y'),
(929, 'Bihpuria', 4, 64, 'Y'),
(930, 'Bihta', 5, 100, 'Y'),
(931, 'Bijaipur', 5, 85, 'Y'),
(932, 'Bijapur', 7, 119, 'Y'),
(933, 'Bijawar', 19, 323, 'Y'),
(934, 'Bijbehara', 13, 222, 'Y'),
(935, 'Bijepur', 25, 453, 'Y'),
(936, 'Bijinapally', 31, 597, 'Y'),
(937, 'Bijni (Pt)', 4, 48, 'Y'),
(938, 'Bijnor', 35, 654, 'Y'),
(939, 'Bijoliya', 28, 512, 'Y'),
(940, 'Bikaner', 28, 513, 'Y'),
(941, 'Bikapur', 35, 643, 'Y'),
(942, 'Bikram', 5, 100, 'Y'),
(943, 'Bikramganj', 5, 103, 'Y'),
(944, 'Bikrampur', 25, 450, 'Y'),
(945, 'Bilaigarh', 7, 115, 'Y'),
(946, 'Bilara', 28, 527, 'Y'),
(947, 'Bilari', 35, 693, 'Y'),
(948, 'Bilasipara Pt', 4, 51, 'Y'),
(949, 'Bilaspur', 11, 209, 'Y'),
(950, 'Bilaspur', 35, 699, 'Y'),
(951, 'Bilaspur', 19, 363, 'Y'),
(952, 'Bilaspur', 7, 120, 'Y'),
(953, 'Bilaspur Sadar', 12, 210, 'Y'),
(954, 'Bilat Circle', 3, 21, 'Y'),
(955, 'Bilgi', 15, 266, 'Y'),
(956, 'Bilgram', 35, 672, 'Y'),
(957, 'Bilha', 7, 120, 'Y'),
(958, 'Bilhaur', 35, 679, 'Y'),
(959, 'Bilkhawthlir', 23, 432, 'Y'),
(960, 'Billawar', 13, 229, 'Y'),
(961, 'Biloli', 20, 384, 'Y'),
(962, 'Bilsi', 35, 655, 'Y'),
(963, 'Bina', 19, 351, 'Y'),
(964, 'Bind', 5, 97, 'Y'),
(965, 'Bindki', 35, 663, 'Y'),
(966, 'Bindranavagarh(Gariyaband)', 7, 124, 'Y'),
(967, 'Binika', 25, 478, 'Y'),
(968, 'Binjharpur', 25, 462, 'Y'),
(969, 'Binpur - I', 36, 724, 'Y'),
(970, 'Binpur - II', 36, 724, 'Y'),
(971, 'Biramaharajpur', 25, 478, 'Y'),
(972, 'Biramitrapur', 25, 479, 'Y'),
(973, 'Biraul', 5, 83, 'Y'),
(974, 'Birhu Kalan', 12, 221, 'Y'),
(975, 'Biridi', 25, 461, 'Y'),
(976, 'Birkur', 31, 587, 'Y'),
(977, 'Birni', 14, 249, 'Y'),
(978, 'Bironkhal', 34, 631, 'Y'),
(979, 'Birpur', 5, 79, 'Y'),
(980, 'Birsa', 19, 317, 'Y'),
(981, 'Birsinghpur', 19, 352, 'Y'),
(982, 'Bisalpur', 35, 695, 'Y'),
(983, 'Bisauli', 35, 655, 'Y'),
(984, 'Bisfi', 5, 94, 'Y'),
(985, 'Bishalgarh', 33, 620, 'Y'),
(986, 'Bishamakatak', 25, 476, 'Y'),
(987, 'Bishnah', 13, 228, 'Y'),
(988, 'Bishnupur', 21, 401, 'Y'),
(989, 'Bishnupur - I', 36, 713, 'Y'),
(990, 'Bishnupur - II', 36, 713, 'Y'),
(991, 'Bishrampur', 14, 259, 'Y'),
(992, 'Bishungarh', 14, 252, 'Y'),
(993, 'Bishunpur', 14, 251, 'Y'),
(994, 'Bishunpura', 14, 248, 'Y'),
(995, 'Bisoi', 25, 471, 'Y'),
(996, 'Bisra', 25, 479, 'Y'),
(997, 'Biswan', 35, 707, 'Y'),
(998, 'Biswanath', 4, 44, 'Y'),
(999, 'Biswanathpur', 25, 464, 'Y'),
(1000, 'Bithan', 5, 105, 'Y'),
(1001, 'Bitra', 18, 312, 'Y'),
(1002, 'B.Kodur', 2, 16, 'Y'),
(1003, 'B.Kothakota', 2, 5, 'Y'),
(1004, 'BK Pora', 13, 225, 'Y'),
(1005, 'Boarijor', 14, 250, 'Y'),
(1006, 'Boath', 31, 580, 'Y'),
(1007, 'Bobbili', 2, 14, 'Y'),
(1008, 'Bochaha', 5, 96, 'Y'),
(1009, 'BODELI', 10, 163, 'Y'),
(1010, 'BODEN', 25, 474, 'Y'),
(1011, 'Bodhan', 31, 601, 'Y'),
(1012, 'Bodh Gaya', 5, 84, 'Y'),
(1013, 'Bodinayakanur', 30, 567, 'Y'),
(1014, 'Bodla', 7, 128, 'Y'),
(1015, 'Bodvad', 20, 377, 'Y'),
(1016, 'Bogole', 2, 11, 'Y'),
(1017, 'Boinpalli', 31, 603, 'Y'),
(1018, 'Boipariguda', 25, 469, 'Y'),
(1019, 'Boitamari', 4, 45, 'Y'),
(1020, 'Bokakhat', 4, 55, 'Y'),
(1021, 'Bokhara', 5, 109, 'Y'),
(1022, 'Boko', 4, 59, 'Y'),
(1023, 'Bolagad', 25, 468, 'Y'),
(1024, 'Bolani', 25, 467, 'Y'),
(1025, 'Bolba', 14, 264, 'Y'),
(1026, 'Boleng ADC', 3, 35, 'Y'),
(1027, 'Bollapalle', 2, 7, 'Y'),
(1028, 'Bolpur Sriniketan', 36, 716, 'Y'),
(1029, 'Bomaraspeta', 31, 608, 'Y'),
(1030, 'Bomdila HQ', 3, 40, 'Y'),
(1031, 'Bommalaramaram', 31, 612, 'Y'),
(1032, 'Bommanahal', 2, 4, 'Y'),
(1033, 'Bonakal', 31, 589, 'Y'),
(1034, 'Bondamunda', 25, 479, 'Y'),
(1035, 'Bondapalle', 2, 14, 'Y'),
(1036, 'Bondkalan ST', 11, 190, 'Y'),
(1037, 'Bongaigaon (Pt)', 4, 45, 'Y'),
(1038, 'Bongaon', 36, 712, 'Y'),
(1039, 'Bongkhar Circle', 3, 36, 'Y'),
(1040, 'Boniyar', 13, 224, 'Y'),
(1041, 'Bonli', 28, 534, 'Y'),
(1042, 'Boram', 14, 247, 'Y'),
(1043, 'Bordumsa ADC', 3, 18, 'Y'),
(1044, 'Borduria Circle', 3, 37, 'Y'),
(1045, 'Boriguma', 25, 469, 'Y'),
(1046, 'Borio', 14, 262, 'Y'),
(1047, 'BOROBEKRA', 21, 406, 'Y'),
(1048, 'Borsad', 10, 157, 'Y'),
(1049, 'BORUM', 3, 33, 'Y'),
(1050, 'Botad', 10, 162, 'Y'),
(1051, 'Botsa', 24, 441, 'Y'),
(1052, 'Bounjwah', 13, 230, 'Y'),
(1053, 'B Pochampally', 31, 612, 'Y'),
(1054, 'Brahmagiri', 25, 475, 'Y'),
(1055, 'Brahmamgarimattam', 2, 16, 'Y'),
(1056, 'Brahmanigaon', 25, 465, 'Y'),
(1057, 'Brahmani Tarang', 25, 479, 'Y'),
(1058, 'Brahmapuri', 20, 372, 'Y'),
(1059, 'Brahmapur (M.Corp.)', 25, 460, 'Y'),
(1060, 'BRAHMAPUR SADAR', 25, 460, 'Y'),
(1061, 'Brahmasamudram', 2, 4, 'Y'),
(1062, 'Brahmaur', 12, 211, 'Y'),
(1063, 'BRAHMAVARA', 15, 292, 'Y'),
(1064, 'Brajarajnagar', 25, 463, 'Y'),
(1065, 'Buchinaidu Kandriga', 2, 5, 'Y'),
(1066, 'Buchireddipalem', 2, 11, 'Y'),
(1067, 'Budalur', 30, 566, 'Y'),
(1068, 'Budar', 19, 355, 'Y'),
(1069, 'Budaun', 35, 655, 'Y'),
(1070, 'Budgam', 13, 225, 'Y'),
(1071, 'Budge Budge - I', 36, 713, 'Y'),
(1072, 'Budge Budge - II', 36, 713, 'Y'),
(1073, 'Budhana', 35, 694, 'Y'),
(1074, 'Budhlada', 27, 496, 'Y'),
(1075, 'Budni', 19, 353, 'Y'),
(1076, 'Buggaram', 31, 583, 'Y'),
(1077, 'BUGUDA', 25, 460, 'Y'),
(1078, 'Buhana', 28, 526, 'Y'),
(1079, 'Bukkapatnam', 2, 4, 'Y'),
(1080, 'Bukkaraya Samudram', 2, 4, 'Y'),
(1081, 'Bulandshahr', 35, 656, 'Y'),
(1082, 'Buldana', 20, 371, 'Y'),
(1083, 'Bundi', 28, 514, 'Y'),
(1084, 'Bundu', 14, 261, 'Y'),
(1085, 'Bundwan', 36, 734, 'Y'),
(1086, 'BUNGTE CHIRU', 21, 409, 'Y'),
(1087, 'BURAGAON EAC', 3, 40, 'Y'),
(1088, 'BurdenP.S.', 25, 453, 'Y'),
(1089, 'Burdwan - I', 36, 733, 'Y'),
(1090, 'Burdwan - II', 36, 733, 'Y'),
(1091, 'Burgampahad', 31, 581, 'Y'),
(1092, 'Burhanpur', 19, 322, 'Y'),
(1093, 'Burhanpur', 35, 644, 'Y'),
(1094, 'Burhanpur nagar', 19, 322, 'Y'),
(1095, 'Burja', 2, 12, 'Y'),
(1096, 'Burla', 25, 477, 'Y'),
(1097, 'Burmu', 14, 261, 'Y'),
(1098, 'Burwan', 36, 730, 'Y'),
(1099, 'Butchayyapeta', 2, 13, 'Y'),
(1100, 'Buttayagudem', 2, 15, 'Y'),
(1101, 'Buxar', 5, 82, 'Y'),
(1102, 'Buxwaha', 19, 323, 'Y'),
(1103, 'Byadgi', 15, 281, 'Y'),
(1104, 'Campierganj', 35, 669, 'Y'),
(1105, 'Canacona', 9, 154, 'Y'),
(1106, 'Canning - I', 36, 713, 'Y'),
(1107, 'Canning - II', 36, 713, 'Y'),
(1108, 'Car Nicobar', 1, 1, 'Y'),
(1109, 'C.Belagal', 2, 9, 'Y'),
(1110, 'Chabua', 4, 52, 'Y'),
(1111, 'Chachaura', 19, 331, 'Y'),
(1112, 'Chachyot', 12, 217, 'Y'),
(1113, 'CHADACHAN', 15, 294, 'Y'),
(1114, 'Chadiyar', 12, 213, 'Y'),
(1115, 'Chadoora', 13, 225, 'Y'),
(1116, 'Chagalamarri', 2, 9, 'Y'),
(1117, 'Chagallu', 2, 15, 'Y'),
(1118, 'Chaglagam Circle', 3, 17, 'Y'),
(1119, 'Chaibasa', 14, 265, 'Y'),
(1120, 'Chail', 35, 681, 'Y'),
(1121, 'Chainpur', 14, 259, 'Y'),
(1122, 'Chainpur', 5, 88, 'Y'),
(1123, 'Chainpur', 14, 251, 'Y'),
(1124, 'Chakai', 5, 86, 'Y'),
(1125, 'Chakapada', 25, 465, 'Y'),
(1126, 'Chakarnagar', 35, 661, 'Y'),
(1127, 'Chakdah', 36, 731, 'Y'),
(1128, 'Chakia', 35, 657, 'Y'),
(1129, 'Chakia(Pipra)', 5, 101, 'Y'),
(1130, 'Chakisain', 34, 631, 'Y'),
(1131, 'Chakki', 5, 82, 'Y'),
(1132, 'Chakpikarong', 21, 402, 'Y'),
(1133, 'Chakradharpur', 14, 265, 'Y'),
(1134, 'Chakrata', 34, 628, 'Y'),
(1135, 'Chakrayapet', 2, 16, 'Y'),
(1136, 'Chaksu', 28, 522, 'Y'),
(1137, 'Chakulia', 14, 247, 'Y'),
(1138, 'Chakur', 20, 380, 'Y'),
(1139, 'Chalakkudy', 16, 308, 'Y'),
(1140, 'Chalisgaon', 20, 377, 'Y'),
(1141, 'Chalkusa', 14, 252, 'Y'),
(1142, 'Challakere', 15, 275, 'Y'),
(1143, 'Challapalle', 2, 8, 'Y'),
(1144, 'CHAMAKHANDI', 25, 460, 'Y'),
(1145, 'Chamarajanagar', 15, 272, 'Y'),
(1146, 'Chamaria', 4, 59, 'Y'),
(1147, 'Chamba', 12, 211, 'Y'),
(1148, 'Chambang Circle', 3, 23, 'Y'),
(1149, 'Chamkaur Sahib', 27, 500, 'Y'),
(1150, 'Chamoli', 34, 626, 'Y'),
(1151, 'Chamorshi', 20, 374, 'Y'),
(1152, 'Champa', 7, 126, 'Y'),
(1153, 'Champawat', 34, 627, 'Y'),
(1154, 'Champhai', 23, 429, 'Y'),
(1155, 'CHAMPHAI', 21, 409, 'Y'),
(1156, 'Champua', 25, 467, 'Y'),
(1157, 'Chanakya Puri', 8, 144, 'N'),
(1158, 'Chanan', 5, 78, 'Y'),
(1159, 'Chanan*', 5, 92, 'Y'),
(1160, 'Chanasma', 10, 179, 'Y'),
(1161, 'Chanchal - I', 36, 727, 'Y'),
(1162, 'Chanchal - II', 36, 727, 'Y'),
(1163, 'Chand', 5, 88, 'Y'),
(1164, 'Chand', 19, 324, 'Y'),
(1165, 'Chandabali', 25, 454, 'Y'),
(1166, 'Chandahandi', 25, 472, 'Y'),
(1167, 'Chandaka', 25, 468, 'Y'),
(1168, 'ChandamPeta', 31, 598, 'Y'),
(1169, 'Chandankiyari', 14, 242, 'Y'),
(1170, 'Chandanpur', 25, 475, 'Y'),
(1171, 'Chandarlapadu', 2, 8, 'Y'),
(1172, 'Chandauli', 35, 657, 'Y'),
(1173, 'Chandausi', 35, 701, 'Y'),
(1174, 'Chandel', 21, 402, 'Y'),
(1175, 'Chanderi', 19, 316, 'Y'),
(1176, 'Chandgad', 20, 379, 'Y'),
(1177, 'Chandi', 5, 97, 'Y'),
(1178, 'Chandia', 19, 363, 'Y'),
(1179, 'Chandigarh', 6, 113, 'Y'),
(1180, 'Chandil', 14, 263, 'Y'),
(1181, 'Chandiposh', 25, 479, 'Y'),
(1182, 'Chandipur', 25, 452, 'Y'),
(1183, 'Chandipur', 36, 728, 'Y'),
(1184, 'Chanditala - I', 36, 721, 'Y'),
(1185, 'Chanditala - II', 36, 721, 'Y'),
(1186, 'Chandla', 19, 323, 'Y'),
(1187, 'Chandpur', 35, 654, 'Y'),
(1188, 'Chandragiri', 2, 5, 'Y'),
(1189, 'Chandrakona - I', 36, 729, 'Y'),
(1190, 'Chandrakona - II', 36, 729, 'Y'),
(1191, 'Chandrapur', 20, 372, 'Y'),
(1192, 'Chandrapur', 25, 476, 'Y'),
(1193, 'Chandrapur', 4, 60, 'Y'),
(1194, 'Chandrapura', 14, 242, 'Y'),
(1195, 'Chandra Sekhara Puram', 2, 10, 'Y'),
(1196, 'Chandrugonda', 31, 581, 'Y'),
(1197, 'Chandua', 25, 471, 'Y'),
(1198, 'Chandur', 31, 598, 'Y'),
(1199, 'Chandur', 31, 601, 'Y'),
(1200, 'Chandurbazar', 20, 367, 'Y'),
(1201, 'Chandur Railway', 20, 367, 'Y'),
(1202, 'Chandurthi', 31, 603, 'Y'),
(1203, 'Chandvad', 20, 386, 'Y'),
(1204, 'Chandwa', 14, 256, 'Y'),
(1205, 'Chandwara', 14, 255, 'Y'),
(1206, 'Changanassery', 16, 302, 'Y'),
(1207, 'Changlang HQ', 3, 18, 'Y'),
(1208, 'Changpang', 24, 448, 'Y'),
(1209, 'Changtongya', 24, 443, 'Y'),
(1210, 'Chanho', 14, 261, 'Y'),
(1211, 'Channagiri', 15, 277, 'Y'),
(1212, 'Channapatna', 15, 289, 'Y'),
(1213, 'Channapora', 13, 240, 'Y'),
(1214, 'Channarayapatna', 15, 280, 'Y'),
(1215, 'Chanpatia', 5, 99, 'Y'),
(1216, 'Chapad', 2, 16, 'Y'),
(1217, 'Chapar Pt', 4, 51, 'Y'),
(1218, 'Chapra', 36, 731, 'Y'),
(1219, 'Chapra', 5, 106, 'Y'),
(1220, 'Charakonda', 31, 597, 'Y'),
(1221, 'Charama', 7, 129, 'Y'),
(1222, 'Charamal', 25, 477, 'Y'),
(1223, 'Charar- E- Shrief', 13, 225, 'Y'),
(1224, 'Charaut', 5, 109, 'Y'),
(1225, 'Chare', 24, 447, 'Y'),
(1226, 'Chariduar', 4, 70, 'Y'),
(1227, 'Charkhari', 35, 687, 'Y'),
(1228, 'Charminar', 31, 582, 'Y'),
(1229, 'Charpokhari', 5, 81, 'Y'),
(1230, 'Chas', 14, 242, 'Y'),
(1231, 'Chassana', 13, 237, 'Y'),
(1232, 'Chatra', 14, 243, 'Y'),
(1233, 'Chatrai', 2, 8, 'Y'),
(1234, 'Chaubatta Khal', 34, 631, 'Y'),
(1235, 'Chaugain', 5, 82, 'Y'),
(1236, 'Chaukhutiya', 34, 624, 'Y'),
(1237, 'Chaupal', 12, 218, 'Y'),
(1238, 'Chauparan', 14, 252, 'Y'),
(1239, 'Chaurah', 12, 211, 'Y'),
(1240, 'Chaurai', 19, 324, 'Y'),
(1241, 'Chauri Chaura', 35, 669, 'Y'),
(1242, 'Chausa', 5, 93, 'Y'),
(1243, 'Chausa', 5, 82, 'Y'),
(1244, 'Chautham', 5, 90, 'Y'),
(1245, 'Chauth Ka Barwara', 28, 534, 'Y'),
(1246, 'Chavakkad', 16, 308, 'Y'),
(1247, 'Chawngte', 23, 433, 'Y'),
(1248, 'Chayangtajo ADC', 3, 20, 'Y'),
(1249, 'Chebrolu', 2, 7, 'Y'),
(1250, 'Cheedikada', 2, 13, 'Y'),
(1251, 'Cheepurupalle', 2, 14, 'Y'),
(1252, 'Chegunta', 31, 594, 'Y'),
(1253, 'Chehra Kalan', 5, 112, 'Y'),
(1254, 'Chejerla', 2, 11, 'Y'),
(1255, 'Chen', 24, 444, 'Y'),
(1256, 'Chenani', 13, 241, 'Y'),
(1257, 'Chenari', 5, 103, 'Y'),
(1258, 'Chenga', 4, 43, 'Y'),
(1259, 'Chengalpattu', 30, 544, 'Y'),
(1260, 'Chengam', 30, 575, 'Y'),
(1261, 'Chengannur', 16, 296, 'Y'),
(1262, 'Chennaraopet', 31, 610, 'Y'),
(1263, 'Chennekothapalle', 2, 4, 'Y'),
(1264, 'Chennur', 31, 593, 'Y'),
(1265, 'Chennur', 2, 16, 'Y'),
(1266, 'Cheranmahadevi', 30, 572, 'Y'),
(1267, 'Cheria Bariarpur', 5, 79, 'Y'),
(1268, 'Cherial', 31, 606, 'Y'),
(1269, 'Cherla', 31, 581, 'Y'),
(1270, 'Cherthala', 16, 296, 'Y'),
(1271, 'Cherukupalle H/O Arumbaka', 2, 7, 'Y'),
(1272, 'Chessore', 24, 447, 'Y'),
(1273, 'Cheta', 12, 218, 'Y'),
(1274, 'Chetam Peer Yapu Circle', 3, 39, 'Y'),
(1275, 'Chetheba', 24, 446, 'Y'),
(1276, 'Chetlat', 18, 312, 'Y'),
(1277, 'Chetpet', 30, 575, 'Y'),
(1278, 'Chevella', 31, 604, 'Y'),
(1279, 'Chewara', 5, 107, 'Y'),
(1280, 'Cheyyar', 30, 575, 'Y'),
(1281, 'Cheyyur', 30, 544, 'Y'),
(1282, 'Chhabra', 28, 509, 'Y'),
(1283, 'Chhachhrauli', 11, 209, 'Y'),
(1284, 'Chhapara', 19, 354, 'Y'),
(1285, 'Chhata', 35, 689, 'Y'),
(1286, 'Chhatapur', 5, 111, 'Y'),
(1287, 'Chhatargarh', 28, 513, 'Y'),
(1288, 'Chhatarpur', 19, 323, 'Y'),
(1289, 'Chhatarpur', 14, 259, 'Y'),
(1290, 'Chhatarpur Nagar', 19, 323, 'Y'),
(1291, 'Chhatna', 36, 715, 'Y'),
(1292, 'CHHATRAPUR', 25, 460, 'Y'),
(1293, 'Chhatri', 12, 217, 'Y'),
(1294, 'Chhatroo', 13, 230, 'Y'),
(1295, 'Chhaygaon', 4, 59, 'Y'),
(1296, 'Chhendipada', 25, 450, 'Y'),
(1297, 'Chhibramau', 35, 677, 'Y'),
(1298, 'Chhindgarh', 7, 139, 'Y'),
(1299, 'Chhindwara', 19, 324, 'Y'),
(1300, 'Chhindwara Nagar', 19, 324, 'Y'),
(1301, 'Chhipabarod', 28, 509, 'Y'),
(1302, 'Chhorahi', 5, 79, 'Y'),
(1303, 'Chhota Udaipur', 10, 163, 'Y'),
(1304, 'Chhoti Sadri', 28, 532, 'Y'),
(1305, 'CHHOTI SARWAN', 28, 508, 'Y'),
(1306, 'Chhuikhadan', 7, 138, 'Y'),
(1307, 'Chhura', 7, 124, 'Y'),
(1308, 'Chhuriya', 7, 138, 'Y'),
(1309, 'Chicholi', 19, 319, 'Y'),
(1310, 'Chidambaram', 30, 547, 'Y'),
(1311, 'Chiephobozou', 24, 441, 'Y'),
(1312, 'Chigurumamidi', 31, 588, 'Y'),
(1313, 'Chikhaldara', 20, 367, 'Y'),
(1314, 'Chikhali', 28, 519, 'Y'),
(1315, 'Chikhli', 10, 177, 'Y'),
(1316, 'Chikhli', 20, 371, 'Y'),
(1317, 'Chikkaballapura', 15, 273, 'Y'),
(1318, 'Chikkamagaluru', 15, 274, 'Y'),
(1319, 'Chiknayakanhalli', 15, 291, 'Y'),
(1320, 'Chikodi', 15, 268, 'Y'),
(1321, 'Chilakaluripet H/O.Purushotha Patnam', 2, 7, 'Y'),
(1322, 'Chilamathur', 2, 4, 'Y'),
(1323, 'CHILIVAI PHAIBUNG', 21, 412, 'Y'),
(1324, 'Chilkur', 31, 607, 'Y'),
(1325, 'Chillakur', 2, 11, 'Y'),
(1326, 'Chilly Pingal', 13, 226, 'Y'),
(1327, 'Chilpched', 31, 594, 'Y'),
(1328, 'Chilpur', 31, 584, 'Y'),
(1329, 'Chimakurthi', 2, 10, 'Y'),
(1330, 'Chimur', 20, 372, 'Y'),
(1331, 'Chinaganjam', 2, 10, 'Y'),
(1332, 'Chincholi', 15, 282, 'Y'),
(1333, 'Chingai', 21, 416, 'Y'),
(1334, 'Chingmei', 24, 447, 'Y'),
(1335, 'Chinia', 14, 248, 'Y'),
(1336, 'Chinnachintakunta', 31, 592, 'Y'),
(1337, 'Chinnagottigallu', 2, 5, 'Y'),
(1338, 'Chinnagudur', 31, 591, 'Y'),
(1339, 'Chinnakodur', 31, 606, 'Y'),
(1340, 'Chinnamandem', 2, 16, 'Y'),
(1341, 'Chinnambavi', 31, 609, 'Y'),
(1342, 'Chinnasalem', 30, 551, 'Y'),
(1343, 'Chinour', 19, 332, 'Y'),
(1344, 'Chinsurah - Magra', 36, 721, 'Y'),
(1345, 'Chintalamanepally', 31, 590, 'Y'),
(1346, 'Chintalapudi', 2, 15, 'Y'),
(1347, 'Chintamani', 15, 273, 'Y'),
(1348, 'Chintapalle', 2, 13, 'Y'),
(1349, 'Chinthakani', 31, 589, 'Y'),
(1350, 'Chinthakommadinne', 2, 16, 'Y'),
(1351, 'Chinthalapalem', 31, 607, 'Y'),
(1352, 'ChinthaPally', 31, 598, 'Y'),
(1353, 'Chintur', 2, 6, 'Y'),
(1354, 'Chinyali Saur', 34, 636, 'Y'),
(1355, 'Chiplun', 20, 392, 'Y'),
(1356, 'Chippagiri', 2, 9, 'Y'),
(1357, 'Chiraia', 5, 101, 'Y'),
(1358, 'Chirala', 2, 10, 'Y'),
(1359, 'Chiralla', 13, 226, 'Y'),
(1360, 'Chirawa', 28, 526, 'Y'),
(1361, 'Chirayinkeezhu', 16, 307, 'Y'),
(1362, 'Chirgaon', 12, 218, 'Y'),
(1363, 'CHITAGUPPA', 15, 271, 'Y'),
(1364, 'Chitalwana', 28, 524, 'Y'),
(1365, 'Chitarpur', 14, 260, 'Y'),
(1366, 'Chitradurga', 15, 275, 'Y'),
(1367, 'Chitragam', 13, 239, 'Y'),
(1368, 'Chitrakonda', 25, 470, 'Y'),
(1369, 'Chitrangi', 19, 360, 'Y'),
(1370, 'Chittamur', 2, 11, 'Y'),
(1371, 'Chittapur', 15, 282, 'Y'),
(1372, 'Chittaurgarh', 28, 515, 'Y'),
(1373, 'Chittoor', 2, 5, 'Y'),
(1374, 'Chittur', 16, 305, 'Y'),
(1375, 'Chitvel', 2, 16, 'Y'),
(1376, 'Chityal', 31, 598, 'Y'),
(1377, 'Chityal', 31, 585, 'Y'),
(1378, 'Chivemla', 31, 607, 'Y'),
(1379, 'Chizami', 24, 446, 'Y'),
(1380, 'Chodavaram', 2, 13, 'Y'),
(1381, 'Chohtan', 28, 510, 'Y'),
(1382, 'Chokpot', 22, 422, 'Y'),
(1383, 'Chomu', 28, 522, 'Y'),
(1384, 'Chongkham EAC', 3, 31, 'Y'),
(1385, 'Chopda', 20, 377, 'Y'),
(1386, 'Choppadandi', 31, 588, 'Y'),
(1387, 'Chopra', 36, 720, 'Y'),
(1388, 'Chorasi', 10, 183, 'Y'),
(1389, 'Chotila', 10, 184, 'Y'),
(1390, 'Choudwar', 25, 456, 'Y'),
(1391, 'Choutuppal', 31, 612, 'Y'),
(1392, 'Chowdepalle', 2, 5, 'Y'),
(1393, 'Chowki Choura', 13, 228, 'Y'),
(1394, 'Chozuba', 24, 446, 'Y'),
(1395, 'Chuchuyimlang', 24, 443, 'Y'),
(1396, 'Chuda', 10, 184, 'Y'),
(1397, 'Chukitong', 24, 448, 'Y'),
(1398, 'Chumukedima', 24, 439, 'Y'),
(1399, 'Chunar', 35, 692, 'Y'),
(1400, 'Chunchupalli', 31, 581, 'Y'),
(1401, 'Chungthang', 29, 540, 'Y'),
(1402, 'CHUNLIKHA', 24, 441, 'Y'),
(1403, 'Churachandpur', 21, 403, 'Y'),
(1404, 'Churchu', 14, 252, 'Y'),
(1405, 'Churhat', 19, 359, 'Y'),
(1406, 'Churu', 28, 516, 'Y'),
(1407, 'City center', 19, 332, 'Y'),
(1408, 'Civil Lines', 8, 142, 'N'),
(1409, 'Coimbatore North', 30, 546, 'Y'),
(1410, 'Coimbatore South', 30, 546, 'Y'),
(1411, 'Colliery', 25, 450, 'Y'),
(1412, 'Colonelganj', 35, 668, 'Y'),
(1413, 'Contai - I', 36, 728, 'Y'),
(1414, 'Contai - III', 36, 728, 'Y'),
(1415, 'Cooch Behar - I', 36, 717, 'Y'),
(1416, 'Cooch Behar - II', 36, 717, 'Y'),
(1417, 'Coonoor', 30, 568, 'Y'),
(1418, 'C.R.R.I.', 25, 456, 'Y'),
(1419, 'Cuddalore', 30, 547, 'Y'),
(1420, 'Cumbum', 2, 10, 'Y'),
(1421, 'Cuttack (M.Corp.) P.S', 25, 456, 'Y'),
(1422, 'Cuttack Sadar', 25, 456, 'Y'),
(1423, 'Dabhoi', 10, 186, 'Y'),
(1424, 'Dabhra', 7, 126, 'Y'),
(1425, 'Dabugan', 25, 472, 'Y'),
(1426, 'Dabwali', 11, 207, 'Y'),
(1427, 'Dachepalle', 2, 7, 'Y'),
(1428, 'Dachhan', 13, 230, 'Y'),
(1429, 'Dadahu', 12, 219, 'Y'),
(1430, 'Dadam Circle', 3, 37, 'Y'),
(1431, 'Dadasiba', 12, 213, 'Y'),
(1432, 'Dadenggiri', 22, 425, 'Y'),
(1433, 'Dadi', 14, 252, 'Y'),
(1434, 'Dadra & Nagar Haveli', 32, 613, 'Y'),
(1435, 'Dadri', 35, 665, 'Y'),
(1436, 'Dadri', 11, 190, 'Y'),
(1437, 'Dagadarthi', 2, 11, 'Y'),
(1438, 'Dagarua', 5, 102, 'Y'),
(1439, 'Dahanu', 20, 388, 'Y'),
(1440, 'Dahegoan', 31, 590, 'Y'),
(1441, 'Dahi', 19, 328, 'Y'),
(1442, 'Dahina ST', 11, 205, 'Y'),
(1443, 'Daitari', 25, 467, 'Y'),
(1444, 'Dakkili', 2, 11, 'Y'),
(1445, 'Dalgaon (Pt)', 4, 49, 'Y'),
(1446, 'Dalhousie', 12, 211, 'Y'),
(1447, 'Dalmau', 35, 698, 'Y'),
(1448, 'Daloda', 19, 341, 'Y'),
(1449, 'Dalsinghsarai', 5, 105, 'Y'),
(1450, 'Dalu', 22, 425, 'Y'),
(1451, 'Damalgre', 22, 423, 'Y'),
(1452, 'Daman', 32, 614, 'Y'),
(1453, 'Damargidda', 31, 599, 'Y'),
(1454, 'Dambo Rongjeng', 22, 417, 'Y'),
(1455, 'Dambuen Circle', 3, 19, 'Y'),
(1456, 'Dambuk ADC', 3, 28, 'Y'),
(1457, 'Damera', 31, 610, 'Y'),
(1458, 'Dameracherla', 31, 598, 'Y'),
(1459, 'DAMIN CIRCLE', 3, 24, 'Y'),
(1460, 'Dammapeta', 31, 581, 'Y'),
(1461, 'Damoh', 19, 325, 'Y'),
(1462, 'Damonjodi', 25, 469, 'Y'),
(1463, 'Danda', 14, 248, 'Y'),
(1464, 'Dandai', 14, 248, 'Y'),
(1465, 'Dandari', 5, 79, 'Y'),
(1466, 'DANDELI', 15, 293, 'Y'),
(1467, 'Dandepally', 31, 593, 'Y'),
(1468, 'Dandkhora', 5, 89, 'Y'),
(1469, 'Dangarpora', 13, 224, 'Y'),
(1470, 'Danghiwacha', 13, 224, 'Y'),
(1471, 'Dangtal Revenue Circle', 4, 45, 'Y'),
(1472, 'Daniawan', 5, 100, 'Y'),
(1473, 'Dansal', 13, 228, 'Y'),
(1474, 'Danta', 10, 159, 'Y'),
(1475, 'Dantan - I', 36, 729, 'Y'),
(1476, 'Dantan - II', 36, 729, 'Y'),
(1477, 'Danta Ramgarh', 28, 535, 'Y'),
(1478, 'Dantewada', 7, 121, 'Y'),
(1479, 'Danthalapalle', 31, 591, 'Y'),
(1480, 'Dantiwada', 10, 159, 'Y'),
(1481, 'Danyantinagar', 19, 325, 'Y'),
(1482, 'Dapoli', 20, 392, 'Y'),
(1483, 'Daporijo Hq', 3, 39, 'Y'),
(1484, 'Darak Circle', 3, 41, 'Y'),
(1485, 'Darauli', 5, 110, 'Y'),
(1486, 'Daraundha', 5, 110, 'Y'),
(1487, 'Darbha', 7, 117, 'Y'),
(1488, 'Darbhanga', 5, 83, 'Y'),
(1489, 'Dareeni', 12, 213, 'Y'),
(1490, 'Darhal', 13, 235, 'Y'),
(1491, 'Dariapur', 5, 106, 'Y'),
(1492, 'Daringbadi', 25, 465, 'Y'),
(1493, 'Daring Circle', 3, 25, 'Y'),
(1494, 'Darjeeling Pulbazar', 36, 718, 'Y'),
(1495, 'Darlaghat', 12, 220, 'Y'),
(1496, 'Darlawn', 23, 428, 'Y'),
(1497, 'Darsi', 2, 10, 'Y'),
(1498, 'Daru', 14, 252, 'Y'),
(1499, 'Darwha', 20, 400, 'Y'),
(1500, 'Daryapur', 20, 367, 'Y'),
(1501, 'Dasada', 10, 184, 'Y'),
(1502, 'Dasamantapur', 25, 469, 'Y'),
(1503, 'Dasapalla', 25, 473, 'Y'),
(1504, 'Daskroi', 10, 155, 'Y'),
(1505, 'Daspur - I', 36, 729, 'Y'),
(1506, 'Daspur - II', 36, 729, 'Y'),
(1507, 'Dasturabad', 31, 600, 'Y'),
(1508, 'Dasua', 27, 492, 'Y'),
(1509, 'Dataganj', 35, 655, 'Y'),
(1510, 'Datia', 19, 326, 'Y'),
(1511, 'Datia Nagar', 19, 326, 'Y'),
(1512, 'Dattirajeru', 2, 14, 'Y'),
(1513, 'Daudnagar', 5, 77, 'Y'),
(1514, 'Daund', 20, 390, 'Y'),
(1515, 'Dausa', 28, 517, 'Y'),
(1516, 'Davanagere', 15, 277, 'Y'),
(1517, 'Dawath', 5, 103, 'Y'),
(1518, 'Dayalpur ST', 11, 191, 'Y'),
(1519, 'Debagarh', 25, 457, 'Y'),
(1520, 'Debai', 35, 656, 'Y'),
(1521, 'DEBEYAR CO CIRCLE', 3, 20, 'Y'),
(1522, 'Debra', 36, 729, 'Y'),
(1523, 'Dechu', 28, 527, 'Y'),
(1524, 'Dediapada', 10, 176, 'Y'),
(1525, 'DEED CIRCLE', 3, 30, 'Y'),
(1526, 'Deeg', 28, 511, 'Y'),
(1527, 'Deesa', 10, 159, 'Y'),
(1528, 'Defence Colony', 8, 150, 'N'),
(1529, 'Degana', 28, 530, 'Y'),
(1530, 'Deganga', 36, 712, 'Y'),
(1531, 'Deglur', 20, 384, 'Y'),
(1532, 'Deha', 12, 218, 'Y'),
(1533, 'Dehar', 12, 217, 'Y'),
(1534, 'Dehgam', 10, 167, 'Y'),
(1535, 'Dehradun', 34, 628, 'Y'),
(1536, 'Dehri', 5, 103, 'Y'),
(1537, 'Delanga', 25, 475, 'Y'),
(1538, 'Delhi Cantonment', 8, 144, 'N'),
(1539, 'Delwara', 28, 533, 'Y'),
(1540, 'Demdema', 22, 425, 'Y'),
(1541, 'Denduluru', 2, 15, 'Y'),
(1542, 'Denkada', 2, 14, 'Y'),
(1543, 'Denkanikottai', 30, 555, 'Y'),
(1544, 'Dentam', 29, 542, 'Y'),
(1545, 'Deo', 5, 77, 'Y'),
(1546, 'Deoband', 35, 700, 'Y'),
(1547, 'Deobhog', 7, 124, 'Y'),
(1548, 'Deodar', 10, 159, 'Y'),
(1549, 'Deogarh', 28, 533, 'Y'),
(1550, 'Deoghar', 14, 244, 'Y'),
(1551, 'Deola', 20, 386, 'Y'),
(1552, 'Deolgaon Raja', 20, 371, 'Y'),
(1553, 'Deoli', 20, 398, 'Y'),
(1554, 'Deoli', 28, 537, 'Y'),
(1555, 'Deomali ADC', 3, 37, 'Y'),
(1556, 'Deoni', 20, 380, 'Y'),
(1557, 'Deori', 20, 375, 'Y'),
(1558, 'Deori', 19, 347, 'Y'),
(1559, 'Deori', 14, 249, 'Y'),
(1560, 'Deori', 19, 351, 'Y'),
(1561, 'Deoria', 35, 659, 'Y'),
(1562, 'Deosar', 19, 360, 'Y'),
(1563, 'Depalpur', 19, 335, 'Y'),
(1564, 'Dera Baba Nanak', 27, 491, 'Y'),
(1565, 'Dera Bassi', 27, 502, 'Y'),
(1566, 'Derabish', 25, 466, 'Y'),
(1567, 'Dera Gopipur', 12, 213, 'Y'),
(1568, 'Derapur', 35, 678, 'Y'),
(1569, 'Dergaon', 4, 55, 'Y'),
(1570, 'Desaiganj (Vadasa)', 20, 374, 'Y'),
(1571, 'Desali Circle', 3, 28, 'Y'),
(1572, 'DESAR', 10, 186, 'Y'),
(1573, 'Deshopran', 36, 728, 'Y'),
(1574, 'Desri', 5, 112, 'Y'),
(1575, 'Desuri', 28, 531, 'Y'),
(1576, 'Detroj-Rampura', 10, 155, 'Y'),
(1577, 'Devadurga', 15, 288, 'Y'),
(1578, 'Devakottai', 30, 564, 'Y'),
(1579, 'Devalthal', 34, 632, 'Y'),
(1580, 'Devanahalli', 15, 269, 'Y'),
(1581, 'Devanakonda', 2, 9, 'Y'),
(1582, 'DEVARA HIPPARAGI', 15, 294, 'Y'),
(1583, 'Devarakadra', 31, 592, 'Y'),
(1584, 'Devarakonda', 31, 598, 'Y'),
(1585, 'Devarapalle', 2, 15, 'Y'),
(1586, 'Devarapalle', 2, 13, 'Y'),
(1587, 'Devaruppula', 31, 584, 'Y');
INSERT INTO `city` (`city_id`, `city_name`, `state_id`, `district_id`, `del_action`) VALUES
(1588, 'Devendranagar', 19, 346, 'Y'),
(1589, 'Devgad', 20, 395, 'Y'),
(1590, 'Devgadbaria', 10, 166, 'Y'),
(1591, 'Devikulam', 16, 298, 'Y'),
(1592, 'Devipatnam', 2, 6, 'Y'),
(1593, 'Devipur', 14, 244, 'Y'),
(1594, 'Devprayag', 34, 634, 'Y'),
(1595, 'Devsar', 13, 231, 'Y'),
(1596, 'Dewal', 34, 626, 'Y'),
(1597, 'Dewas', 19, 327, 'Y'),
(1598, 'Dewas Nagar', 19, 327, 'Y'),
(1599, 'Dhaka', 5, 101, 'Y'),
(1600, 'Dhakuakhana (Pt-I)', 4, 64, 'Y'),
(1601, 'Dhalbhumgarh', 14, 247, 'Y'),
(1602, 'Dhama', 25, 477, 'Y'),
(1603, 'Dhamanagar', 25, 454, 'Y'),
(1604, 'Dhamangaon Railway', 20, 367, 'Y'),
(1605, 'Dhamara Marine', 25, 454, 'Y'),
(1606, 'Dhamdaha', 5, 102, 'Y'),
(1607, 'Dhamdha', 7, 123, 'Y'),
(1608, 'Dhami', 12, 218, 'Y'),
(1609, 'Dhampur', 35, 654, 'Y'),
(1610, 'Dhamtari', 7, 122, 'Y'),
(1611, 'Dhanaau', 28, 510, 'Y'),
(1612, 'Dhanarua', 5, 100, 'Y'),
(1613, 'Dhanaulti', 34, 634, 'Y'),
(1614, 'Dhanaura', 35, 641, 'Y'),
(1615, 'Dhanbad-Cum-Kenduadih-Cum-Jagata', 14, 245, 'Y'),
(1616, 'Dhandhuka', 10, 155, 'Y'),
(1617, 'Dhand ST', 11, 197, 'Y'),
(1618, 'Dhanera', 10, 159, 'Y'),
(1619, 'Dhaniakhali', 36, 721, 'Y'),
(1620, 'Dhanora', 20, 374, 'Y'),
(1621, 'Dhanora', 19, 354, 'Y'),
(1622, 'Dhanpur', 10, 166, 'Y'),
(1623, 'Dhansiripar', 24, 439, 'Y'),
(1624, 'Dhansura', 10, 158, 'Y'),
(1625, 'Dhanupali', 25, 477, 'Y'),
(1626, 'Dhanwada', 31, 599, 'Y'),
(1627, 'Dhanwar', 14, 249, 'Y'),
(1628, 'Dhar', 19, 328, 'Y'),
(1629, 'DHARAKOTE', 25, 460, 'Y'),
(1630, 'Dharamgarh', 25, 464, 'Y'),
(1631, 'DHARAMKOT', 27, 497, 'Y'),
(1632, 'Dharampur', 10, 187, 'Y'),
(1633, 'Dharampuri', 19, 328, 'Y'),
(1634, 'Dharangaon', 20, 377, 'Y'),
(1635, 'Dharapuram', 30, 574, 'Y'),
(1636, 'Dharbandora', 9, 154, 'Y'),
(1637, 'Dharchula', 34, 632, 'Y'),
(1638, 'Dharhara', 5, 95, 'Y'),
(1639, 'Dhari', 34, 630, 'Y'),
(1640, 'Dhari', 10, 156, 'Y'),
(1641, 'Dhariawad', 28, 532, 'Y'),
(1642, 'Dhar Kalan', 27, 498, 'Y'),
(1643, 'Dharmabad', 20, 384, 'Y'),
(1644, 'Dharmanagar', 33, 619, 'Y'),
(1645, 'Dharmapuri', 31, 583, 'Y'),
(1646, 'Dharmapuri', 30, 548, 'Y'),
(1647, 'Dharmaram', 31, 602, 'Y'),
(1648, 'Dharmasagar', 31, 611, 'Y'),
(1649, 'Dharmasala', 25, 462, 'Y'),
(1650, 'Dharmavaram', 2, 4, 'Y'),
(1651, 'Dharmpur', 12, 217, 'Y'),
(1652, 'Dharmsala', 12, 213, 'Y'),
(1653, 'Dharni', 20, 367, 'Y'),
(1654, 'Dharoor', 31, 586, 'Y'),
(1655, 'Dharpally', 31, 601, 'Y'),
(1656, 'Dharuadihi', 25, 479, 'Y'),
(1657, 'Dharuhera ST', 11, 205, 'Y'),
(1658, 'Dharur', 20, 369, 'Y'),
(1659, 'Dharur', 31, 608, 'Y'),
(1660, 'Dharwad', 15, 278, 'Y'),
(1661, 'Dharwala', 12, 211, 'Y'),
(1662, 'Dhatwal', 12, 212, 'Y'),
(1663, 'Dhauj ST', 11, 191, 'Y'),
(1664, 'DHAULANA', 35, 671, 'Y'),
(1665, 'Dhaulchhina', 34, 624, 'Y'),
(1666, 'Dhaulpur', 28, 518, 'Y'),
(1667, 'Dhauntari', 34, 636, 'Y'),
(1668, 'Dhaurahara', 35, 682, 'Y'),
(1669, 'Dhekiajuli (Pt)', 4, 70, 'Y'),
(1670, 'Dhemaji', 4, 50, 'Y'),
(1671, 'Dhenkanal Sadar', 25, 458, 'Y'),
(1672, 'Dhimarkheda', 19, 338, 'Y'),
(1673, 'Dhing', 4, 67, 'Y'),
(1674, 'Dhira', 12, 213, 'Y'),
(1675, 'D.Hirehal', 2, 4, 'Y'),
(1676, 'DHOD', 28, 535, 'Y'),
(1677, 'Dholera', 10, 155, 'Y'),
(1678, 'Dholi (Moraul)', 5, 96, 'Y'),
(1679, 'Dholka', 10, 155, 'Y'),
(1680, 'Dhone', 2, 9, 'Y'),
(1681, 'Dhoomakot', 34, 631, 'Y'),
(1682, 'Dhoraji', 10, 181, 'Y'),
(1683, 'DHORIMANNA', 28, 510, 'Y'),
(1684, 'D H Pora', 13, 231, 'Y'),
(1685, 'Dhrangadhra', 10, 184, 'Y'),
(1686, 'Dhrol', 10, 169, 'Y'),
(1687, 'Dhubri', 4, 51, 'Y'),
(1688, 'Dhule', 20, 373, 'Y'),
(1689, 'Dhupguri', 36, 723, 'Y'),
(1690, 'Dhuraiya', 5, 78, 'Y'),
(1691, 'Dhuri', 27, 501, 'Y'),
(1692, 'Dhurki', 14, 248, 'Y'),
(1693, 'Dhusuri', 25, 454, 'Y'),
(1694, 'Dhyari', 34, 624, 'Y'),
(1695, 'Diamond Harbour - I', 36, 713, 'Y'),
(1696, 'Diamond Harbour - II', 36, 713, 'Y'),
(1697, 'Dibrugarh East', 4, 52, 'Y'),
(1698, 'Dibrugarh West', 4, 52, 'Y'),
(1699, 'Dichpally', 31, 601, 'Y'),
(1700, 'Didihat', 34, 632, 'Y'),
(1701, 'Didwana', 28, 530, 'Y'),
(1702, 'DIGAPAHANDI', 25, 460, 'Y'),
(1703, 'Dighalbank', 5, 91, 'Y'),
(1704, 'Dighwara', 5, 106, 'Y'),
(1705, 'Diglipur', 1, 2, 'Y'),
(1706, 'Digod', 28, 529, 'Y'),
(1707, 'Digras', 20, 400, 'Y'),
(1708, 'Dilawarpur', 31, 600, 'Y'),
(1709, 'Dimapur Sadar', 24, 439, 'Y'),
(1710, 'Dimow', 4, 69, 'Y'),
(1711, 'Dinanagar', 27, 491, 'Y'),
(1712, 'Dinapur-Cum-Khagaul', 5, 100, 'Y'),
(1713, 'Dinara', 5, 103, 'Y'),
(1714, 'DindigulEast', 30, 549, 'Y'),
(1715, 'DindigulWest', 30, 549, 'Y'),
(1716, 'Dindori', 19, 329, 'Y'),
(1717, 'Dindori', 20, 386, 'Y'),
(1718, 'Dinga Amb', 13, 229, 'Y'),
(1719, 'Dinhata - I', 36, 717, 'Y'),
(1720, 'Dinhata - II', 36, 717, 'Y'),
(1721, 'Diphu', 4, 61, 'Y'),
(1722, 'Dirang ADC', 3, 40, 'Y'),
(1723, 'DIRBA', 27, 501, 'Y'),
(1724, 'Dispur', 4, 60, 'Y'),
(1725, 'Dissing Passo Circle', 3, 32, 'Y'),
(1726, 'Diu', 32, 615, 'Y'),
(1727, 'Diyun EAC', 3, 18, 'Y'),
(1728, 'Dobhi', 5, 84, 'Y'),
(1729, 'Doboka', 4, 57, 'Y'),
(1730, 'Doda', 13, 226, 'Y'),
(1731, 'Dodamarg', 20, 395, 'Y'),
(1732, 'Dodda Ballapur', 15, 269, 'Y'),
(1733, 'Dodra Kwar', 12, 218, 'Y'),
(1734, 'Dohad', 10, 166, 'Y'),
(1735, 'Doimukh SDO', 3, 33, 'Y'),
(1736, 'Doiwala', 34, 628, 'Y'),
(1737, 'Dolariya', 19, 334, 'Y'),
(1738, 'Dollungmukh Circle', 3, 22, 'Y'),
(1739, 'Dolvan', 10, 185, 'Y'),
(1740, 'Doma', 31, 608, 'Y'),
(1741, 'Domakonda', 31, 587, 'Y'),
(1742, 'Domariyaganj', 35, 706, 'Y'),
(1743, 'Domchanch', 14, 255, 'Y'),
(1744, 'Domjur', 36, 722, 'Y'),
(1745, 'Domkal', 36, 730, 'Y'),
(1746, 'Donakonda', 2, 10, 'Y'),
(1747, 'Dondi', 7, 114, 'Y'),
(1748, 'Dondi Luhara', 7, 114, 'Y'),
(1749, 'Dongargaon', 7, 138, 'Y'),
(1750, 'Dongargarh', 7, 138, 'Y'),
(1751, 'Donka', 4, 74, 'Y'),
(1752, 'Doom Dooma', 4, 72, 'Y'),
(1753, 'Dooru', 13, 222, 'Y'),
(1754, 'Doraguda', 25, 476, 'Y'),
(1755, 'Doravarisatram', 2, 11, 'Y'),
(1756, 'Dornakal', 31, 591, 'Y'),
(1757, 'Dornala', 2, 10, 'Y'),
(1758, 'Dornipadu', 2, 9, 'Y'),
(1759, 'Dotoma', 4, 63, 'Y'),
(1760, 'Doulathabad', 31, 608, 'Y'),
(1761, 'Doultabad', 31, 606, 'Y'),
(1762, 'Drabshalla', 13, 230, 'Y'),
(1763, 'DRASS', 17, 310, 'Y'),
(1764, 'Drugmulla', 13, 232, 'Y'),
(1765, 'Dubbak', 31, 606, 'Y'),
(1766, 'Dubrajpur', 36, 716, 'Y'),
(1767, 'DUDHAN SADHAN', 27, 499, 'Y'),
(1768, 'Dudhi', 35, 708, 'Y'),
(1769, 'Dudhnai', 4, 54, 'Y'),
(1770, 'DUDU', 28, 522, 'Y'),
(1771, 'Dudunghar Circle', 3, 36, 'Y'),
(1772, 'Dug', 28, 525, 'Y'),
(1773, 'Duggirala', 2, 7, 'Y'),
(1774, 'Duggondi', 31, 610, 'Y'),
(1775, 'Dugnakuri', 34, 625, 'Y'),
(1776, 'Dulahar', 12, 221, 'Y'),
(1777, 'Duldula', 7, 127, 'Y'),
(1778, 'Dulhin Bazar', 5, 100, 'Y'),
(1779, 'Dulmi', 14, 260, 'Y'),
(1780, 'Dumaria', 14, 247, 'Y'),
(1781, 'Dumaria', 5, 84, 'Y'),
(1782, 'Dumbriguda', 2, 13, 'Y'),
(1783, 'Dumka', 14, 246, 'Y'),
(1784, 'Dummugudem', 31, 581, 'Y'),
(1785, 'Dumporijo ADC', 3, 39, 'Y'),
(1786, 'Dumra', 5, 109, 'Y'),
(1787, 'Dumraon', 5, 82, 'Y'),
(1788, 'Dumri', 14, 251, 'Y'),
(1789, 'Dumri', 14, 249, 'Y'),
(1790, 'Dumri Katsari', 5, 108, 'Y'),
(1791, 'Dunda', 34, 636, 'Y'),
(1792, 'Dungarpur', 28, 519, 'Y'),
(1793, 'Dungla', 28, 515, 'Y'),
(1794, 'Dunguripali', 25, 478, 'Y'),
(1795, 'Duni', 28, 537, 'Y'),
(1796, 'Durg', 7, 123, 'Y'),
(1797, 'Durgawati', 5, 88, 'Y'),
(1798, 'Durgi', 2, 7, 'Y'),
(1799, 'Durgkondal', 7, 129, 'Y'),
(1800, 'Duttalur', 2, 11, 'Y'),
(1801, 'Duvvur', 2, 16, 'Y'),
(1802, 'Dwarahat', 34, 624, 'Y'),
(1803, 'Dwarakatirumala', 2, 15, 'Y'),
(1804, 'Dwarka', 8, 151, 'N'),
(1805, 'Dzongu', 29, 540, 'Y'),
(1806, 'East Lungdar', 23, 438, 'Y'),
(1807, 'Edappadi', 30, 563, 'Y'),
(1808, 'Edlapadu', 2, 7, 'Y'),
(1809, 'EGARKUND', 14, 245, 'Y'),
(1810, 'Egra - I', 36, 728, 'Y'),
(1811, 'Egra - II', 36, 728, 'Y'),
(1812, 'Eidgah', 13, 240, 'Y'),
(1813, 'Ekangarsarai', 5, 97, 'Y'),
(1814, 'Ekma', 5, 106, 'Y'),
(1815, 'Eligaid', 31, 602, 'Y'),
(1816, 'Elkathurthy', 31, 611, 'Y'),
(1817, 'Ellandakunta', 31, 588, 'Y'),
(1818, 'Ellenabad', 11, 207, 'Y'),
(1819, 'Eluru', 2, 15, 'Y'),
(1820, 'Englan', 24, 448, 'Y'),
(1821, 'English Bazar', 36, 727, 'Y'),
(1822, 'Enkoor', 31, 589, 'Y'),
(1823, 'Eral', 30, 576, 'Y'),
(1824, 'Erandol', 20, 377, 'Y'),
(1825, 'Erki(Tamar II)', 14, 254, 'Y'),
(1826, 'Ernad', 16, 304, 'Y'),
(1827, 'Erode', 30, 550, 'Y'),
(1828, 'Ersama', 25, 461, 'Y'),
(1829, 'Etah', 35, 660, 'Y'),
(1830, 'Etalin', 3, 19, 'Y'),
(1831, 'Etapalli', 20, 374, 'Y'),
(1832, 'Etawah', 35, 661, 'Y'),
(1833, 'Etcherla', 2, 12, 'Y'),
(1834, 'Etmadpur', 35, 637, 'Y'),
(1835, 'Ettayapuram', 30, 576, 'Y'),
(1836, 'Eturunagaram', 31, 596, 'Y'),
(1837, 'Faizabad', 35, 643, 'Y'),
(1838, 'Falakata', 36, 714, 'Y'),
(1839, 'Falka', 5, 89, 'Y'),
(1840, 'Falta', 36, 713, 'Y'),
(1841, 'Farakka', 36, 730, 'Y'),
(1842, 'Farasgaon', 7, 130, 'Y'),
(1843, 'Faridabad', 11, 191, 'Y'),
(1844, 'Faridkot', 27, 487, 'Y'),
(1845, 'Faridpur', 35, 651, 'Y'),
(1846, 'Faridpur Durgapur', 36, 732, 'Y'),
(1847, 'Farooqnagar', 31, 604, 'Y'),
(1848, 'Farrukhabad', 35, 662, 'Y'),
(1849, 'Farrukhnagar', 11, 193, 'Y'),
(1850, 'Farsabahar', 7, 127, 'Y'),
(1851, 'Fategarh', 25, 473, 'Y'),
(1852, 'Fatehabad', 11, 192, 'Y'),
(1853, 'Fatehabad', 35, 637, 'Y'),
(1854, 'Fatehgarh', 28, 523, 'Y'),
(1855, 'Fatehgarh Sahib', 27, 488, 'Y'),
(1856, 'Fatehpur', 35, 663, 'Y'),
(1857, 'Fatehpur', 5, 84, 'Y'),
(1858, 'Fatehpur', 28, 535, 'Y'),
(1859, 'Fatehpur', 14, 253, 'Y'),
(1860, 'Fatehpur', 35, 650, 'Y'),
(1861, 'Fatehpur', 12, 213, 'Y'),
(1862, 'Fatehpur Pundri', 11, 197, 'Y'),
(1863, 'Fatepura', 10, 166, 'Y'),
(1864, 'Fatwah', 5, 100, 'Y'),
(1865, 'Fazilka', 27, 489, 'Y'),
(1866, 'Ferozepur Jhirka', 11, 201, 'Y'),
(1867, 'Ferrargunj', 1, 3, 'Y'),
(1868, 'Firozabad', 35, 664, 'Y'),
(1869, 'Firozpur', 27, 490, 'Y'),
(1870, 'Forbesganj', 5, 75, 'Y'),
(1871, 'Frisal', 13, 231, 'Y'),
(1872, 'Gabhana', 35, 638, 'Y'),
(1873, 'Gadag', 15, 279, 'Y'),
(1874, 'Gadarpur', 34, 635, 'Y'),
(1875, 'Gadarwara', 19, 343, 'Y'),
(1876, 'Gadchiroli', 20, 374, 'Y'),
(1877, 'Gadhada', 10, 162, 'Y'),
(1878, 'Gadhinglaj', 20, 379, 'Y'),
(1879, 'GADIGUDA', 31, 580, 'Y'),
(1880, 'Gadisagada', 25, 475, 'Y'),
(1881, 'Gadivemula', 2, 9, 'Y'),
(1882, 'Gadraroad', 28, 510, 'Y'),
(1883, 'Gadwal', 31, 586, 'Y'),
(1884, 'Gagret', 12, 221, 'Y'),
(1885, 'Gaighat', 5, 96, 'Y'),
(1886, 'Gaighata', 36, 712, 'Y'),
(1887, 'Gairatganj', 19, 347, 'Y'),
(1888, 'Gairsain', 34, 626, 'Y'),
(1889, 'Gaisilet', 25, 453, 'Y'),
(1890, 'Gaja', 34, 634, 'Y'),
(1891, 'Gajapathinagaram', 2, 14, 'Y'),
(1892, 'GAJENDRAGAD', 15, 279, 'Y'),
(1893, 'Gajuwaka', 2, 13, 'Y'),
(1894, 'Gajwel', 31, 606, 'Y'),
(1895, 'Galiveedu', 2, 16, 'Y'),
(1896, 'Galiyakot', 28, 519, 'Y'),
(1897, 'Galore', 12, 212, 'Y'),
(1898, 'Galsi - I', 36, 733, 'Y'),
(1899, 'Galsi - II', 36, 733, 'Y'),
(1900, 'Galteshwar', 10, 172, 'Y'),
(1901, 'Gambegre', 22, 425, 'Y'),
(1902, 'Gambhiraopet', 31, 603, 'Y'),
(1903, 'Gamharia', 5, 93, 'Y'),
(1904, 'Gampalagudem', 2, 8, 'Y'),
(1905, 'Ganai Gangoli', 34, 632, 'Y'),
(1906, 'Ganapavaram', 2, 15, 'Y'),
(1907, 'Ganaur', 11, 208, 'Y'),
(1908, 'Gandacherra', 33, 616, 'Y'),
(1909, 'Gandarvakkottai', 30, 560, 'Y'),
(1910, 'Gande', 14, 249, 'Y'),
(1911, 'Gandeed', 31, 592, 'Y'),
(1912, 'Gandepalle', 2, 6, 'Y'),
(1913, 'Ganderbal', 13, 227, 'Y'),
(1914, 'Gandevi', 10, 177, 'Y'),
(1915, 'Gandhari', 31, 587, 'Y'),
(1916, 'Gandhidham', 10, 171, 'Y'),
(1917, 'Gandhinagar', 10, 167, 'Y'),
(1918, 'Gandhi Nagar', 8, 143, 'N'),
(1919, 'Gandhwani', 19, 328, 'Y'),
(1920, 'Gandia', 25, 458, 'Y'),
(1921, 'Gandimaisamma Dundigal', 31, 595, 'Y'),
(1922, 'Gandipet', 31, 604, 'Y'),
(1923, 'Gandlapenta', 2, 4, 'Y'),
(1924, 'Gangadhara', 31, 588, 'Y'),
(1925, 'Gangadhara Nellore', 2, 5, 'Y'),
(1926, 'Gangadtalai', 28, 508, 'Y'),
(1927, 'Gangajalghati', 36, 715, 'Y'),
(1928, 'Gangakhed', 20, 389, 'Y'),
(1929, 'Ganganagar', 28, 520, 'Y'),
(1930, 'Gangapur', 28, 534, 'Y'),
(1931, 'Gangapur', 20, 368, 'Y'),
(1932, 'GANGAPUR', 25, 460, 'Y'),
(1933, 'Gangaram', 31, 591, 'Y'),
(1934, 'Gangarampur', 36, 719, 'Y'),
(1935, 'Gangath', 12, 213, 'Y'),
(1936, 'Gangavalli', 30, 563, 'Y'),
(1937, 'Gangavaram', 2, 6, 'Y'),
(1938, 'Gangavaram', 2, 5, 'Y'),
(1939, 'Gangawati', 15, 285, 'Y'),
(1940, 'Gangdhar', 28, 525, 'Y'),
(1941, 'Gangolihat', 34, 632, 'Y'),
(1942, 'Gangrar', 28, 515, 'Y'),
(1943, 'Gangte Circle', 3, 23, 'Y'),
(1944, 'Gangtok', 29, 539, 'Y'),
(1945, 'Ganguvarisigadam', 2, 12, 'Y'),
(1946, 'Gania', 25, 473, 'Y'),
(1947, 'GANJAM', 25, 460, 'Y'),
(1948, 'Gannavaram', 2, 8, 'Y'),
(1949, 'Ganneruvaram', 31, 588, 'Y'),
(1950, 'Ganoda', 28, 508, 'Y'),
(1951, 'Gantyada', 2, 14, 'Y'),
(1952, 'Gara', 2, 12, 'Y'),
(1953, 'Garabandha', 25, 459, 'Y'),
(1954, 'Garautha', 35, 676, 'Y'),
(1955, 'Garbada', 10, 166, 'Y'),
(1956, 'Garbeta - I', 36, 729, 'Y'),
(1957, 'Garbeta - II', 36, 729, 'Y'),
(1958, 'Garbeta - III', 36, 729, 'Y'),
(1959, 'Garhakota', 19, 351, 'Y'),
(1960, 'Garhani', 5, 81, 'Y'),
(1961, 'GARHBOR', 28, 533, 'Y'),
(1962, 'Garhi', 28, 508, 'Y'),
(1963, 'Garhmukteshwar', 35, 671, 'Y'),
(1964, 'Garhpura', 5, 79, 'Y'),
(1965, 'Garhshankar', 27, 492, 'Y'),
(1966, 'Garhwa', 14, 248, 'Y'),
(1967, 'Gariadhar', 10, 161, 'Y'),
(1968, 'GaridePally', 31, 607, 'Y'),
(1969, 'Garividi', 2, 14, 'Y'),
(1970, 'Garkha', 5, 106, 'Y'),
(1971, 'Garla', 31, 591, 'Y'),
(1972, 'Garladinne', 2, 4, 'Y'),
(1973, 'Garoth', 19, 341, 'Y'),
(1974, 'Garu', 14, 256, 'Y'),
(1975, 'Garud', 34, 625, 'Y'),
(1976, 'GARUDESHWAR', 10, 176, 'Y'),
(1977, 'Garugubilli', 2, 14, 'Y'),
(1978, 'Gasuapara', 22, 422, 'Y'),
(1979, 'Gaunaha', 5, 99, 'Y'),
(1980, 'Gaunchi ST', 11, 191, 'Y'),
(1981, 'Gauribidanur', 15, 273, 'Y'),
(1982, 'Gauriganj', 35, 640, 'Y'),
(1983, 'Gaurihar', 19, 323, 'Y'),
(1984, 'Gautam Buddha Nagar', 35, 665, 'Y'),
(1985, 'Gawan', 14, 249, 'Y'),
(1986, 'Gaya Town C.D.Block', 5, 84, 'Y'),
(1987, 'Gazole', 36, 727, 'Y'),
(1988, 'Geesugonda', 31, 610, 'Y'),
(1989, 'Geku EAC', 3, 38, 'Y'),
(1990, 'Gelling Circle', 3, 38, 'Y'),
(1991, 'Gensi EAC', 3, 29, 'Y'),
(1992, 'Georai', 20, 369, 'Y'),
(1993, 'Gepen Circle', 3, 22, 'Y'),
(1994, 'Ghaat', 34, 626, 'Y'),
(1995, 'Ghagarbeda', 25, 471, 'Y'),
(1996, 'Ghaghra', 14, 251, 'Y'),
(1997, 'Ghagwal', 13, 238, 'Y'),
(1998, 'Ghailarh', 5, 93, 'Y'),
(1999, 'Ghanari', 12, 221, 'Y'),
(2000, 'Ghanghata', 35, 702, 'Y'),
(2001, 'Ghanpur', 31, 609, 'Y'),
(2002, 'Ghanpur (Mulug)', 31, 585, 'Y'),
(2003, 'Ghanpur (Station)', 31, 584, 'Y'),
(2004, 'Ghansali', 34, 634, 'Y'),
(2005, 'Ghansaur', 19, 354, 'Y'),
(2006, 'Ghansawangi', 20, 378, 'Y'),
(2007, 'Ghanshyampur', 5, 83, 'Y'),
(2008, 'Ghantasala', 2, 8, 'Y'),
(2009, 'Gharaunda', 11, 198, 'Y'),
(2010, 'Gharghoda', 7, 136, 'Y'),
(2011, 'Gharsana', 28, 520, 'Y'),
(2012, 'Ghasipura', 25, 467, 'Y'),
(2013, 'Ghatal', 36, 729, 'Y'),
(2014, 'Ghatampur', 35, 679, 'Y'),
(2015, 'Ghatanji', 20, 400, 'Y'),
(2016, 'Ghatgaon', 25, 467, 'Y'),
(2017, 'Ghathashi', 24, 449, 'Y'),
(2018, 'Ghatigaon', 19, 332, 'Y'),
(2019, 'Ghatiya', 19, 362, 'Y'),
(2020, 'Ghatkesar', 31, 595, 'Y'),
(2021, 'Ghat Kusumbha', 5, 107, 'Y'),
(2022, 'Ghatlodiya', 10, 155, 'Y'),
(2023, 'Ghatol', 28, 508, 'Y'),
(2024, 'Ghatshila', 14, 247, 'Y'),
(2025, 'Ghattu', 31, 586, 'Y'),
(2026, 'Ghaziabad', 35, 666, 'Y'),
(2027, 'Ghazipur', 35, 667, 'Y'),
(2028, 'Ghiror', 35, 688, 'Y'),
(2029, 'Ghoda Dongri', 19, 319, 'Y'),
(2030, 'Ghogha', 10, 161, 'Y'),
(2031, 'Ghoghamba', 10, 178, 'Y'),
(2032, 'Ghoghardiha', 5, 94, 'Y'),
(2033, 'Ghograpar (Pt)', 4, 68, 'Y'),
(2034, 'Ghorasahan', 5, 101, 'Y'),
(2035, 'Ghorawal', 35, 708, 'Y'),
(2036, 'Ghoshi', 5, 87, 'Y'),
(2037, 'Ghosi', 35, 690, 'Y'),
(2038, 'Ghoswari', 5, 100, 'Y'),
(2039, 'Ghughari', 19, 340, 'Y'),
(2040, 'Ghumarwin', 12, 210, 'Y'),
(2041, 'Ghuwara', 19, 323, 'Y'),
(2042, 'Giba Circle', 3, 39, 'Y'),
(2043, 'Gida', 28, 510, 'Y'),
(2044, 'Gidam', 7, 121, 'Y'),
(2045, 'Giddalur', 2, 10, 'Y'),
(2046, 'Gidderbaha', 27, 504, 'Y'),
(2047, 'Gidhaur', 5, 86, 'Y'),
(2048, 'Gidhaur', 14, 243, 'Y'),
(2049, 'Gingee', 30, 578, 'Y'),
(2050, 'Gird', 19, 332, 'Y'),
(2051, 'Gir Gadhda', 10, 168, 'Y'),
(2052, 'Giriak', 5, 97, 'Y'),
(2053, 'Giridih', 14, 249, 'Y'),
(2054, 'Girwa', 28, 538, 'Y'),
(2055, 'Gite Ripa Circle', 3, 39, 'Y'),
(2056, 'G.Konduru', 2, 8, 'Y'),
(2057, 'G.Madugula', 2, 13, 'Y'),
(2058, 'Goalpokhar - I', 36, 720, 'Y'),
(2059, 'Goalpokhar - II', 36, 720, 'Y'),
(2060, 'Gobichettipalayam', 30, 550, 'Y'),
(2061, 'Gobindpur', 5, 98, 'Y'),
(2062, 'Gobindpur', 14, 245, 'Y'),
(2063, 'Gobindpur', 25, 456, 'Y'),
(2064, 'Gobindpur(Rajnagar)', 14, 263, 'Y'),
(2065, 'Gochhapada', 25, 465, 'Y'),
(2066, 'Godda', 14, 250, 'Y'),
(2067, 'Godhra', 10, 178, 'Y'),
(2068, 'Gogamukh', 4, 50, 'Y'),
(2069, 'Gogaon', 19, 339, 'Y'),
(2070, 'Goghat - I', 36, 721, 'Y'),
(2071, 'Goghat - II', 36, 721, 'Y'),
(2072, 'Gogri', 5, 90, 'Y'),
(2073, 'Gogunda', 28, 538, 'Y'),
(2074, 'Goh', 5, 77, 'Y'),
(2075, 'Gohad', 19, 320, 'Y'),
(2076, 'Gohana', 11, 208, 'Y'),
(2077, 'Goharganj', 19, 347, 'Y'),
(2078, 'Gohparu', 19, 355, 'Y'),
(2079, 'Gohpur', 4, 44, 'Y'),
(2080, 'Goiliang Circle', 3, 17, 'Y'),
(2081, 'Goilkera', 14, 265, 'Y'),
(2082, 'Gokak', 15, 268, 'Y'),
(2083, 'Gokavaram', 2, 6, 'Y'),
(2084, 'Gola', 14, 260, 'Y'),
(2085, 'Gola', 35, 669, 'Y'),
(2086, 'Golaghat', 4, 55, 'Y'),
(2087, 'Gola Gokaran Nath', 35, 682, 'Y'),
(2088, 'Golakganj Pt', 4, 51, 'Y'),
(2089, 'Golamunda', 25, 464, 'Y'),
(2090, 'GOLANTHARA', 25, 460, 'Y'),
(2091, 'Golconda', 31, 582, 'Y'),
(2092, 'Gollapalli', 31, 583, 'Y'),
(2093, 'Gollaprolu', 2, 6, 'Y'),
(2094, 'Golmuri-Cum-Jugsalai', 14, 247, 'Y'),
(2095, 'Golugonda', 2, 13, 'Y'),
(2096, 'Gomia', 14, 242, 'Y'),
(2097, 'Gonda', 35, 668, 'Y'),
(2098, 'Gondal', 10, 181, 'Y'),
(2099, 'Gondiya', 20, 375, 'Y'),
(2100, 'Gondpipri', 20, 372, 'Y'),
(2101, 'Gonegandla', 2, 9, 'Y'),
(2102, 'Gool', 13, 236, 'Y'),
(2103, 'Gooty', 2, 4, 'Y'),
(2104, 'Gop', 25, 475, 'Y'),
(2105, 'Gopadbanas', 19, 359, 'Y'),
(2106, 'Gopalapatnam', 2, 13, 'Y'),
(2107, 'Gopalapuram', 2, 15, 'Y'),
(2108, 'Gopalganj', 5, 85, 'Y'),
(2109, 'Gopalpeta', 31, 609, 'Y'),
(2110, 'Gopalpur', 5, 80, 'Y'),
(2111, 'GOPALPUR', 25, 460, 'Y'),
(2112, 'Gopavaram', 2, 16, 'Y'),
(2113, 'Gopiballavpur - I', 36, 724, 'Y'),
(2114, 'Gopiballavpur - II', 36, 724, 'Y'),
(2115, 'Gopikandar', 14, 246, 'Y'),
(2116, 'Gora Bauram', 5, 83, 'Y'),
(2117, 'Goradih', 5, 80, 'Y'),
(2118, 'Gorakhpur', 19, 336, 'Y'),
(2119, 'Gorakhpur', 35, 669, 'Y'),
(2120, 'Gorantla', 2, 4, 'Y'),
(2121, 'Goraul', 5, 112, 'Y'),
(2122, 'Goregaon', 20, 375, 'Y'),
(2123, 'Goreswar (Pt)', 4, 42, 'Y'),
(2124, 'Goriakothi', 5, 110, 'Y'),
(2125, 'Goriwala ST', 11, 207, 'Y'),
(2126, 'Gormi', 19, 320, 'Y'),
(2127, 'Goroimari', 4, 59, 'Y'),
(2128, 'Gorubathan', 36, 725, 'Y'),
(2129, 'Gorumahisani', 25, 471, 'Y'),
(2130, 'Gosaba', 36, 713, 'Y'),
(2131, 'Gospadu', 2, 9, 'Y'),
(2132, 'Gossaigaon (Pt)', 4, 63, 'Y'),
(2133, 'Gotegaon', 19, 343, 'Y'),
(2134, 'GOVARDHAN', 35, 689, 'Y'),
(2135, 'Govindaraopet', 31, 596, 'Y'),
(2136, 'GOVINDGARH', 28, 507, 'Y'),
(2137, 'Govindpur', 25, 477, 'Y'),
(2138, 'Great Nicobar', 1, 1, 'Y'),
(2139, 'Gubbi', 15, 291, 'Y'),
(2140, 'Gudalur', 30, 568, 'Y'),
(2141, 'Gudari', 25, 476, 'Y'),
(2142, 'G.Udayagiri', 25, 465, 'Y'),
(2143, 'Gudem Kotha Veedhi', 2, 13, 'Y'),
(2144, 'Gudha Malani', 28, 510, 'Y'),
(2145, 'Gudibanda', 15, 273, 'Y'),
(2146, 'Gudibanda', 2, 4, 'Y'),
(2147, 'GUDIHATNOOR', 31, 580, 'Y'),
(2148, 'Gudipala', 2, 5, 'Y'),
(2149, 'Gudivada', 2, 8, 'Y'),
(2150, 'Gudiyatham', 30, 577, 'Y'),
(2151, 'Gudlavalleru', 2, 8, 'Y'),
(2152, 'Gudluru', 2, 10, 'Y'),
(2153, 'Gudri', 14, 265, 'Y'),
(2154, 'Gudupalle', 2, 5, 'Y'),
(2155, 'Gudur', 2, 9, 'Y'),
(2156, 'Gudur', 2, 11, 'Y'),
(2157, 'Gudur', 31, 591, 'Y'),
(2158, 'Guduru', 2, 8, 'Y'),
(2159, 'Guhagar', 20, 392, 'Y'),
(2160, 'Guhla', 11, 197, 'Y'),
(2161, 'Gujiliamparai', 30, 549, 'Y'),
(2162, 'Gulabganj', 19, 364, 'Y'),
(2163, 'Gulana', 19, 356, 'Y'),
(2164, 'GULEDGUDDA', 15, 266, 'Y'),
(2165, 'Gumla', 14, 251, 'Y'),
(2166, 'Gummadidala', 31, 605, 'Y'),
(2167, 'Gummagatta', 2, 4, 'Y'),
(2168, 'Gummalakshmipuram', 2, 14, 'Y'),
(2169, 'Gummidipoondi', 30, 569, 'Y'),
(2170, 'Gumto Circle', 3, 33, 'Y'),
(2171, 'Guna', 19, 331, 'Y'),
(2172, 'Guna Nagar', 19, 331, 'Y'),
(2173, 'Gund', 13, 227, 'Y'),
(2174, 'Gundala', 31, 612, 'Y'),
(2175, 'Gundala', 31, 581, 'Y'),
(2176, 'Gunderdehi', 7, 114, 'Y'),
(2177, 'GundlaPally', 31, 598, 'Y'),
(2178, 'Gundlupet', 15, 272, 'Y'),
(2179, 'Gundna', 13, 226, 'Y'),
(2180, 'Gunnaur', 35, 701, 'Y'),
(2181, 'Gunnor', 19, 346, 'Y'),
(2182, 'Guntakal', 2, 4, 'Y'),
(2183, 'Guntur', 2, 7, 'Y'),
(2184, 'GUNTUR EAST', 2, 7, 'Y'),
(2185, 'Gunupur', 25, 476, 'Y'),
(2186, 'Gurandi', 25, 459, 'Y'),
(2187, 'Guraru', 5, 84, 'Y'),
(2188, 'Gurazala', 2, 7, 'Y'),
(2189, 'Gurbandha', 14, 247, 'Y'),
(2190, 'Gurdaspur', 27, 491, 'Y'),
(2191, 'Gurez', 13, 223, 'Y'),
(2192, 'Gurgaon', 11, 193, 'Y'),
(2193, 'Gurh', 19, 350, 'Y'),
(2194, 'Gurla', 2, 14, 'Y'),
(2195, 'Gurramkonda', 2, 5, 'Y'),
(2196, 'Gurrampode', 31, 598, 'Y'),
(2197, 'Gurua', 5, 84, 'Y'),
(2198, 'Gurudijhatia', 25, 456, 'Y'),
(2199, 'GURUHARSAHAI', 27, 490, 'Y'),
(2200, 'GURUMITKAL', 15, 295, 'Y'),
(2201, 'Gurundia', 25, 479, 'Y'),
(2202, 'Gurur', 7, 114, 'Y'),
(2203, 'Guthani', 5, 110, 'Y'),
(2204, 'Guwahati', 4, 60, 'Y'),
(2205, 'Gwalpara', 5, 93, 'Y'),
(2206, 'Gyalshing', 29, 542, 'Y'),
(2207, 'Gyanpur', 35, 653, 'Y'),
(2208, 'Gyaraspur', 19, 364, 'Y'),
(2209, 'Gyawe Purang Circle', 3, 20, 'Y'),
(2210, 'Habibpur', 36, 727, 'Y'),
(2211, 'Habra - I', 36, 712, 'Y'),
(2212, 'Habra - II', 36, 712, 'Y'),
(2213, 'Hadagalli', 15, 267, 'Y'),
(2214, 'Hadgaon', 20, 384, 'Y'),
(2215, 'Haflong', 4, 53, 'Y'),
(2216, 'Hagaribommanahalli', 15, 267, 'Y'),
(2217, 'Haidergarh', 35, 650, 'Y'),
(2218, 'Haidernagar', 14, 259, 'Y'),
(2219, 'Hailakandi', 4, 56, 'Y'),
(2220, 'Hajin', 13, 223, 'Y'),
(2221, 'Hajipur', 31, 593, 'Y'),
(2222, 'Hajipur', 5, 112, 'Y'),
(2223, 'Hajo', 4, 59, 'Y'),
(2224, 'Halaharvi', 2, 9, 'Y'),
(2225, 'Haldia', 36, 728, 'Y'),
(2226, 'Haldibari', 36, 717, 'Y'),
(2227, 'Haldwani', 34, 630, 'Y'),
(2228, 'Haliyal', 15, 293, 'Y'),
(2229, 'Halol', 10, 178, 'Y'),
(2230, 'Halsi', 5, 92, 'Y'),
(2231, 'Halvad', 10, 175, 'Y'),
(2232, 'Hameergarh', 28, 512, 'Y'),
(2233, 'Hamirpur', 12, 212, 'Y'),
(2234, 'Hamirpur', 35, 670, 'Y'),
(2235, 'Hanamkonda', 31, 611, 'Y'),
(2236, 'Handapa', 25, 450, 'Y'),
(2237, 'Handia', 35, 697, 'Y'),
(2238, 'Handiya', 19, 333, 'Y'),
(2239, 'Handwara', 13, 232, 'Y'),
(2240, 'Hangal', 15, 281, 'Y'),
(2241, 'Hangrang', 12, 214, 'Y'),
(2242, 'Hansi', 11, 194, 'Y'),
(2243, 'Hanskhali', 36, 731, 'Y'),
(2244, 'Hansot', 10, 160, 'Y'),
(2245, 'Hanumana', 19, 350, 'Y'),
(2246, 'Hanumangarh', 28, 521, 'Y'),
(2247, 'Hanumannagar', 5, 83, 'Y'),
(2248, 'Hanumanthuni Padu', 2, 10, 'Y'),
(2249, 'HANUR', 15, 272, 'Y'),
(2250, 'Hanwada', 31, 592, 'Y'),
(2251, 'Haochong', 21, 410, 'Y'),
(2252, 'Hapur', 35, 671, 'Y'),
(2253, 'Harapanahalli', 15, 267, 'Y'),
(2254, 'Harbhanga', 25, 455, 'Y'),
(2255, 'Harchakian', 12, 213, 'Y'),
(2256, 'Harda', 19, 333, 'Y'),
(2257, 'Hardoi', 35, 672, 'Y'),
(2258, 'Hardwar', 34, 629, 'Y'),
(2259, 'Harichandanpur', 25, 467, 'Y'),
(2260, 'Harihar', 15, 277, 'Y'),
(2261, 'Hariharganj', 14, 259, 'Y'),
(2262, 'Hariharpara', 36, 730, 'Y'),
(2263, 'Harij', 10, 179, 'Y'),
(2264, 'Haringhata', 36, 731, 'Y'),
(2265, 'Haripal', 36, 721, 'Y'),
(2266, 'Haripur', 12, 213, 'Y'),
(2267, 'Haripurdhar', 12, 219, 'Y'),
(2268, 'Harirampur', 36, 719, 'Y'),
(2269, 'Harischandrapur - I', 36, 727, 'Y'),
(2270, 'Harischandrapur - II', 36, 727, 'Y'),
(2271, 'Harisinga', 4, 73, 'Y'),
(2272, 'Harlakhi', 5, 94, 'Y'),
(2273, 'Harnaut', 5, 97, 'Y'),
(2274, 'Haroa', 36, 712, 'Y'),
(2275, 'Haroli', 12, 221, 'Y'),
(2276, 'Harrai', 19, 324, 'Y'),
(2277, 'Harraiya', 35, 652, 'Y'),
(2278, 'Harsaru ST', 11, 193, 'Y'),
(2279, 'Harsidhi', 5, 101, 'Y'),
(2280, 'Harsud', 19, 330, 'Y'),
(2281, 'Harur', 30, 548, 'Y'),
(2282, 'Hasanganj', 5, 89, 'Y'),
(2283, 'Hasanganj', 35, 710, 'Y'),
(2284, 'Hasanparthy', 31, 611, 'Y'),
(2285, 'Hasanpur', 5, 105, 'Y'),
(2286, 'Hasanpur', 35, 641, 'Y'),
(2287, 'Hasanpura', 5, 110, 'Y'),
(2288, 'Haseran', 35, 677, 'Y'),
(2289, 'Hasnabad', 36, 712, 'Y'),
(2290, 'Haspura', 5, 77, 'Y'),
(2291, 'Hassan', 15, 280, 'Y'),
(2292, 'Hassanpur ST', 11, 202, 'Y'),
(2293, 'Hata', 35, 683, 'Y'),
(2294, 'Hat Gamharia', 14, 265, 'Y'),
(2295, 'Hathin', 11, 202, 'Y'),
(2296, 'Hathnoora', 31, 605, 'Y'),
(2297, 'Hathras', 35, 673, 'Y'),
(2298, 'Hathua', 5, 85, 'Y'),
(2299, 'Hatibari', 25, 479, 'Y'),
(2300, 'Hatkanangle', 20, 379, 'Y'),
(2301, 'Hatod', 19, 335, 'Y'),
(2302, 'Hatpiplya', 19, 327, 'Y'),
(2303, 'Hatta', 19, 325, 'Y'),
(2304, 'Hauz Khas', 8, 149, 'N'),
(2305, 'Haveli', 20, 390, 'Y'),
(2306, 'Haveli', 13, 233, 'Y'),
(2307, 'Havelighanapur', 31, 594, 'Y'),
(2308, 'Haveri', 15, 281, 'Y'),
(2309, 'Hawai HQ', 3, 17, 'Y'),
(2310, 'Hayaghat', 5, 83, 'Y'),
(2311, 'Hayathnagar', 31, 604, 'Y'),
(2312, 'Hayuliang ADC', 3, 17, 'Y'),
(2313, 'Hazaribag', 14, 252, 'Y'),
(2314, 'HEBRI', 15, 292, 'Y'),
(2315, 'Heggadadevankote', 15, 287, 'Y'),
(2316, 'Helem', 4, 44, 'Y'),
(2317, 'Hemgir', 25, 479, 'Y'),
(2318, 'Hemtabad', 36, 720, 'Y'),
(2319, 'HENGLEP', 21, 403, 'Y'),
(2320, 'Herhanj', 14, 256, 'Y'),
(2321, 'Hermain', 13, 239, 'Y'),
(2322, 'Hilli', 36, 719, 'Y'),
(2323, 'Hilsa', 5, 97, 'Y'),
(2324, 'Himatnagar', 10, 182, 'Y'),
(2325, 'Himayatnagar', 31, 582, 'Y'),
(2326, 'Himayatnagar', 20, 384, 'Y'),
(2327, 'Hindaun', 28, 528, 'Y'),
(2328, 'Hindol', 25, 458, 'Y'),
(2329, 'Hindoli', 28, 514, 'Y'),
(2330, 'Hindupur', 2, 4, 'Y'),
(2331, 'Hingalganj', 36, 712, 'Y'),
(2332, 'Hinganghat', 20, 398, 'Y'),
(2333, 'Hingna', 20, 383, 'Y'),
(2334, 'Hingoli', 20, 376, 'Y'),
(2335, 'HINJILI', 25, 460, 'Y'),
(2336, 'Hirakud', 25, 477, 'Y'),
(2337, 'Hiramandalam', 2, 12, 'Y'),
(2338, 'Hiranagar', 13, 229, 'Y'),
(2339, 'Hiranpur', 14, 258, 'Y'),
(2340, 'Hirbandh', 36, 715, 'Y'),
(2341, 'Hirekerur', 15, 281, 'Y'),
(2342, 'Hiriyur', 15, 275, 'Y'),
(2343, 'Hisar', 11, 194, 'Y'),
(2344, 'Hisua', 5, 98, 'Y'),
(2345, 'Hnahthial', 23, 430, 'Y'),
(2346, 'Hodal', 11, 202, 'Y'),
(2347, 'Hojai', 4, 57, 'Y'),
(2348, 'Holagunda', 2, 9, 'Y'),
(2349, 'Holalkere', 15, 275, 'Y'),
(2350, 'Hole Narsipur', 15, 280, 'Y'),
(2351, 'Holi', 12, 211, 'Y'),
(2352, 'Homnabad', 15, 271, 'Y'),
(2353, 'Honavar', 15, 293, 'Y'),
(2354, 'Honnali', 15, 277, 'Y'),
(2355, 'Hosakote', 15, 269, 'Y'),
(2356, 'Hosanagara', 15, 290, 'Y'),
(2357, 'Hosapete', 15, 267, 'Y'),
(2358, 'Hosdurg', 16, 300, 'Y'),
(2359, 'Hosdurga', 15, 275, 'Y'),
(2360, 'Hoshangabad', 19, 334, 'Y'),
(2361, 'Hoshangabad nagar', 19, 334, 'Y'),
(2362, 'Hoshiarpur', 27, 492, 'Y'),
(2363, 'Hosur', 30, 555, 'Y'),
(2364, 'Hubballi', 15, 278, 'Y'),
(2365, 'HUBBALLI URBAN', 15, 278, 'Y'),
(2366, 'Hukeri', 15, 268, 'Y'),
(2367, 'Hukumpeta', 2, 13, 'Y'),
(2368, 'Hulasganj', 5, 87, 'Y'),
(2369, 'HULSOOR', 15, 271, 'Y'),
(2370, 'HUNASAGI', 15, 295, 'Y'),
(2371, 'Hungund', 15, 266, 'Y'),
(2372, 'Hunli SDO', 3, 28, 'Y'),
(2373, 'Hunsur', 15, 287, 'Y'),
(2374, 'Hunta', 24, 444, 'Y'),
(2375, 'Hura', 36, 734, 'Y'),
(2376, 'Hurda', 28, 512, 'Y'),
(2377, 'Husnabad', 31, 606, 'Y'),
(2378, 'Hussainabad', 14, 259, 'Y'),
(2379, 'Hussainganj', 5, 110, 'Y'),
(2380, 'Huzur', 19, 321, 'Y'),
(2381, 'Huzur', 19, 350, 'Y'),
(2382, 'Huzurabad', 31, 588, 'Y'),
(2383, 'Huzurnagar', 31, 607, 'Y'),
(2384, 'Huzur nagar', 19, 350, 'Y'),
(2385, 'Ibrahimpatnam', 2, 8, 'Y'),
(2386, 'Ibrahimpatnam', 31, 604, 'Y'),
(2387, 'Ibrahimpatnam', 31, 583, 'Y'),
(2388, 'Ichagarh', 14, 263, 'Y'),
(2389, 'Ichak', 14, 252, 'Y'),
(2390, 'Ichchapuram', 2, 12, 'Y'),
(2391, 'Ichhawar', 19, 353, 'Y'),
(2392, 'Ichoda', 31, 580, 'Y'),
(2393, 'Idar', 10, 182, 'Y'),
(2394, 'Idukki', 16, 298, 'Y'),
(2395, 'Ieeja', 31, 586, 'Y'),
(2396, 'Igatpuri', 20, 386, 'Y'),
(2397, 'Iglas', 35, 638, 'Y'),
(2398, 'Ikauna', 35, 705, 'Y'),
(2399, 'Ilayangudi', 30, 564, 'Y'),
(2400, 'ILKAL', 15, 266, 'Y'),
(2401, 'Illambazar', 36, 716, 'Y'),
(2402, 'Illanthakunta', 31, 603, 'Y'),
(2403, 'Iluppur', 30, 560, 'Y'),
(2404, 'Imamganj', 5, 84, 'Y'),
(2405, 'Inavole', 31, 611, 'Y'),
(2406, 'Indalwai', 31, 601, 'Y'),
(2407, 'Indapur', 20, 390, 'Y'),
(2408, 'Inderavelly', 31, 580, 'Y'),
(2409, 'Indergarh', 19, 326, 'Y'),
(2410, 'Indi', 15, 294, 'Y'),
(2411, 'Indora', 12, 213, 'Y'),
(2412, 'Indore', 19, 335, 'Y'),
(2413, 'Indpur', 36, 715, 'Y'),
(2414, 'Indragarh', 28, 514, 'Y'),
(2415, 'Indri', 11, 198, 'Y'),
(2416, 'Indukurpet', 2, 11, 'Y'),
(2417, 'Indus', 36, 715, 'Y'),
(2418, 'Industrial', 25, 450, 'Y'),
(2419, 'Inkollu', 2, 10, 'Y'),
(2420, 'I. Polavaram', 2, 6, 'Y'),
(2421, 'Ipur', 2, 7, 'Y'),
(2422, 'Iragavaram', 2, 15, 'Y'),
(2423, 'Irala', 2, 5, 'Y'),
(2424, 'Iritty', 16, 299, 'Y'),
(2425, 'Isagarh', 19, 316, 'Y'),
(2426, 'Ishupur', 5, 106, 'Y'),
(2427, 'Islamnagar Aliganj', 5, 86, 'Y'),
(2428, 'Islampur', 5, 97, 'Y'),
(2429, 'Islampur', 36, 720, 'Y'),
(2430, 'ISLAND', 21, 409, 'Y'),
(2431, 'Ismailabad ST', 11, 199, 'Y'),
(2432, 'Ismailpur', 5, 80, 'Y'),
(2433, 'Ispur', 12, 221, 'Y'),
(2434, 'Israna', 11, 204, 'Y'),
(2435, 'Itahar', 36, 720, 'Y'),
(2436, 'Itamati', 25, 473, 'Y'),
(2437, 'Itanagar EAC', 3, 33, 'Y'),
(2438, 'Itarhi', 5, 82, 'Y'),
(2439, 'Itarsi', 19, 334, 'Y'),
(2440, 'Itikyala', 31, 586, 'Y'),
(2441, 'Itkhori', 14, 243, 'Y'),
(2442, 'Itki', 14, 261, 'Y'),
(2443, 'Itwa', 35, 706, 'Y'),
(2444, 'Jabalpur', 19, 336, 'Y'),
(2445, 'Jabera', 19, 325, 'Y'),
(2446, 'Jadcherla', 31, 592, 'Y'),
(2447, 'Jafferabad', 20, 378, 'Y'),
(2448, 'Jafrabad', 10, 156, 'Y'),
(2449, 'Jagadhri', 11, 209, 'Y'),
(2450, 'Jagalur', 15, 277, 'Y'),
(2451, 'JAGANNATH PRASAD', 25, 460, 'Y'),
(2452, 'Jagannathpur', 14, 265, 'Y'),
(2453, 'Jagatballavpur', 36, 722, 'Y'),
(2454, 'Jagatpur', 25, 456, 'Y'),
(2455, 'Jagatsinghapur', 25, 461, 'Y'),
(2456, 'Jagdalpur', 7, 117, 'Y'),
(2457, 'Jagdevpur', 31, 606, 'Y'),
(2458, 'Jagdishpur', 5, 80, 'Y'),
(2459, 'Jagdishpur', 5, 81, 'Y'),
(2460, 'Jaggampeta', 2, 6, 'Y'),
(2461, 'Jaggayyapeta', 2, 8, 'Y'),
(2462, 'Jagitial', 31, 583, 'Y'),
(2463, 'Jagitial Rural', 31, 583, 'Y'),
(2464, 'Jagraon', 27, 495, 'Y'),
(2465, 'Jahazpur', 28, 512, 'Y'),
(2466, 'Jaijaipur', 7, 126, 'Y'),
(2467, 'Jainagar', 14, 255, 'Y'),
(2468, 'Jainagar', 5, 94, 'Y'),
(2469, 'JAINATH', 31, 580, 'Y'),
(2470, 'Jainoor', 31, 590, 'Y'),
(2471, 'Jainti', 34, 624, 'Y'),
(2472, 'Jaipur', 28, 522, 'Y'),
(2473, 'Jaipur', 31, 593, 'Y'),
(2474, 'Jaipur', 36, 734, 'Y'),
(2475, 'Jairampur ADC', 3, 18, 'Y'),
(2476, 'Jaisalmer', 28, 523, 'Y'),
(2477, 'Jaisinagar', 19, 351, 'Y'),
(2478, 'Jaisinghnagar', 19, 355, 'Y'),
(2479, 'Jaisinghpur', 35, 709, 'Y'),
(2480, 'Jaisinghpur', 12, 213, 'Y'),
(2481, 'Jaitaran', 28, 531, 'Y'),
(2482, 'Jaithari', 19, 315, 'Y'),
(2483, 'Jaitpur', 19, 355, 'Y'),
(2484, 'Jaitu', 27, 487, 'Y'),
(2485, 'Jajapur', 25, 462, 'Y'),
(2486, 'Jajapur Road', 25, 462, 'Y'),
(2487, 'JajiReddyGudem', 31, 607, 'Y'),
(2488, 'Jajpur Sadar', 25, 462, 'Y'),
(2489, 'Jakhal ST', 11, 192, 'Y'),
(2490, 'Jakhama', 24, 441, 'Y'),
(2491, 'Jakhania', 35, 667, 'Y'),
(2492, 'Jakhani Dhar', 34, 634, 'Y'),
(2493, 'Jakhanikhal', 34, 631, 'Y'),
(2494, 'Jakhapura', 25, 462, 'Y'),
(2495, 'Jakholi*', 34, 633, 'Y'),
(2496, 'Jakranpally', 31, 601, 'Y'),
(2497, 'Jaladanki', 2, 11, 'Y'),
(2498, 'Jalah (Pt)', 4, 42, 'Y'),
(2499, 'Jalalabad', 35, 703, 'Y'),
(2500, 'Jalalabad', 27, 489, 'Y'),
(2501, 'Jalalgarh', 5, 102, 'Y'),
(2502, 'Jalali', 34, 624, 'Y'),
(2503, 'Jalalpore', 10, 177, 'Y'),
(2504, 'Jalalpur', 35, 639, 'Y'),
(2505, 'Jalalpur', 5, 106, 'Y'),
(2506, 'Jalandhar - I', 27, 493, 'Y'),
(2507, 'Jalandhar - II', 27, 493, 'Y'),
(2508, 'Jalangi', 36, 730, 'Y'),
(2509, 'Jalaun', 35, 674, 'Y'),
(2510, 'Jaldega', 14, 264, 'Y'),
(2511, 'Jale', 5, 83, 'Y'),
(2512, 'Jalesar', 35, 660, 'Y'),
(2513, 'Jaleswar', 25, 452, 'Y'),
(2514, 'Jalgaon', 20, 377, 'Y'),
(2515, 'Jalgaon (Jamod)', 20, 371, 'Y'),
(2516, 'Jalkot', 20, 380, 'Y'),
(2517, 'Jalna', 20, 378, 'Y'),
(2518, 'Jalog', 12, 218, 'Y'),
(2519, 'Jalor', 28, 524, 'Y'),
(2520, 'Jalpaiguri', 36, 723, 'Y'),
(2521, 'Jalukie', 24, 445, 'Y'),
(2522, 'Jalumuru', 2, 12, 'Y'),
(2523, 'Jama', 14, 246, 'Y'),
(2524, 'Jamai', 19, 324, 'Y'),
(2525, 'Jamalpur', 5, 95, 'Y'),
(2526, 'Jamalpur', 36, 733, 'Y'),
(2527, 'Jamankira', 25, 477, 'Y'),
(2528, 'Jamboni', 36, 724, 'Y'),
(2529, 'Jamboo Marine', 25, 466, 'Y'),
(2530, 'Jambughoda', 10, 178, 'Y'),
(2531, 'Jambusar', 10, 160, 'Y'),
(2532, 'Jamda', 25, 471, 'Y'),
(2533, 'Jami', 2, 14, 'Y'),
(2534, 'Jamiri Circle', 3, 40, 'Y'),
(2535, 'Jamjodhpur', 10, 169, 'Y'),
(2536, 'Jamkandorna', 10, 181, 'Y'),
(2537, 'Jamkhandi', 15, 266, 'Y'),
(2538, 'Jamkhed', 20, 365, 'Y'),
(2539, 'Jammalamadugu', 2, 16, 'Y'),
(2540, 'Jammikunta', 31, 588, 'Y'),
(2541, 'Jammu', 13, 228, 'Y'),
(2542, 'Jammu North', 13, 228, 'Y'),
(2543, 'Jammu South', 13, 228, 'Y'),
(2544, 'Jammu West', 13, 228, 'Y'),
(2545, 'Jamnagar City', 10, 169, 'Y'),
(2546, 'Jamnagar Rural', 10, 169, 'Y'),
(2547, 'Jamner', 20, 377, 'Y'),
(2548, 'Jampuijala', 33, 620, 'Y'),
(2549, 'Jamtara', 14, 253, 'Y'),
(2550, 'Jamua', 14, 249, 'Y'),
(2551, 'Jamui', 5, 86, 'Y'),
(2552, 'jamunaha', 35, 705, 'Y'),
(2553, 'Jamunamarathoor', 30, 575, 'Y'),
(2554, 'Jamuria', 36, 732, 'Y'),
(2555, 'Jamwa Ramgarh', 28, 522, 'Y'),
(2556, 'Janakavarampanguluru', 2, 10, 'Y'),
(2557, 'Jandaha', 5, 112, 'Y'),
(2558, 'Jang ADC', 3, 36, 'Y'),
(2559, 'Jangareddigudem', 2, 15, 'Y'),
(2560, 'Jangipara', 36, 721, 'Y'),
(2561, 'Jangla', 12, 218, 'Y'),
(2562, 'Jangoan', 31, 584, 'Y'),
(2563, 'Janjgir', 7, 126, 'Y'),
(2564, 'Jankia', 25, 468, 'Y'),
(2565, 'Jannaram', 31, 593, 'Y'),
(2566, 'Jansath', 35, 694, 'Y'),
(2567, 'Jaoli', 20, 394, 'Y'),
(2568, 'Jaora', 19, 349, 'Y'),
(2569, 'JARADA', 25, 460, 'Y'),
(2570, 'Jarapada', 25, 450, 'Y'),
(2571, 'Jaridih', 14, 242, 'Y'),
(2572, 'Jarmundi', 14, 246, 'Y'),
(2573, 'Jasdan', 10, 181, 'Y'),
(2574, 'Jashipur', 25, 471, 'Y'),
(2575, 'Jashpur', 7, 127, 'Y'),
(2576, 'Jaspur', 34, 635, 'Y'),
(2577, 'Jasrana', 35, 664, 'Y'),
(2578, 'Jaswan', 12, 213, 'Y'),
(2579, 'Jaswantnagar', 35, 661, 'Y'),
(2580, 'Jaswantpura', 28, 524, 'Y'),
(2581, 'Jat', 20, 393, 'Y'),
(2582, 'Jatani', 25, 468, 'Y'),
(2583, 'Jatara', 19, 361, 'Y'),
(2584, 'Jaunpur', 35, 675, 'Y'),
(2585, 'Jawa', 19, 350, 'Y'),
(2586, 'Jawad', 19, 344, 'Y'),
(2587, 'Jawalamukhi', 12, 213, 'Y'),
(2588, 'Jawali', 12, 213, 'Y'),
(2589, 'Jawar', 19, 353, 'Y'),
(2590, 'Jawhar', 20, 388, 'Y'),
(2591, 'Jayal', 28, 530, 'Y'),
(2592, 'Jayapatna', 25, 464, 'Y'),
(2593, 'Jaynagar - I', 36, 713, 'Y'),
(2594, 'Jaynagar - II', 36, 713, 'Y'),
(2595, 'Jaypur', 36, 715, 'Y'),
(2596, 'Jeelugu Milli', 2, 15, 'Y'),
(2597, 'Jehanabad', 5, 87, 'Y'),
(2598, 'Jenapur', 25, 462, 'Y'),
(2599, 'Jengging Circle', 3, 38, 'Y'),
(2600, 'Jesar', 10, 161, 'Y'),
(2601, 'JESSAMI', 21, 416, 'Y'),
(2602, 'Jetpur', 10, 181, 'Y'),
(2603, 'Jetpur Pavi', 10, 163, 'Y'),
(2604, 'Jevargi', 15, 282, 'Y'),
(2605, 'Jewar', 35, 665, 'Y'),
(2606, 'Jeypore', 25, 469, 'Y'),
(2607, 'Jhabua', 19, 337, 'Y'),
(2608, 'Jhadol', 28, 538, 'Y'),
(2609, 'Jhagadia', 10, 160, 'Y'),
(2610, 'Jhajha', 5, 86, 'Y'),
(2611, 'Jhajjar', 11, 195, 'Y'),
(2612, 'Jhalda - I', 36, 734, 'Y'),
(2613, 'Jhalda - II', 36, 734, 'Y'),
(2614, 'Jhalod', 10, 166, 'Y'),
(2615, 'Jhalrapatan', 28, 525, 'Y'),
(2616, 'Jhanduta', 12, 210, 'Y'),
(2617, 'Jhanjharpur', 5, 94, 'Y'),
(2618, 'Jhansi', 35, 676, 'Y'),
(2619, 'Jharasangam', 31, 605, 'Y'),
(2620, 'Jharbandha', 25, 453, 'Y'),
(2621, 'Jharda', 19, 362, 'Y'),
(2622, 'Jhargram', 36, 724, 'Y'),
(2623, 'Jharia-Cum-Jorapokhar-Cum-Sindri', 14, 245, 'Y'),
(2624, 'Jharigan', 25, 472, 'Y'),
(2625, 'Jharpokharia', 25, 471, 'Y'),
(2626, 'Jharsuguda', 25, 463, 'Y'),
(2627, 'Jhinkpani', 14, 265, 'Y'),
(2628, 'Jhiranya', 19, 339, 'Y'),
(2629, 'Jhumpura', 25, 467, 'Y'),
(2630, 'Jhunjhunun', 28, 526, 'Y'),
(2631, 'Jilasu', 34, 626, 'Y'),
(2632, 'JILLED CHOWDERGUDEM', 31, 604, 'Y'),
(2633, 'Jind', 11, 196, 'Y'),
(2634, 'Jinnaram', 31, 605, 'Y'),
(2635, 'Jintur', 20, 389, 'Y'),
(2636, 'Jiran', 19, 344, 'Y'),
(2637, 'Jirang', 22, 421, 'Y'),
(2638, 'Jirania', 33, 623, 'Y'),
(2639, 'Jirapur', 19, 348, 'Y'),
(2640, 'Jiribam', 21, 406, 'Y'),
(2641, 'Jiwati', 20, 372, 'Y'),
(2642, 'Jiyyammavalasa', 2, 14, 'Y'),
(2643, 'Jobat', 19, 314, 'Y'),
(2644, 'Joda', 25, 467, 'Y'),
(2645, 'Jodamba', 25, 470, 'Y'),
(2646, 'Jodhpur', 28, 527, 'Y'),
(2647, 'Jodiya', 10, 169, 'Y'),
(2648, 'Jogapatti', 5, 99, 'Y'),
(2649, 'Jogindarnagar', 12, 217, 'Y'),
(2650, 'Jokihat', 5, 75, 'Y'),
(2651, 'Jol', 12, 221, 'Y'),
(2652, 'Jomlo Mobuk Circle', 3, 35, 'Y'),
(2653, 'Jonai', 4, 50, 'Y'),
(2654, 'JONK', 25, 474, 'Y'),
(2655, 'Jorebunglow Sukiapokhri', 36, 718, 'Y'),
(2656, 'Jorethang', 29, 541, 'Y'),
(2657, 'Jorhat East', 4, 58, 'Y'),
(2658, 'Jorhat West', 4, 58, 'Y'),
(2659, 'Joshimath', 34, 626, 'Y'),
(2660, 'Joshiyara', 34, 636, 'Y'),
(2661, 'Jotana', 10, 173, 'Y'),
(2662, 'JOTHARI', 28, 519, 'Y'),
(2663, 'Joura', 19, 342, 'Y'),
(2664, 'Jourian', 13, 228, 'Y'),
(2665, 'Jubbal', 12, 218, 'Y'),
(2666, 'Jujomura', 25, 477, 'Y'),
(2667, 'Jukkal', 31, 587, 'Y'),
(2668, 'Julana', 11, 196, 'Y'),
(2669, 'Julapalli', 31, 602, 'Y'),
(2670, 'Julurpadu', 31, 581, 'Y'),
(2671, 'Junagadh', 10, 170, 'Y'),
(2672, 'Junagadh City', 10, 170, 'Y'),
(2673, 'Junagarh', 25, 464, 'Y'),
(2674, 'Junga', 12, 218, 'Y'),
(2675, 'Junnar', 20, 390, 'Y'),
(2676, 'Jupadu Bungalow', 2, 9, 'Y'),
(2677, 'Kabi', 29, 540, 'Y'),
(2678, 'KABISURYANAGAR', 25, 460, 'Y'),
(2679, 'KADABA', 15, 276, 'Y'),
(2680, 'Kadaladi', 30, 561, 'Y'),
(2681, 'Kadam', 4, 64, 'Y'),
(2682, 'Kadana', 10, 174, 'Y'),
(2683, 'Kadapa', 2, 16, 'Y'),
(2684, 'Kadavur', 30, 554, 'Y'),
(2685, 'Kadayampatti', 30, 563, 'Y'),
(2686, 'Kadayanallur', 30, 565, 'Y'),
(2687, 'Kaddam Peddur', 31, 600, 'Y'),
(2688, 'Kadegaon', 20, 393, 'Y'),
(2689, 'Kadi', 10, 173, 'Y'),
(2690, 'Kadiam', 2, 6, 'Y'),
(2691, 'Kadipur', 35, 709, 'Y'),
(2692, 'Kadipur ST', 11, 193, 'Y'),
(2693, 'Kadiri', 2, 4, 'Y'),
(2694, 'Kadmat', 18, 312, 'Y'),
(2695, 'Kadthal', 31, 604, 'Y'),
(2696, 'Kadur', 15, 274, 'Y'),
(2697, 'Kadwa', 5, 89, 'Y'),
(2698, 'Kafligair', 34, 625, 'Y'),
(2699, 'Kagal', 20, 379, 'Y'),
(2700, 'Kagaznagar', 31, 590, 'Y'),
(2701, 'KAGWAD', 15, 268, 'Y'),
(2702, 'Kahalgaon', 5, 80, 'Y'),
(2703, 'Kahara', 5, 104, 'Y'),
(2704, 'Kahara', 13, 226, 'Y'),
(2705, 'Kaij', 20, 369, 'Y'),
(2706, 'Kaikalur', 2, 8, 'Y'),
(2707, 'Kailaras', 19, 342, 'Y'),
(2708, 'Kailashahar', 33, 622, 'Y'),
(2709, 'Kaimganj', 35, 662, 'Y'),
(2710, 'Kairana', 35, 704, 'Y'),
(2711, 'Kairo', 14, 257, 'Y'),
(2712, 'Kaiserganj', 35, 646, 'Y'),
(2713, 'Kaithal', 11, 197, 'Y'),
(2714, 'Kajuluru', 2, 6, 'Y'),
(2715, 'Kakapora', 13, 234, 'Y'),
(2716, 'Kakatpur', 25, 475, 'Y'),
(2717, 'Kakching', 21, 407, 'Y'),
(2718, 'Kakdwip', 36, 713, 'Y'),
(2719, 'Kakinada (Rural)', 2, 6, 'Y'),
(2720, 'Kakinada (Urban)', 2, 6, 'Y'),
(2721, 'Kakira', 12, 211, 'Y'),
(2722, 'Kakiriguma', 25, 469, 'Y'),
(2723, 'Kako', 5, 87, 'Y'),
(2724, 'Kakoi Circle', 3, 33, 'Y'),
(2725, 'Kakumanu', 2, 7, 'Y'),
(2726, 'Kalaburagi', 15, 282, 'Y'),
(2727, 'Kaladhungi', 34, 630, 'Y'),
(2728, 'KALAGI', 15, 282, 'Y'),
(2729, 'Kalaigaon', 4, 73, 'Y'),
(2730, 'Kalaiyarkoil', 30, 564, 'Y'),
(2731, 'Kalakada', 2, 5, 'Y'),
(2732, 'Kalakote', 13, 235, 'Y'),
(2733, 'Kalaktang ADC', 3, 40, 'Y'),
(2734, 'Kalamb', 20, 387, 'Y'),
(2735, 'Kalamb', 20, 400, 'Y'),
(2736, 'Kalameshwar', 20, 383, 'Y'),
(2737, 'Kalamnuri', 20, 376, 'Y'),
(2738, 'Kalan', 35, 703, 'Y'),
(2739, 'Kalanaur', 27, 491, 'Y'),
(2740, 'Kalanaur', 11, 206, 'Y'),
(2741, 'Kalanwali', 11, 207, 'Y'),
(2742, 'Kalapipal', 19, 356, 'Y'),
(2743, 'Kalasapadu', 2, 16, 'Y'),
(2744, 'Kalasapakkam', 30, 575, 'Y'),
(2745, 'Kalavad', 10, 169, 'Y'),
(2746, 'Kalavai', 30, 562, 'Y'),
(2747, 'Kalayat', 11, 197, 'Y'),
(2748, 'Kalchini', 36, 714, 'Y'),
(2749, 'Kaler', 5, 76, 'Y'),
(2750, 'Kalgachia', 4, 43, 'Y'),
(2751, 'Kalghatgi', 15, 278, 'Y'),
(2752, 'Kalher', 31, 605, 'Y'),
(2753, 'Kaliabor', 4, 67, 'Y'),
(2754, 'Kaliachak - I', 36, 727, 'Y'),
(2755, 'Kaliachak - II', 36, 727, 'Y'),
(2756, 'Kaliachak - III', 36, 727, 'Y'),
(2757, 'Kaliaganj', 36, 720, 'Y'),
(2758, 'Kaliapani', 25, 462, 'Y'),
(2759, 'Kalidindi', 2, 8, 'Y'),
(2760, 'Kaliganj', 36, 731, 'Y'),
(2761, 'Kaligiri', 2, 11, 'Y'),
(2762, 'Kalikiri', 2, 5, 'Y'),
(2763, 'Kalimela', 25, 470, 'Y'),
(2764, 'Kalimpong -I', 36, 725, 'Y'),
(2765, 'Kalimpong - II', 36, 725, 'Y'),
(2766, 'Kalinagar', 35, 695, 'Y'),
(2767, 'Kalinganagar', 25, 462, 'Y'),
(2768, 'Kalka', 11, 203, 'Y'),
(2769, 'Kalkaji', 8, 150, 'N'),
(2770, 'Kalkulam', 30, 553, 'Y'),
(2771, 'Kalla', 2, 15, 'Y'),
(2772, 'Kallakkurichi', 30, 551, 'Y'),
(2773, 'Kalligudi', 30, 556, 'Y'),
(2774, 'Kallur', 2, 9, 'Y'),
(2775, 'Kalluru', 31, 589, 'Y'),
(2776, 'Kalna - I', 36, 733, 'Y'),
(2777, 'Kalna - II', 36, 733, 'Y'),
(2778, 'Kalol', 12, 210, 'Y'),
(2779, 'Kalol', 10, 178, 'Y'),
(2780, 'Kalol Gandhinagar', 10, 167, 'Y'),
(2781, 'Kaloor Thimmandoddi', 31, 586, 'Y'),
(2782, 'Kalpa', 12, 214, 'Y'),
(2783, 'Kalpeni', 18, 312, 'Y'),
(2784, 'Kalpi', 35, 674, 'Y'),
(2785, 'Kalsi', 34, 628, 'Y'),
(2786, 'Kaluahi', 5, 94, 'Y'),
(2787, 'Kaluvoya', 2, 11, 'Y'),
(2788, 'KALVARAYAN HILLS', 30, 551, 'Y'),
(2789, 'Kalwakurthy', 31, 597, 'Y'),
(2790, 'Kalwan', 20, 386, 'Y'),
(2791, 'Kalyan', 20, 397, 'Y'),
(2792, 'Kalyanasingpur', 25, 476, 'Y'),
(2793, 'Kalyandurg', 2, 4, 'Y'),
(2794, 'KALYANI', 36, 731, 'Y'),
(2795, 'Kalyanpur', 10, 165, 'Y'),
(2796, 'Kalyanpur', 5, 105, 'Y'),
(2797, 'Kalyanpur', 5, 101, 'Y'),
(2798, 'Kamakshyanagar', 25, 458, 'Y'),
(2799, 'Kamalapur', 31, 611, 'Y'),
(2800, 'KAMALAPUR', 15, 282, 'Y'),
(2801, 'Kamalapuram', 2, 16, 'Y'),
(2802, 'KAMALNAGAR', 15, 271, 'Y'),
(2803, 'Kamalpur', 4, 59, 'Y'),
(2804, 'Kamalpur', 33, 616, 'Y'),
(2805, 'Kaman', 28, 511, 'Y'),
(2806, 'Kamanpur', 31, 602, 'Y'),
(2807, 'Kamarda', 25, 452, 'Y'),
(2808, 'Kamareddy', 31, 587, 'Y'),
(2809, 'Kamarposh Balang', 25, 479, 'Y'),
(2810, 'Kamavarapukota', 2, 15, 'Y'),
(2811, 'Kamba ADC', 3, 41, 'Y'),
(2812, 'Kambadur', 2, 4, 'Y'),
(2813, 'Kambhamvaripalle', 2, 5, 'Y'),
(2814, 'Kamdara', 14, 251, 'Y'),
(2815, 'Kamengbari Doimara Circle', 3, 40, 'Y'),
(2816, 'Kamepalli', 31, 589, 'Y'),
(2817, 'Kamjong', 21, 408, 'Y'),
(2818, 'Kammarpally', 31, 601, 'Y'),
(2819, 'KAMPLI', 15, 267, 'Y'),
(2820, 'Kamporijo Circle', 3, 22, 'Y'),
(2821, 'Kamptee', 20, 383, 'Y'),
(2822, 'Kampur', 4, 67, 'Y'),
(2823, 'Kamrau', 12, 219, 'Y'),
(2824, 'Kamrej', 10, 183, 'Y'),
(2825, 'Kamuthi', 30, 561, 'Y'),
(2826, 'Kanadiya', 19, 335, 'Y'),
(2827, 'Kanagal', 31, 598, 'Y'),
(2828, 'Kanaganapalle', 2, 4, 'Y'),
(2829, 'KANAKAGIRI', 15, 285, 'Y'),
(2830, 'Kanakapura', 15, 289, 'Y'),
(2831, 'Kanalichhina', 34, 632, 'Y'),
(2832, 'Kanayannur', 16, 297, 'Y'),
(2833, 'Kanchanpur', 33, 619, 'Y'),
(2834, 'Kancheepuram', 30, 552, 'Y'),
(2835, 'Kanchikacherla', 2, 8, 'Y'),
(2836, 'Kanchili', 2, 12, 'Y'),
(2837, 'Kanda', 34, 625, 'Y'),
(2838, 'Kandachipuram', 30, 578, 'Y'),
(2839, 'Kandaghat', 12, 220, 'Y'),
(2840, 'Kandarpur', 25, 456, 'Y'),
(2841, 'Kandhar', 20, 384, 'Y'),
(2842, 'Kandi', 14, 248, 'Y'),
(2843, 'Kandi', 31, 605, 'Y'),
(2844, 'Kandi', 36, 730, 'Y'),
(2845, 'Kandisaur', 34, 634, 'Y'),
(2846, 'Kandukur', 31, 604, 'Y'),
(2847, 'Kandukur', 2, 10, 'Y'),
(2848, 'Kanekal', 2, 4, 'Y'),
(2849, 'Kangan', 13, 227, 'Y'),
(2850, 'KANGCHUP GELJANG', 21, 409, 'Y'),
(2851, 'Kangeyam', 30, 574, 'Y'),
(2852, 'Kangku Circle', 3, 29, 'Y'),
(2853, 'Kangoo', 12, 212, 'Y'),
(2854, 'KANGPOKPI', 21, 409, 'Y'),
(2855, 'Kangra', 12, 213, 'Y'),
(2856, 'Kangti', 31, 605, 'Y'),
(2857, 'KANGVAI', 21, 403, 'Y'),
(2858, 'Kanha Chatti', 14, 243, 'Y'),
(2859, 'Kanigiri', 2, 10, 'Y'),
(2860, 'Kaniha', 25, 450, 'Y'),
(2861, 'Kanina', 11, 200, 'Y'),
(2862, 'Kanjhawala', 8, 147, 'N'),
(2863, 'Kanjipani', 25, 467, 'Y'),
(2864, 'Kanjirappally', 16, 302, 'Y'),
(2865, 'Kankadahad', 25, 458, 'Y'),
(2866, 'Kankavli', 20, 395, 'Y'),
(2867, 'Kanke', 14, 261, 'Y'),
(2868, 'Kanker', 7, 129, 'Y'),
(2869, 'Kankipadu', 2, 8, 'Y'),
(2870, 'Kankrej', 10, 159, 'Y'),
(2871, 'Kanksa', 36, 732, 'Y'),
(2872, 'Kannad', 20, 368, 'Y'),
(2873, 'Kannaigudem', 31, 596, 'Y'),
(2874, 'Kannauj', 35, 677, 'Y'),
(2875, 'Kannepally', 31, 593, 'Y'),
(2876, 'Kannod', 19, 327, 'Y'),
(2877, 'Kannur', 16, 299, 'Y'),
(2878, 'Kanod', 28, 538, 'Y'),
(2879, 'Kanpur', 25, 456, 'Y'),
(2880, 'Kanpur', 35, 679, 'Y'),
(2881, 'Kansabel', 7, 127, 'Y'),
(2882, 'Kantabanji', 25, 451, 'Y'),
(2883, 'Kantamal', 25, 455, 'Y'),
(2884, 'Kantang Circle', 3, 18, 'Y'),
(2885, 'Kanth', 35, 693, 'Y'),
(2886, 'Kanti', 5, 96, 'Y'),
(2887, 'Kanubari ADC', 3, 27, 'Y'),
(2888, 'Kanwas', 28, 529, 'Y'),
(2889, 'Kapadvanj', 10, 172, 'Y'),
(2890, 'Kapasan', 28, 515, 'Y'),
(2891, 'Kapeshera', 8, 151, 'N'),
(2892, 'Kapileswarapuram', 2, 6, 'Y'),
(2893, 'Kapkot', 34, 625, 'Y'),
(2894, 'Kapra', 31, 595, 'Y'),
(2895, 'Kaprada', 10, 187, 'Y'),
(2896, 'Kaptanganj', 35, 683, 'Y'),
(2897, 'Kaptipada', 25, 471, 'Y'),
(2898, 'KAPU', 15, 292, 'Y'),
(2899, 'Kapurthala', 27, 494, 'Y'),
(2900, 'Karad', 20, 394, 'Y'),
(2901, 'Karahal', 19, 357, 'Y'),
(2902, 'Karaikal Taluk', 26, 480, 'Y'),
(2903, 'Karaikkudi', 30, 564, 'Y'),
(2904, 'Karai Parsurai', 5, 97, 'Y'),
(2905, 'Karakagudem', 31, 581, 'Y'),
(2906, 'Karakat', 5, 103, 'Y'),
(2907, 'Karambakudi', 30, 560, 'Y'),
(2908, 'Karamchedu', 2, 10, 'Y'),
(2909, 'Karandighi', 36, 720, 'Y'),
(2910, 'Karanja', 20, 398, 'Y'),
(2911, 'Karanja', 20, 399, 'Y'),
(2912, 'Karanjia', 25, 471, 'Y'),
(2913, 'Karanpur', 28, 520, 'Y'),
(2914, 'Karapa', 2, 6, 'Y'),
(2915, 'KARATAGI', 15, 285, 'Y'),
(2916, 'Karauli', 28, 528, 'Y'),
(2917, 'Karawal Nagar', 8, 146, 'N'),
(2918, 'Karbook', 33, 617, 'Y'),
(2919, 'Karchhana', 35, 697, 'Y'),
(2920, 'Kareda', 28, 512, 'Y'),
(2921, 'Kareli', 19, 343, 'Y'),
(2922, 'Karempudi', 2, 7, 'Y'),
(2923, 'Karera', 19, 358, 'Y'),
(2924, 'Kargahar', 5, 103, 'Y'),
(2925, 'Kargil', 17, 310, 'Y'),
(2926, 'Karhal', 35, 688, 'Y'),
(2927, 'Kariapatti', 30, 579, 'Y'),
(2928, 'KARIASOL', 14, 245, 'Y'),
(2929, 'KARIMANGALAM', 30, 548, 'Y'),
(2930, 'Karimganj', 4, 62, 'Y'),
(2931, 'Karimnagar', 31, 588, 'Y'),
(2932, 'Karimnagar Rural', 31, 588, 'Y'),
(2933, 'Karimpur - I', 36, 731, 'Y'),
(2934, 'Karimpur - II', 36, 731, 'Y'),
(2935, 'Karjan', 10, 186, 'Y'),
(2936, 'Karjat', 20, 391, 'Y'),
(2937, 'Karjat', 20, 365, 'Y'),
(2938, 'Karkal', 15, 292, 'Y'),
(2939, 'Karkeli', 19, 363, 'Y'),
(2940, 'Karlapalem', 2, 7, 'Y'),
(2941, 'Karmala', 20, 396, 'Y'),
(2942, 'Karma Tanr Vidyasagar*', 14, 253, 'Y'),
(2943, 'Karnah', 13, 232, 'Y'),
(2944, 'Karnal', 11, 198, 'Y'),
(2945, 'Karnaprayag', 34, 626, 'Y'),
(2946, 'Karol Bagh', 8, 142, 'N'),
(2947, 'Karon', 14, 244, 'Y'),
(2948, 'Karpi', 5, 76, 'Y'),
(2949, 'Karra', 14, 254, 'Y'),
(2950, 'Karsog', 12, 217, 'Y'),
(2951, 'Kartala', 7, 131, 'Y'),
(2952, 'Karthikappally', 16, 296, 'Y'),
(2953, 'Karunagappally', 16, 301, 'Y'),
(2954, 'Karur', 30, 554, 'Y'),
(2955, 'Karvetinagar', 2, 5, 'Y'),
(2956, 'Karvir', 20, 379, 'Y'),
(2957, 'Karwar', 15, 293, 'Y'),
(2958, 'Karwi', 35, 658, 'Y'),
(2959, 'Kasaragod', 16, 300, 'Y'),
(2960, 'Kasauli', 12, 220, 'Y'),
(2961, 'Kasba', 5, 102, 'Y'),
(2962, 'Kasdol', 7, 115, 'Y'),
(2963, 'Kasganj', 35, 680, 'Y'),
(2964, 'Kashi Chak', 5, 98, 'Y'),
(2965, 'Kashipur', 25, 476, 'Y'),
(2966, 'Kashipur', 34, 635, 'Y'),
(2967, 'Kashipur', 36, 734, 'Y'),
(2968, 'Kashtigarh', 13, 226, 'Y'),
(2969, 'KASIMABAD', 35, 667, 'Y'),
(2970, 'Kasimkota', 2, 13, 'Y'),
(2971, 'Kasinagar', 25, 459, 'Y'),
(2972, 'Kasipet', 31, 593, 'Y'),
(2973, 'Kasmar', 14, 242, 'Y'),
(2974, 'Kasom Khullen', 21, 408, 'Y'),
(2975, 'Kasrawad', 19, 339, 'Y'),
(2976, 'Kasya', 35, 683, 'Y'),
(2977, 'Katamdag', 14, 252, 'Y'),
(2978, 'Katan Circle', 3, 38, 'Y'),
(2979, 'Katang Circle', 3, 37, 'Y'),
(2980, 'Katangi', 19, 317, 'Y'),
(2981, 'Kataram', 31, 585, 'Y'),
(2982, 'Katarbaga', 25, 477, 'Y'),
(2983, 'Katargam', 10, 183, 'Y'),
(2984, 'Katekalyan', 7, 121, 'Y'),
(2985, 'Katghora', 7, 131, 'Y'),
(2986, 'Kathikund', 14, 246, 'Y'),
(2987, 'Kathiwara', 19, 314, 'Y'),
(2988, 'Kathlal', 10, 172, 'Y'),
(2989, 'Kathlapur', 31, 583, 'Y'),
(2990, 'Kathua', 13, 229, 'Y'),
(2991, 'Kathumar', 28, 507, 'Y'),
(2992, 'Katigora', 4, 46, 'Y'),
(2993, 'Katihar', 5, 89, 'Y'),
(2994, 'Katiya', 5, 85, 'Y'),
(2995, 'Katkamsandi', 14, 252, 'Y'),
(2996, 'Katlichara', 4, 56, 'Y'),
(2997, 'Katni Nagar', 19, 338, 'Y'),
(2998, 'Katol', 20, 383, 'Y'),
(2999, 'Katoria', 5, 78, 'Y'),
(3000, 'Katoula', 12, 217, 'Y'),
(3001, 'Katpadi', 30, 577, 'Y'),
(3002, 'Katra', 5, 96, 'Y'),
(3003, 'Katra', 13, 237, 'Y'),
(3004, 'Katrenikona', 2, 6, 'Y'),
(3005, 'Katrisarai', 5, 97, 'Y'),
(3006, 'Kattakkada', 16, 307, 'Y'),
(3007, 'Kattangur', 31, 598, 'Y'),
(3008, 'Kattumannarkoil', 30, 547, 'Y'),
(3009, 'Katwa - I', 36, 733, 'Y'),
(3010, 'Katwa - II', 36, 733, 'Y'),
(3011, 'Kavali', 2, 11, 'Y'),
(3012, 'Kavant', 10, 163, 'Y'),
(3013, 'Kavaratti', 18, 312, 'Y'),
(3014, 'Kavathemahankal', 20, 393, 'Y'),
(3015, 'Kaviti', 2, 12, 'Y'),
(3016, 'Kawakol', 5, 98, 'Y'),
(3017, 'Kawardha', 7, 128, 'Y'),
(3018, 'Kawarhama', 13, 224, 'Y'),
(3019, 'Kayathar', 30, 576, 'Y'),
(3020, 'Kaying EAC', 3, 35, 'Y'),
(3021, 'Kebai Khelma', 24, 445, 'Y'),
(3022, 'Kebang Circle', 3, 35, 'Y'),
(3023, 'Keegam', 13, 239, 'Y'),
(3024, 'Keesara', 31, 595, 'Y'),
(3025, 'Kegaon', 25, 464, 'Y'),
(3026, 'Keirao Bitra', 21, 404, 'Y'),
(3027, 'Kekri', 28, 506, 'Y'),
(3028, 'Kelapur', 20, 400, 'Y'),
(3029, 'Keller', 13, 239, 'Y'),
(3030, 'Kendrapara', 25, 466, 'Y'),
(3031, 'Kendrapara Sadar', 25, 466, 'Y'),
(3032, 'Kendujhar Sadar', 25, 467, 'Y'),
(3033, 'Kendujhar Town', 25, 467, 'Y'),
(3034, 'Keolari', 19, 354, 'Y'),
(3035, 'Keotiranway', 5, 83, 'Y'),
(3036, 'Kerakat', 35, 675, 'Y'),
(3037, 'Kerameri', 31, 590, 'Y'),
(3038, 'Keran', 13, 232, 'Y'),
(3039, 'Keredari', 14, 252, 'Y'),
(3040, 'Kersai', 14, 264, 'Y'),
(3041, 'Kesamudram', 31, 591, 'Y'),
(3042, 'Kesaria', 5, 101, 'Y'),
(3043, 'Kesath', 5, 82, 'Y'),
(3044, 'Keshampet', 31, 604, 'Y'),
(3045, 'Keshiary', 36, 729, 'Y'),
(3046, 'Keshod', 10, 170, 'Y'),
(3047, 'Keshoraipatan', 28, 514, 'Y'),
(3048, 'Keshpur', 36, 729, 'Y'),
(3049, 'Kesinga', 25, 464, 'Y'),
(3050, 'Keskal', 7, 130, 'Y'),
(3051, 'Kesli', 19, 351, 'Y'),
(3052, 'Ketar*', 14, 248, 'Y'),
(3053, 'KethePally', 31, 598, 'Y'),
(3054, 'Ketugram - I', 36, 733, 'Y'),
(3055, 'Ketugram - II', 36, 733, 'Y'),
(3056, 'Kezocha', 24, 441, 'Y'),
(3057, 'K Gangavaram', 2, 6, 'Y'),
(3058, 'Khacharod', 19, 362, 'Y'),
(3059, 'Khadda', 35, 683, 'Y'),
(3060, 'Khadganva', 7, 132, 'Y'),
(3061, 'Khadur Sahib', 27, 505, 'Y'),
(3062, 'Khag', 13, 225, 'Y'),
(3063, 'Khaga', 35, 663, 'Y'),
(3064, 'Khagaria', 5, 90, 'Y'),
(3065, 'Khair', 35, 638, 'Y'),
(3066, 'Khaira', 5, 86, 'Y'),
(3067, 'Khaira', 25, 452, 'Y'),
(3068, 'Khairagarh', 7, 138, 'Y'),
(3069, 'Khairatabad', 31, 582, 'Y'),
(3070, 'Khairlanji', 19, 317, 'Y'),
(3071, 'Khajauli', 5, 94, 'Y'),
(3072, 'Khajipet', 2, 16, 'Y'),
(3073, 'Khajni', 35, 669, 'Y'),
(3074, 'Khajuripada', 25, 465, 'Y'),
(3075, 'Khajuwala', 28, 513, 'Y'),
(3076, 'Khaknar', 19, 322, 'Y'),
(3077, 'Khalapur', 20, 391, 'Y'),
(3078, 'KHALIKOTE', 25, 460, 'Y'),
(3079, 'Khalilabad', 35, 702, 'Y'),
(3080, 'Khalsi', 17, 311, 'Y'),
(3081, 'Khalwa', 19, 330, 'Y'),
(3082, 'Khamanon', 27, 488, 'Y'),
(3083, 'Khamar', 25, 450, 'Y'),
(3084, 'Khambha', 10, 156, 'Y'),
(3085, 'Khambhalia', 10, 165, 'Y'),
(3086, 'Khambhat', 10, 157, 'Y'),
(3087, 'Khamgaon', 20, 371, 'Y'),
(3088, 'Khammam (Rural)', 31, 589, 'Y'),
(3089, 'Khammam Urban', 31, 589, 'Y'),
(3090, 'KHAMNOR', 28, 533, 'Y'),
(3091, 'Khanakul - I', 36, 721, 'Y'),
(3092, 'Khanakul - II', 36, 721, 'Y'),
(3093, 'Khanapur', 31, 600, 'Y'),
(3094, 'Khanapur', 20, 393, 'Y'),
(3095, 'Khanapur', 31, 610, 'Y'),
(3096, 'Khanapur', 15, 268, 'Y'),
(3097, 'Khandaghosh', 36, 733, 'Y'),
(3098, 'Khandagiri', 25, 468, 'Y'),
(3099, 'Khandala', 20, 394, 'Y'),
(3100, 'Khandapada', 25, 473, 'Y'),
(3101, 'Khandar', 28, 534, 'Y'),
(3102, 'Khandwa', 19, 330, 'Y'),
(3103, 'Khandwa Nagar', 19, 330, 'Y'),
(3104, 'Khaniyadhana', 19, 358, 'Y'),
(3105, 'Khanna', 27, 495, 'Y'),
(3106, 'Khanpur', 5, 105, 'Y'),
(3107, 'Khanpur', 28, 525, 'Y'),
(3108, 'Khanpur', 10, 174, 'Y'),
(3109, 'Khanpur ST', 11, 208, 'Y'),
(3110, 'Khansahib', 13, 225, 'Y'),
(3111, 'Khanyar', 13, 240, 'Y'),
(3112, 'Khaprakhol', 25, 451, 'Y'),
(3113, 'Kharagpur', 5, 95, 'Y'),
(3114, 'Kharagpur - I', 36, 729, 'Y'),
(3115, 'Kharagpur - II', 36, 729, 'Y'),
(3116, 'Kharah Balli', 13, 228, 'Y'),
(3117, 'Kharar', 27, 502, 'Y'),
(3118, 'Kharaundhi', 14, 248, 'Y'),
(3119, 'Khargapur', 19, 361, 'Y'),
(3120, 'Khargone', 19, 339, 'Y'),
(3121, 'Khargone Nagar', 19, 339, 'Y'),
(3122, 'Khargram', 36, 730, 'Y'),
(3123, 'Khari', 13, 236, 'Y'),
(3124, 'KHARIAR', 25, 474, 'Y'),
(3125, 'Kharibari', 36, 718, 'Y'),
(3126, 'Kharik', 5, 80, 'Y'),
(3127, 'Kharkhoda', 11, 208, 'Y'),
(3128, 'Kharkutta', 22, 420, 'Y'),
(3129, 'Kharsang Circle', 3, 18, 'Y'),
(3130, 'Kharsawan', 14, 263, 'Y'),
(3131, 'Kharsia', 7, 136, 'Y'),
(3132, 'Khatarshnong Laitkroh', 22, 419, 'Y'),
(3133, 'Khatauli', 35, 694, 'Y'),
(3134, 'Khatav', 20, 394, 'Y'),
(3135, 'Khategaon', 19, 327, 'Y'),
(3136, 'Khatiguda', 25, 472, 'Y'),
(3137, 'Khatima', 34, 635, 'Y'),
(3138, 'Khatra', 36, 715, 'Y'),
(3139, 'Khawas', 13, 235, 'Y'),
(3140, 'Khawbung', 23, 429, 'Y');
INSERT INTO `city` (`city_id`, `city_name`, `state_id`, `district_id`, `del_action`) VALUES
(3141, 'Khawzawl', 23, 431, 'Y'),
(3142, 'Khazipet', 31, 611, 'Y'),
(3143, 'Khed', 20, 390, 'Y'),
(3144, 'Khed', 20, 392, 'Y'),
(3145, 'Kheda', 10, 172, 'Y'),
(3146, 'Khedbrahma', 10, 182, 'Y'),
(3147, 'Kheenvsar', 28, 530, 'Y'),
(3148, 'Khejuri - I', 36, 728, 'Y'),
(3149, 'Khejuri - II', 36, 728, 'Y'),
(3150, 'Khekada', 35, 645, 'Y'),
(3151, 'Khelari', 14, 261, 'Y'),
(3152, 'Khenawa Circle', 3, 20, 'Y'),
(3153, 'KHENDELA', 28, 535, 'Y'),
(3154, 'KHENGJOY', 21, 402, 'Y'),
(3155, 'Kheragarh', 35, 637, 'Y'),
(3156, 'Kheralu', 10, 173, 'Y'),
(3157, 'Khergam', 10, 177, 'Y'),
(3158, 'Kheri Jalab ST', 11, 194, 'Y'),
(3159, 'Kherwara', 28, 538, 'Y'),
(3160, 'Khetri', 28, 526, 'Y'),
(3161, 'Khezhakeno', 24, 446, 'Y'),
(3162, 'Khila Warangal', 31, 611, 'Y'),
(3163, 'Khilchipur', 19, 348, 'Y'),
(3164, 'Khimiyang EAC', 3, 18, 'Y'),
(3165, 'Khirkiya', 19, 333, 'Y'),
(3166, 'Khizirsarai', 5, 84, 'Y'),
(3167, 'Khizrabad ST', 11, 209, 'Y'),
(3168, 'Khliehriat', 22, 418, 'Y'),
(3169, 'Khoie', 13, 224, 'Y'),
(3170, 'Khoirabari', 4, 73, 'Y'),
(3171, 'Khongsa', 24, 440, 'Y'),
(3172, 'Khonsa HQ', 3, 37, 'Y'),
(3173, 'Khordha', 25, 468, 'Y'),
(3174, 'Khordha Sadar', 25, 468, 'Y'),
(3175, 'Khoupum', 21, 410, 'Y'),
(3176, 'Khour', 13, 228, 'Y'),
(3177, 'Khowai', 33, 618, 'Y'),
(3178, 'Khoyrasol', 36, 716, 'Y'),
(3179, 'Khudabandpur', 5, 79, 'Y'),
(3180, 'Khudel', 19, 335, 'Y'),
(3181, 'Khujner', 19, 348, 'Y'),
(3182, 'Khuldabad', 20, 368, 'Y'),
(3183, 'Khumtai', 4, 55, 'Y'),
(3184, 'Khundian', 12, 213, 'Y'),
(3185, 'Khunta', 25, 471, 'Y'),
(3186, 'Khunti', 14, 254, 'Y'),
(3187, 'Khuntpani', 14, 265, 'Y'),
(3188, 'Khuntuni', 25, 456, 'Y'),
(3189, 'Khurai', 19, 351, 'Y'),
(3190, 'Khurja', 35, 656, 'Y'),
(3191, 'Khusrupur', 5, 100, 'Y'),
(3192, 'Khuza', 24, 446, 'Y'),
(3193, 'Kiakata', 25, 450, 'Y'),
(3194, 'Kibithoo Circle', 3, 17, 'Y'),
(3195, 'Kichha', 34, 635, 'Y'),
(3196, 'KIKRUMA', 24, 446, 'Y'),
(3197, 'KILAKARAI', 30, 561, 'Y'),
(3198, 'Killiyoor', 30, 553, 'Y'),
(3199, 'Kilpennathur', 30, 575, 'Y'),
(3200, 'Kiltan', 18, 312, 'Y'),
(3201, 'Kilvelur', 30, 557, 'Y'),
(3202, 'Kimin SDO', 3, 33, 'Y'),
(3203, 'KINATHUKADAVU', 30, 546, 'Y'),
(3204, 'Kinjirkela', 25, 479, 'Y'),
(3205, 'Kinwat', 20, 384, 'Y'),
(3206, 'Kiphire Sadar', 24, 440, 'Y'),
(3207, 'Kiraoli', 35, 637, 'Y'),
(3208, 'Kiratpur', 5, 83, 'Y'),
(3209, 'Kirlampudi', 2, 6, 'Y'),
(3210, 'Kirnapur', 19, 317, 'Y'),
(3211, 'Kirtinagar', 34, 634, 'Y'),
(3212, 'Kishanganj', 5, 91, 'Y'),
(3213, 'Kishanganj', 28, 509, 'Y'),
(3214, 'Kishanganj', 5, 93, 'Y'),
(3215, 'Kishangarh', 28, 506, 'Y'),
(3216, 'Kishangarh Bas', 28, 507, 'Y'),
(3217, 'KISHANGARH RENWAL', 28, 522, 'Y'),
(3218, 'Kishannagar', 25, 456, 'Y'),
(3219, 'Kishanpur', 5, 111, 'Y'),
(3220, 'Kishni', 35, 688, 'Y'),
(3221, 'Kishorenagar', 25, 450, 'Y'),
(3222, 'Kishtwar', 13, 230, 'Y'),
(3223, 'Kisinda', 25, 477, 'Y'),
(3224, 'Kisko', 14, 257, 'Y'),
(3225, 'Kitpi Circle', 3, 36, 'Y'),
(3226, 'KITTUR', 15, 268, 'Y'),
(3227, 'Kiusam', 24, 440, 'Y'),
(3228, 'K.Kotapadu', 2, 13, 'Y'),
(3229, 'Kochadhamin', 5, 91, 'Y'),
(3230, 'Kochas', 5, 103, 'Y'),
(3231, 'Kochi', 16, 297, 'Y'),
(3232, 'Kochinda', 25, 477, 'Y'),
(3233, 'Kodad', 31, 607, 'Y'),
(3234, 'Kodaikanal', 30, 549, 'Y'),
(3235, 'Kodair', 31, 597, 'Y'),
(3236, 'Kodakandla', 31, 584, 'Y'),
(3237, 'KODALA', 25, 460, 'Y'),
(3238, 'Kodangal', 31, 608, 'Y'),
(3239, 'Kodavalur', 2, 11, 'Y'),
(3240, 'Koderma', 14, 255, 'Y'),
(3241, 'Kodimial', 31, 583, 'Y'),
(3242, 'Kodinar', 10, 168, 'Y'),
(3243, 'Kodinga', 25, 472, 'Y'),
(3244, 'Kodumudi', 30, 550, 'Y'),
(3245, 'Kodumur', 2, 9, 'Y'),
(3246, 'Kodungallur', 16, 308, 'Y'),
(3247, 'Kodur', 2, 16, 'Y'),
(3248, 'Koduru', 2, 8, 'Y'),
(3249, 'Koheda', 31, 606, 'Y'),
(3250, 'Kohima Sadar', 24, 441, 'Y'),
(3251, 'Kohir', 31, 605, 'Y'),
(3252, 'Koida', 25, 479, 'Y'),
(3253, 'Koil', 35, 638, 'Y'),
(3254, 'Koilkonda', 31, 592, 'Y'),
(3255, 'Koilkuntla', 2, 9, 'Y'),
(3256, 'Koilwar', 5, 81, 'Y'),
(3257, 'Kokasara', 25, 464, 'Y'),
(3258, 'Kokernag', 13, 222, 'Y'),
(3259, 'Kokrajhar', 4, 63, 'Y'),
(3260, 'Kolabira', 25, 463, 'Y'),
(3261, 'Kolaghat', 36, 728, 'Y'),
(3262, 'Kolar', 15, 284, 'Y'),
(3263, 'Kolar', 19, 321, 'Y'),
(3264, 'Kolaras', 19, 358, 'Y'),
(3265, 'KOLAR GOLD FIELD', 15, 284, 'Y'),
(3266, 'Kolayat', 28, 513, 'Y'),
(3267, 'Kolebira', 14, 264, 'Y'),
(3268, 'KOLHAR', 15, 294, 'Y'),
(3269, 'Koliana', 25, 471, 'Y'),
(3270, 'Kolimigundla', 2, 9, 'Y'),
(3271, 'Kollam', 16, 301, 'Y'),
(3272, 'Kollapur', 31, 597, 'Y'),
(3273, 'Kollegal', 15, 272, 'Y'),
(3274, 'KOLLI HILLS', 30, 558, 'Y'),
(3275, 'Kollipara', 2, 7, 'Y'),
(3276, 'Kollur', 2, 7, 'Y'),
(3277, 'KOLORIANG HQ', 3, 24, 'Y'),
(3278, 'Komarada', 2, 14, 'Y'),
(3279, 'Komarolu', 2, 10, 'Y'),
(3280, 'Kombo Circle', 3, 41, 'Y'),
(3281, 'KOMNA', 25, 474, 'Y'),
(3282, 'Komuravelli', 31, 606, 'Y'),
(3283, 'Konakanamitla', 2, 10, 'Y'),
(3284, 'Konaraopet', 31, 603, 'Y'),
(3285, 'Konark', 25, 475, 'Y'),
(3286, 'Konch', 5, 84, 'Y'),
(3287, 'Konch', 35, 674, 'Y'),
(3288, 'Kondagaon', 7, 130, 'Y'),
(3289, 'Kondamallepally', 31, 598, 'Y'),
(3290, 'Kondapak', 31, 606, 'Y'),
(3291, 'Kondapi', 2, 10, 'Y'),
(3292, 'Kondapur', 31, 605, 'Y'),
(3293, 'Kondapuram', 2, 16, 'Y'),
(3294, 'Kondapuram', 2, 11, 'Y'),
(3295, 'Kondotty', 16, 304, 'Y'),
(3296, 'Kondurg', 31, 604, 'Y'),
(3297, 'Konijerla', 31, 589, 'Y'),
(3298, 'Konni', 16, 306, 'Y'),
(3299, 'Konta', 7, 139, 'Y'),
(3300, 'Koothanallur', 30, 570, 'Y'),
(3301, 'Kopargaon', 20, 365, 'Y'),
(3302, 'Koppa', 15, 274, 'Y'),
(3303, 'Koppal', 15, 285, 'Y'),
(3304, 'Kora Circle', 3, 29, 'Y'),
(3305, 'Korai', 25, 462, 'Y'),
(3306, 'Koraon', 35, 697, 'Y'),
(3307, 'Koraput', 25, 469, 'Y'),
(3308, 'Koraput Town', 25, 469, 'Y'),
(3309, 'Koratagere', 15, 291, 'Y'),
(3310, 'Korba', 7, 131, 'Y'),
(3311, 'Korchi', 20, 374, 'Y'),
(3312, 'Koregaon', 20, 394, 'Y'),
(3313, 'Korha', 5, 89, 'Y'),
(3314, 'Korisapadu', 2, 10, 'Y'),
(3315, 'Koronu Circle', 3, 28, 'Y'),
(3316, 'Korpana', 20, 372, 'Y'),
(3317, 'Korukonda', 2, 6, 'Y'),
(3318, 'Korutla', 31, 583, 'Y'),
(3319, 'Kosagumuda', 25, 472, 'Y'),
(3320, 'Kosgi', 31, 599, 'Y'),
(3321, 'Kosigi', 2, 9, 'Y'),
(3322, 'Kosli', 11, 205, 'Y'),
(3323, 'Kosya Kutauli', 34, 630, 'Y'),
(3324, 'Kota', 2, 11, 'Y'),
(3325, 'Kota', 7, 120, 'Y'),
(3326, 'Kotabommali', 2, 12, 'Y'),
(3327, 'Kotagarh', 25, 465, 'Y'),
(3328, 'Kotagiri', 31, 601, 'Y'),
(3329, 'Kotagiri', 30, 568, 'Y'),
(3330, 'KOTAKPURA', 27, 487, 'Y'),
(3331, 'Kotananduru', 2, 6, 'Y'),
(3332, 'Kotapally', 31, 593, 'Y'),
(3333, 'Kotar', 19, 352, 'Y'),
(3334, 'Kotauratla', 2, 13, 'Y'),
(3335, 'Kotda Sangani', 10, 181, 'Y'),
(3336, 'Kotdwara', 34, 631, 'Y'),
(3337, 'Kotepally', 31, 608, 'Y'),
(3338, 'Koteranka', 13, 235, 'Y'),
(3339, 'Kotgarh', 12, 218, 'Y'),
(3340, 'Kothacheruvu', 2, 4, 'Y'),
(3341, 'Kothaguda', 31, 591, 'Y'),
(3342, 'Kothagudem', 31, 581, 'Y'),
(3343, 'Kothakota', 31, 609, 'Y'),
(3344, 'Kothamangalam', 16, 297, 'Y'),
(3345, 'Kothapalle', 2, 6, 'Y'),
(3346, 'Kothapalle', 2, 9, 'Y'),
(3347, 'Kothapally', 31, 588, 'Y'),
(3348, 'Kotha Patnam', 2, 10, 'Y'),
(3349, 'Kothapeta', 2, 6, 'Y'),
(3350, 'Kothavalasa', 2, 14, 'Y'),
(3351, 'Kothi', 19, 352, 'Y'),
(3352, 'Kothi Mahal', 19, 362, 'Y'),
(3353, 'Kothur', 31, 604, 'Y'),
(3354, 'Kothuru', 2, 12, 'Y'),
(3355, 'Kotiya', 25, 469, 'Y'),
(3356, 'Kotkasim', 28, 507, 'Y'),
(3357, 'Kotkhai', 12, 218, 'Y'),
(3358, 'KOTKHAWDA', 28, 522, 'Y'),
(3359, 'Kotla', 12, 213, 'Y'),
(3360, 'Kotli', 12, 217, 'Y'),
(3361, 'Kotma', 19, 315, 'Y'),
(3362, 'Kotpad', 25, 469, 'Y'),
(3363, 'Kotputli', 28, 522, 'Y'),
(3364, 'Kotra', 28, 538, 'Y'),
(3365, 'Kotri', 28, 512, 'Y'),
(3366, 'Kottarakkara', 16, 301, 'Y'),
(3367, 'Kottayam', 16, 302, 'Y'),
(3368, 'KOTTURU', 15, 267, 'Y'),
(3369, 'Kotulpur', 36, 715, 'Y'),
(3370, 'Kotwa', 5, 101, 'Y'),
(3371, 'Kotwali', 8, 142, 'N'),
(3372, 'Koutala', 31, 590, 'Y'),
(3373, 'Kovilpatti', 30, 576, 'Y'),
(3374, 'Kovur', 2, 11, 'Y'),
(3375, 'Kovvur', 2, 15, 'Y'),
(3376, 'Kowdipally', 31, 594, 'Y'),
(3377, 'Kowthalam', 2, 9, 'Y'),
(3378, 'Koya', 4, 59, 'Y'),
(3379, 'Koyilandi', 16, 303, 'Y'),
(3380, 'Koyu EAC', 3, 29, 'Y'),
(3381, 'Koyyalagudem', 2, 15, 'Y'),
(3382, 'Koyyuru', 2, 13, 'Y'),
(3383, 'Kozhenchery', 16, 306, 'Y'),
(3384, 'Kozhikode', 16, 303, 'Y'),
(3385, 'Kralpora', 13, 232, 'Y'),
(3386, 'Kreeri', 13, 224, 'Y'),
(3387, 'Krishangarh', 12, 220, 'Y'),
(3388, 'Krishna', 31, 599, 'Y'),
(3389, 'Krishnaganj', 36, 731, 'Y'),
(3390, 'Krishnagar - I', 36, 731, 'Y'),
(3391, 'Krishnagar - II', 36, 731, 'Y'),
(3392, 'Krishnagiri', 30, 555, 'Y'),
(3393, 'Krishnagiri', 2, 9, 'Y'),
(3394, 'Krishnarajanagara', 15, 287, 'Y'),
(3395, 'Krishnarajpet', 15, 286, 'Y'),
(3396, 'Krishnarayapuram', 30, 554, 'Y'),
(3397, 'Krityanand Nagar', 5, 102, 'Y'),
(3398, 'Kronli (Arzoo circle)', 3, 19, 'Y'),
(3399, 'Krosuru', 2, 7, 'Y'),
(3400, 'Krushna Prasad', 25, 475, 'Y'),
(3401, 'Kruthivennu', 2, 8, 'Y'),
(3402, 'Kuakhia', 25, 462, 'Y'),
(3403, 'Kuakonda', 7, 121, 'Y'),
(3404, 'Kubeer', 31, 600, 'Y'),
(3405, 'Kubolong', 24, 443, 'Y'),
(3406, 'Kuchai', 14, 263, 'Y'),
(3407, 'Kuchaikote', 5, 85, 'Y'),
(3408, 'KUCHAMAN CITY', 28, 530, 'Y'),
(3409, 'Kudair', 2, 4, 'Y'),
(3410, 'Kudal', 20, 395, 'Y'),
(3411, 'Kudavasal', 30, 570, 'Y'),
(3412, 'Kudligi', 15, 267, 'Y'),
(3413, 'Kudra', 5, 88, 'Y'),
(3414, 'Kuhi', 20, 383, 'Y'),
(3415, 'Kuhoboto', 24, 439, 'Y'),
(3416, 'Kujang', 25, 461, 'Y'),
(3417, 'Kukarmunda', 10, 185, 'Y'),
(3418, 'Kukatpally', 31, 595, 'Y'),
(3419, 'Kukru', 14, 263, 'Y'),
(3420, 'Kukshi', 19, 328, 'Y'),
(3421, 'Kukunoor', 2, 15, 'Y'),
(3422, 'KUKUNOOR', 15, 285, 'Y'),
(3423, 'Kulan ST', 11, 192, 'Y'),
(3424, 'Kulathur', 30, 560, 'Y'),
(3425, 'Kulcharam', 31, 594, 'Y'),
(3426, 'Kulgam', 13, 231, 'Y'),
(3427, 'Kulithalai', 30, 554, 'Y'),
(3428, 'Kulkacharla', 31, 608, 'Y'),
(3429, 'Kullu', 12, 215, 'Y'),
(3430, 'Kulpahar', 35, 687, 'Y'),
(3431, 'Kulpi', 36, 713, 'Y'),
(3432, 'Kultali', 36, 713, 'Y'),
(3433, 'KUMARAPALAYAM', 30, 558, 'Y'),
(3434, 'Kumardungi', 14, 265, 'Y'),
(3435, 'Kumarganj', 36, 719, 'Y'),
(3436, 'Kumarghat', 33, 622, 'Y'),
(3437, 'Kumargram', 36, 714, 'Y'),
(3438, 'Kumarkhand', 5, 93, 'Y'),
(3439, 'Kumbakonam', 30, 566, 'Y'),
(3440, 'Kumbhalgarh', 28, 533, 'Y'),
(3441, 'Kumbhraj', 19, 331, 'Y'),
(3442, 'Kumharsain', 12, 218, 'Y'),
(3443, 'Kumher', 28, 511, 'Y'),
(3444, 'Kumta', 15, 293, 'Y'),
(3445, 'Kunavaram', 2, 6, 'Y'),
(3446, 'Kunda', 35, 696, 'Y'),
(3447, 'Kunda', 14, 243, 'Y'),
(3448, 'Kundah', 30, 568, 'Y'),
(3449, 'Kundam', 19, 336, 'Y'),
(3450, 'Kundapura', 15, 292, 'Y'),
(3451, 'Kundei', 25, 472, 'Y'),
(3452, 'Kundgol', 15, 278, 'Y'),
(3453, 'Kundheigola', 25, 457, 'Y'),
(3454, 'Kundhit', 14, 253, 'Y'),
(3455, 'KUNDRATHUR', 30, 552, 'Y'),
(3456, 'Kundura', 25, 469, 'Y'),
(3457, 'Kundurpi', 2, 4, 'Y'),
(3458, 'Kunigal', 15, 291, 'Y'),
(3459, 'Kunihar', 12, 220, 'Y'),
(3460, 'Kunkavav Vadia', 10, 156, 'Y'),
(3461, 'Kunkuri', 7, 127, 'Y'),
(3462, 'Kunnam', 30, 559, 'Y'),
(3463, 'Kunnamkulam', 16, 308, 'Y'),
(3464, 'Kunnathunad', 16, 297, 'Y'),
(3465, 'Kunnathur', 16, 301, 'Y'),
(3466, 'Kuntala', 31, 600, 'Y'),
(3467, 'Kunzar', 13, 224, 'Y'),
(3468, 'Kuppam', 2, 5, 'Y'),
(3469, 'Kupvi', 12, 218, 'Y'),
(3470, 'Kupwara', 13, 232, 'Y'),
(3471, 'Kurabalakota', 2, 5, 'Y'),
(3472, 'Kurai', 19, 354, 'Y'),
(3473, 'Kuravi', 31, 591, 'Y'),
(3474, 'Kurawali', 35, 688, 'Y'),
(3475, 'Kurdeg', 14, 264, 'Y'),
(3476, 'Kurhani', 5, 96, 'Y'),
(3477, 'Kurichedu', 2, 10, 'Y'),
(3478, 'Kurinjipadi', 30, 547, 'Y'),
(3479, 'Kurkheda', 20, 374, 'Y'),
(3480, 'Kurnool', 2, 9, 'Y'),
(3481, 'Kursakatta', 5, 75, 'Y'),
(3482, 'Kursela', 5, 89, 'Y'),
(3483, 'Kurseong', 36, 718, 'Y'),
(3484, 'Kurtha', 5, 76, 'Y'),
(3485, 'Kuru', 14, 257, 'Y'),
(3486, 'Kurud', 7, 122, 'Y'),
(3487, 'KURUGODU', 15, 267, 'Y'),
(3488, 'Kurupam', 2, 14, 'Y'),
(3489, 'Kurwai', 19, 364, 'Y'),
(3490, 'Kushalgarh', 28, 508, 'Y'),
(3491, 'Kusheshwar Asthan', 5, 83, 'Y'),
(3492, 'Kusheshwar Asthan Purbi', 5, 83, 'Y'),
(3493, 'Kushmundi', 36, 719, 'Y'),
(3494, 'Kushtagi', 15, 285, 'Y'),
(3495, 'Kusmi', 19, 359, 'Y'),
(3496, 'Kusumanchi', 31, 589, 'Y'),
(3497, 'Kuthalam', 30, 557, 'Y'),
(3498, 'Kutiyana', 10, 180, 'Y'),
(3499, 'Kutra', 25, 479, 'Y'),
(3500, 'Kuttanad', 16, 296, 'Y'),
(3501, 'Kutumba', 5, 77, 'Y'),
(3502, 'Kuwaria', 28, 533, 'Y'),
(3503, 'K.V.B.Puram', 2, 5, 'Y'),
(3504, 'K V Kuppam', 30, 577, 'Y'),
(3505, 'Labpur', 36, 716, 'Y'),
(3506, 'Lachhmangarh', 28, 535, 'Y'),
(3507, 'Lachhmangarh', 28, 507, 'Y'),
(3508, 'Lada Circle', 3, 20, 'Y'),
(3509, 'Ladania', 5, 94, 'Y'),
(3510, 'Lad Bharol', 12, 217, 'Y'),
(3511, 'Ladnu', 28, 530, 'Y'),
(3512, 'Ladpura', 28, 529, 'Y'),
(3513, 'Ladwa', 11, 199, 'Y'),
(3514, 'Lagru', 12, 213, 'Y'),
(3515, 'Lahar', 19, 320, 'Y'),
(3516, 'Laharighat', 4, 66, 'Y'),
(3517, 'Laharpur', 35, 707, 'Y'),
(3518, 'Lahladpur', 5, 106, 'Y'),
(3519, 'Lahul', 12, 216, 'Y'),
(3520, 'Lahunipara', 25, 479, 'Y'),
(3521, 'Laikera', 25, 463, 'Y'),
(3522, 'Lailunga', 7, 136, 'Y'),
(3523, 'Laju SDO', 3, 37, 'Y'),
(3524, 'Lakhandur', 20, 370, 'Y'),
(3525, 'Lakhani', 20, 370, 'Y'),
(3526, 'Lakhani', 10, 159, 'Y'),
(3527, 'Lakhan Majra ST', 11, 206, 'Y'),
(3528, 'Lakhanpur', 7, 141, 'Y'),
(3529, 'Lakhanpur', 25, 463, 'Y'),
(3530, 'Lakhimpur', 35, 682, 'Y'),
(3531, 'Lakhipur', 4, 54, 'Y'),
(3532, 'Lakhipur', 4, 46, 'Y'),
(3533, 'Lakhisarai', 5, 92, 'Y'),
(3534, 'Lakhnadon', 19, 354, 'Y'),
(3535, 'Lakhnaur', 5, 94, 'Y'),
(3536, 'Lakhpat', 10, 171, 'Y'),
(3537, 'Lakhtar', 10, 184, 'Y'),
(3538, 'Lakkavarapukota', 2, 14, 'Y'),
(3539, 'Lakkireddipalle', 2, 16, 'Y'),
(3540, 'Lakri Nabiganj', 5, 110, 'Y'),
(3541, 'Laksar', 34, 629, 'Y'),
(3542, 'Lakshminarsupeta', 2, 12, 'Y'),
(3543, 'Lakshmipur', 25, 469, 'Y'),
(3544, 'Lakshmipur', 5, 86, 'Y'),
(3545, 'Lala', 4, 56, 'Y'),
(3546, 'Lalbarra', 19, 317, 'Y'),
(3547, 'Laldhang', 34, 629, 'Y'),
(3548, 'Lalganj', 5, 112, 'Y'),
(3549, 'Lalganj', 35, 692, 'Y'),
(3550, 'Lalganj', 35, 698, 'Y'),
(3551, 'Lalganj', 35, 644, 'Y'),
(3552, 'Lalganj', 35, 696, 'Y'),
(3553, 'Lalgola', 36, 730, 'Y'),
(3554, 'Lalgudi', 30, 571, 'Y'),
(3555, 'Lalitpur', 35, 684, 'Y'),
(3556, 'Lalkuan', 34, 630, 'Y'),
(3557, 'Lalpora', 13, 232, 'Y'),
(3558, 'Lalpur', 10, 169, 'Y'),
(3559, 'Lalsot', 28, 517, 'Y'),
(3560, 'Lambhua', 35, 709, 'Y'),
(3561, 'Lamgada', 34, 624, 'Y'),
(3562, 'Lamphelpat', 21, 405, 'Y'),
(3563, 'Lamsang', 21, 405, 'Y'),
(3564, 'Langate', 13, 232, 'Y'),
(3565, 'Lanja', 20, 392, 'Y'),
(3566, 'Lanji', 19, 317, 'Y'),
(3567, 'Lanjigarh', 25, 464, 'Y'),
(3568, 'Lanka', 4, 57, 'Y'),
(3569, 'Lansdowne', 34, 631, 'Y'),
(3570, 'Lapung', 14, 261, 'Y'),
(3571, 'Lar', 13, 227, 'Y'),
(3572, 'Larnoo', 13, 222, 'Y'),
(3573, 'Laroka', 13, 235, 'Y'),
(3574, 'Lasadiya', 28, 538, 'Y'),
(3575, 'Laskein', 22, 426, 'Y'),
(3576, 'Latehar', 14, 256, 'Y'),
(3577, 'Lateri', 19, 364, 'Y'),
(3578, 'Lathao Circle', 3, 31, 'Y'),
(3579, 'Lathi', 10, 156, 'Y'),
(3580, 'Lathikata', 25, 479, 'Y'),
(3581, 'Latti', 13, 241, 'Y'),
(3582, 'Latur', 20, 380, 'Y'),
(3583, 'Laukaha', 5, 94, 'Y'),
(3584, 'Laukahi', 5, 94, 'Y'),
(3585, 'Laundi', 19, 323, 'Y'),
(3586, 'Lauriya', 5, 99, 'Y'),
(3587, 'LAVA', 36, 725, 'Y'),
(3588, 'Laveru', 2, 12, 'Y'),
(3589, 'Lawalaung', 14, 243, 'Y'),
(3590, 'Lawan', 28, 517, 'Y'),
(3591, 'Lawngtlai', 23, 433, 'Y'),
(3592, 'Lawnu Circle', 3, 27, 'Y'),
(3593, 'Laxmanchanda', 31, 600, 'Y'),
(3594, 'LAXMESHWAR', 15, 279, 'Y'),
(3595, 'Laxmidevipalli', 31, 581, 'Y'),
(3596, 'Leh', 17, 311, 'Y'),
(3597, 'Lehra', 27, 501, 'Y'),
(3598, 'Lekang Mahadevpur Circle', 3, 31, 'Y'),
(3599, 'Lepakshi', 2, 4, 'Y'),
(3600, 'Lephripara', 25, 479, 'Y'),
(3601, 'Leporiang Circle', 3, 33, 'Y'),
(3602, 'Lhou Circle', 3, 36, 'Y'),
(3603, 'LHUNGTIN', 21, 409, 'Y'),
(3604, 'Lidhora', 19, 361, 'Y'),
(3605, 'Likabali SDO', 3, 29, 'Y'),
(3606, 'Lilia', 10, 156, 'Y'),
(3607, 'Lilong', 21, 415, 'Y'),
(3608, 'Limbdi', 10, 184, 'Y'),
(3609, 'Limeking Circle', 3, 39, 'Y'),
(3610, 'Limkheda', 10, 166, 'Y'),
(3611, 'Lingal', 31, 597, 'Y'),
(3612, 'Lingala', 2, 16, 'Y'),
(3613, 'LingalaGhanpur', 31, 584, 'Y'),
(3614, 'Lingampet', 31, 587, 'Y'),
(3615, 'Lingapalem', 2, 15, 'Y'),
(3616, 'Lingapur', 31, 590, 'Y'),
(3617, 'LINGARAJ', 25, 468, 'Y'),
(3618, 'Lingasamudram', 2, 10, 'Y'),
(3619, 'Lingsugur', 15, 288, 'Y'),
(3620, 'Liromoba EAC', 3, 41, 'Y'),
(3621, 'Litipara', 14, 258, 'Y'),
(3622, 'Little Andaman', 1, 3, 'Y'),
(3623, 'LM', 21, 416, 'Y'),
(3624, 'Lodhika', 10, 181, 'Y'),
(3625, 'Loha', 20, 384, 'Y'),
(3626, 'Lohaghat', 34, 627, 'Y'),
(3627, 'Lohai Malhar', 13, 229, 'Y'),
(3628, 'Lohandiguda', 7, 117, 'Y'),
(3629, 'Lohara', 20, 387, 'Y'),
(3630, 'Lohardaga', 14, 257, 'Y'),
(3631, 'Loharu', 11, 189, 'Y'),
(3632, 'LOHAWAT', 28, 527, 'Y'),
(3633, 'Loisinga', 25, 451, 'Y'),
(3634, 'Lokeswaram', 31, 600, 'Y'),
(3635, 'Lolab', 13, 232, 'Y'),
(3636, 'Lonar', 20, 371, 'Y'),
(3637, 'Longchem', 24, 443, 'Y'),
(3638, 'Longding HQ', 3, 27, 'Y'),
(3639, 'Longkhim', 24, 447, 'Y'),
(3640, 'Longleng', 24, 442, 'Y'),
(3641, 'LONGMAI', 21, 410, 'Y'),
(3642, 'Longmatra', 24, 440, 'Y'),
(3643, 'Longo Circle', 3, 37, 'Y'),
(3644, 'Longshen', 24, 444, 'Y'),
(3645, 'Longtharai Valley', 33, 616, 'Y'),
(3646, 'Loni', 35, 666, 'Y'),
(3647, 'Lormi', 7, 134, 'Y'),
(3648, 'Lotsu', 24, 448, 'Y'),
(3649, 'Ludhiana (East)', 27, 495, 'Y'),
(3650, 'Ludhiana (West)', 27, 495, 'Y'),
(3651, 'Lumla ADC', 3, 36, 'Y'),
(3652, 'Lunawada', 10, 174, 'Y'),
(3653, 'Lundra', 7, 141, 'Y'),
(3654, 'Lunglei', 23, 434, 'Y'),
(3655, 'Lungsen', 23, 434, 'Y'),
(3656, 'Luni', 28, 527, 'Y'),
(3657, 'Lunkaransar', 28, 513, 'Y'),
(3658, 'Luxettipet', 31, 593, 'Y'),
(3659, 'Lyngok Longtoi Circle', 3, 18, 'Y'),
(3660, 'Machail', 13, 230, 'Y'),
(3661, 'Machareddy', 31, 587, 'Y'),
(3662, 'Machavaram', 2, 7, 'Y'),
(3663, 'Macherla', 2, 7, 'Y'),
(3664, 'Machh kund', 25, 469, 'Y'),
(3665, 'Machhlishahr', 35, 675, 'Y'),
(3666, 'Machhor', 34, 624, 'Y'),
(3667, 'Machi', 21, 414, 'Y'),
(3668, 'Machil', 13, 232, 'Y'),
(3669, 'Machilipatnam', 2, 8, 'Y'),
(3670, 'Mada', 19, 360, 'Y'),
(3671, 'Madakasira', 2, 4, 'Y'),
(3672, 'Madanapalle', 2, 5, 'Y'),
(3673, 'Madanapur', 31, 609, 'Y'),
(3674, 'Madannegi', 34, 634, 'Y'),
(3675, 'Madanpur', 5, 77, 'Y'),
(3676, 'Madanpur Rampur', 25, 464, 'Y'),
(3677, 'Madarihat', 36, 714, 'Y'),
(3678, 'Madathukulam', 30, 574, 'Y'),
(3679, 'madawara', 35, 684, 'Y'),
(3680, 'Maddikera (East)', 2, 9, 'Y'),
(3681, 'Maddipadu', 2, 10, 'Y'),
(3682, 'Maddirala', 31, 607, 'Y'),
(3683, 'Maddur', 31, 599, 'Y'),
(3684, 'Maddur', 15, 286, 'Y'),
(3685, 'Maddur', 31, 606, 'Y'),
(3686, 'Madgul', 31, 604, 'Y'),
(3687, 'Madha', 20, 396, 'Y'),
(3688, 'Madhepur', 5, 94, 'Y'),
(3689, 'Madhepura', 5, 93, 'Y'),
(3690, 'Madhira', 31, 589, 'Y'),
(3691, 'Madhogarh', 35, 674, 'Y'),
(3692, 'Madhuban', 5, 101, 'Y'),
(3693, 'Madhuban', 35, 690, 'Y'),
(3694, 'Madhubani', 5, 94, 'Y'),
(3695, 'Madhubani', 5, 99, 'Y'),
(3696, 'Madhugiri', 15, 291, 'Y'),
(3697, 'Madhupur', 14, 244, 'Y'),
(3698, 'Madhwapur', 5, 94, 'Y'),
(3699, 'Madikeri', 15, 283, 'Y'),
(3700, 'Madnoor', 31, 587, 'Y'),
(3701, 'Madugula', 2, 13, 'Y'),
(3702, 'Madugulapally', 31, 598, 'Y'),
(3703, 'Madukkari', 30, 546, 'Y'),
(3704, 'MADURAI EAST', 30, 556, 'Y'),
(3705, 'Madurai North', 30, 556, 'Y'),
(3706, 'Madurai South', 30, 556, 'Y'),
(3707, 'MADURAI WEST', 30, 556, 'Y'),
(3708, 'Maduranthakam', 30, 544, 'Y'),
(3709, 'Maduravoyal', 30, 545, 'Y'),
(3710, 'Magadi', 15, 289, 'Y'),
(3711, 'Magam', 13, 225, 'Y'),
(3712, 'Maganoor', 31, 599, 'Y'),
(3713, 'Magarlod', 7, 122, 'Y'),
(3714, 'Magrahat - I', 36, 713, 'Y'),
(3715, 'Magrahat - II', 36, 713, 'Y'),
(3716, 'Mahabaleshwar', 20, 394, 'Y'),
(3717, 'Mahabubabad', 31, 591, 'Y'),
(3718, 'Mahabubnagar Rural', 31, 592, 'Y'),
(3719, 'Mahabubnagar Urban', 31, 592, 'Y'),
(3720, 'Mahad', 20, 391, 'Y'),
(3721, 'Mahadevpur', 31, 585, 'Y'),
(3722, 'Mahagama', 14, 250, 'Y'),
(3723, 'Mahagaon', 20, 400, 'Y'),
(3724, 'Mahakalapada', 25, 466, 'Y'),
(3725, 'Maham', 11, 206, 'Y'),
(3726, 'Mahanandi', 2, 9, 'Y'),
(3727, 'Mahanga', 25, 456, 'Y'),
(3728, 'Mahanpur', 13, 229, 'Y'),
(3729, 'Maharajganj', 35, 686, 'Y'),
(3730, 'Maharajganj', 5, 110, 'Y'),
(3731, 'Maharajganj', 35, 698, 'Y'),
(3732, 'Maharajpur', 19, 323, 'Y'),
(3733, 'Maharanipeta', 2, 13, 'Y'),
(3734, 'Mahasamund', 7, 133, 'Y'),
(3735, 'Mahasi', 35, 646, 'Y'),
(3736, 'Mahavan', 35, 689, 'Y'),
(3737, 'Mahendragarh', 11, 200, 'Y'),
(3738, 'Mahesana', 10, 173, 'Y'),
(3739, 'Maheshpur', 14, 258, 'Y'),
(3740, 'Maheshwar', 19, 339, 'Y'),
(3741, 'Maheshwaram', 31, 604, 'Y'),
(3742, 'Mahe Taluk', 26, 481, 'Y'),
(3743, 'Mahidpur', 19, 362, 'Y'),
(3744, 'Mahisadal', 36, 728, 'Y'),
(3745, 'Mahishi', 5, 104, 'Y'),
(3746, 'Mahmora', 4, 47, 'Y'),
(3747, 'Mahmudabad', 35, 707, 'Y'),
(3748, 'Mahnar', 5, 112, 'Y'),
(3749, 'Mahoba', 35, 687, 'Y'),
(3750, 'Maholi', 35, 707, 'Y'),
(3751, 'Mahoor', 20, 384, 'Y'),
(3752, 'Mahore', 13, 237, 'Y'),
(3753, 'Mahroni', 35, 684, 'Y'),
(3754, 'Mahua', 5, 112, 'Y'),
(3755, 'Mahuadanr', 14, 256, 'Y'),
(3756, 'Mahudha', 10, 172, 'Y'),
(3757, 'Mahulapada', 25, 479, 'Y'),
(3758, 'Mahuldiha', 25, 471, 'Y'),
(3759, 'Mahulpalli', 25, 477, 'Y'),
(3760, 'Mahuva', 10, 161, 'Y'),
(3761, 'Mahuva', 10, 183, 'Y'),
(3762, 'Mahwa', 28, 517, 'Y'),
(3763, 'Maihar', 19, 352, 'Y'),
(3764, 'Mainatanr', 5, 99, 'Y'),
(3765, 'Mainpat', 7, 141, 'Y'),
(3766, 'Mainpur', 7, 124, 'Y'),
(3767, 'Mainpuri', 35, 688, 'Y'),
(3768, 'Maira Mandrian', 13, 228, 'Y'),
(3769, 'Mairang', 22, 427, 'Y'),
(3770, 'Mairwa', 5, 110, 'Y'),
(3771, 'Maitha', 35, 678, 'Y'),
(3772, 'Majalta', 13, 241, 'Y'),
(3773, 'Majhauli', 19, 359, 'Y'),
(3774, 'Majhaulia', 5, 99, 'Y'),
(3775, 'Majheen', 12, 213, 'Y'),
(3776, 'Majhgaon', 14, 265, 'Y'),
(3777, 'Majhgawan', 19, 352, 'Y'),
(3778, 'Majhiaon', 14, 248, 'Y'),
(3779, 'Majholi', 19, 336, 'Y'),
(3780, 'Majitha', 27, 484, 'Y'),
(3781, 'Majorganj', 5, 109, 'Y'),
(3782, 'Majuli', 4, 65, 'Y'),
(3783, 'Majura', 10, 183, 'Y'),
(3784, 'Makavarapalem', 2, 13, 'Y'),
(3785, 'Makdi', 7, 130, 'Y'),
(3786, 'Makdon', 19, 362, 'Y'),
(3787, 'Maker', 5, 106, 'Y'),
(3788, 'Makhdumpur', 5, 87, 'Y'),
(3789, 'Makkuva', 2, 14, 'Y'),
(3790, 'Makloor', 31, 601, 'Y'),
(3791, 'Makrana', 28, 530, 'Y'),
(3792, 'Makridi', 12, 217, 'Y'),
(3793, 'Maksoodangarh', 19, 331, 'Y'),
(3794, 'Makthal', 31, 599, 'Y'),
(3795, 'Mal', 36, 723, 'Y'),
(3796, 'MALAKHERA', 28, 507, 'Y'),
(3797, 'Malarna Doongar', 28, 534, 'Y'),
(3798, 'Malavalli', 15, 286, 'Y'),
(3799, 'Maldah (Old)', 36, 727, 'Y'),
(3800, 'Maldakal', 31, 586, 'Y'),
(3801, 'Malegaon', 20, 399, 'Y'),
(3802, 'Malegaon', 20, 386, 'Y'),
(3803, 'Malerkotla', 27, 501, 'Y'),
(3804, 'Malharganj', 19, 335, 'Y'),
(3805, 'Malhargarh', 19, 341, 'Y'),
(3806, 'Malharrao', 31, 585, 'Y'),
(3807, 'Malia Hatina', 10, 170, 'Y'),
(3808, 'Malihabad', 35, 685, 'Y'),
(3809, 'Malikipuram', 2, 6, 'Y'),
(3810, 'Maliya', 10, 175, 'Y'),
(3811, 'Malkajgiri', 31, 595, 'Y'),
(3812, 'Malkangiri', 25, 470, 'Y'),
(3813, 'Malkapur', 20, 371, 'Y'),
(3814, 'Malkharoda', 7, 126, 'Y'),
(3815, 'Mallappally', 16, 306, 'Y'),
(3816, 'Mallapur', 31, 583, 'Y'),
(3817, 'Mallial', 31, 583, 'Y'),
(3818, 'Malout', 27, 504, 'Y'),
(3819, 'Malpur', 10, 158, 'Y'),
(3820, 'Malpura', 28, 537, 'Y'),
(3821, 'Malshiras', 20, 396, 'Y'),
(3822, 'MALSISAR', 28, 526, 'Y'),
(3823, 'Malthon', 19, 351, 'Y'),
(3824, 'Malur', 15, 284, 'Y'),
(3825, 'Malwan', 20, 395, 'Y'),
(3826, 'Mamada', 31, 600, 'Y'),
(3827, 'Mamdot', 27, 490, 'Y'),
(3828, 'Mamidikuduru', 2, 6, 'Y'),
(3829, 'Mamlig', 12, 220, 'Y'),
(3830, 'Man', 20, 394, 'Y'),
(3831, 'Manachanallur', 30, 571, 'Y'),
(3832, 'Manakondur', 31, 588, 'Y'),
(3833, 'Manali', 12, 215, 'Y'),
(3834, 'Manamadurai', 30, 564, 'Y'),
(3835, 'Manamelkudi', 30, 560, 'Y'),
(3836, 'Manamunda', 25, 455, 'Y'),
(3837, 'Mananthavady', 16, 309, 'Y'),
(3838, 'Manapparai', 30, 571, 'Y'),
(3839, 'Manasa', 19, 344, 'Y'),
(3840, 'Manatu', 14, 259, 'Y'),
(3841, 'Manavadar', 10, 170, 'Y'),
(3842, 'Manawar', 19, 328, 'Y'),
(3843, 'Manbazar - I', 36, 734, 'Y'),
(3844, 'Manbazar - II', 36, 734, 'Y'),
(3845, 'Manch', 34, 627, 'Y'),
(3846, 'Manchal', 31, 604, 'Y'),
(3847, 'Manchal Circle', 3, 17, 'Y'),
(3848, 'Mancherial', 31, 593, 'Y'),
(3849, 'Mancheswar', 25, 468, 'Y'),
(3850, 'Mandal', 28, 512, 'Y'),
(3851, 'Mandal', 13, 228, 'Y'),
(3852, 'Mandal', 10, 155, 'Y'),
(3853, 'Mandalgarh', 28, 512, 'Y'),
(3854, 'Mandamarri', 31, 593, 'Y'),
(3855, 'Mandangad', 20, 392, 'Y'),
(3856, 'Mandap', 12, 217, 'Y'),
(3857, 'Mandapeta', 2, 6, 'Y'),
(3858, 'Mandar', 14, 261, 'Y'),
(3859, 'Mandasa', 2, 12, 'Y'),
(3860, 'Mandavalli', 2, 8, 'Y'),
(3861, 'Mandawar', 28, 517, 'Y'),
(3862, 'Mandawar', 28, 507, 'Y'),
(3863, 'Mandi', 13, 233, 'Y'),
(3864, 'Mandi', 12, 217, 'Y'),
(3865, 'Mandirbazar', 36, 713, 'Y'),
(3866, 'Mandla', 19, 340, 'Y'),
(3867, 'Mandrayal', 28, 528, 'Y'),
(3868, 'Mandro', 14, 262, 'Y'),
(3869, 'Mandsaur', 19, 341, 'Y'),
(3870, 'Mandsaur Nagar', 19, 341, 'Y'),
(3871, 'Mandu', 14, 260, 'Y'),
(3872, 'Mandvi', 10, 171, 'Y'),
(3873, 'Mandvi surat', 10, 183, 'Y'),
(3874, 'Mandya', 15, 286, 'Y'),
(3875, 'Manendragarh', 7, 132, 'Y'),
(3876, 'Maner', 5, 100, 'Y'),
(3877, 'Manesar', 11, 193, 'Y'),
(3878, 'Manethi ST', 11, 205, 'Y'),
(3879, 'Mangalagiri', 2, 7, 'Y'),
(3880, 'Mangaldoi (Pt)', 4, 49, 'Y'),
(3881, 'Mangalpur', 25, 462, 'Y'),
(3882, 'Mangaluru', 15, 276, 'Y'),
(3883, 'Mangalvedhe', 20, 396, 'Y'),
(3884, 'Mangan', 29, 540, 'Y'),
(3885, 'Mangaon', 20, 391, 'Y'),
(3886, 'Mangapet', 31, 596, 'Y'),
(3887, 'Mangawan', 19, 350, 'Y'),
(3888, 'Mangko', 24, 447, 'Y'),
(3889, 'Mangkolemba', 24, 443, 'Y'),
(3890, 'Mangolkote', 36, 733, 'Y'),
(3891, 'Mangrol', 28, 509, 'Y'),
(3892, 'Mangrol', 10, 170, 'Y'),
(3893, 'Mangrol', 10, 183, 'Y'),
(3894, 'Mangrulpir', 20, 399, 'Y'),
(3895, 'Mania', 28, 518, 'Y'),
(3896, 'Manigachhi', 5, 83, 'Y'),
(3897, 'Manihari', 5, 89, 'Y'),
(3898, 'Manika', 14, 256, 'Y'),
(3899, 'Manikchak', 36, 727, 'Y'),
(3900, 'MANIKPUR', 35, 658, 'Y'),
(3901, 'Maninagar', 10, 155, 'Y'),
(3902, 'Manjakote', 13, 235, 'Y'),
(3903, 'Manjeswaram', 16, 300, 'Y'),
(3904, 'Manjha', 5, 85, 'Y'),
(3905, 'Manjhanpur', 35, 681, 'Y'),
(3906, 'Manjhari', 14, 265, 'Y'),
(3907, 'Manjhi', 5, 106, 'Y'),
(3908, 'Manjlegaon', 20, 369, 'Y'),
(3909, 'Mankachar', 4, 71, 'Y'),
(3910, 'Mankapur', 35, 668, 'Y'),
(3911, 'Mankote', 13, 233, 'Y'),
(3912, 'Manmangalam', 30, 554, 'Y'),
(3913, 'Manmao EAC', 3, 18, 'Y'),
(3914, 'Mannargudi', 30, 570, 'Y'),
(3915, 'Mannarkad', 16, 305, 'Y'),
(3916, 'Manoharabad', 31, 594, 'Y'),
(3917, 'Manoharpur', 14, 265, 'Y'),
(3918, 'Manohar Thana', 28, 525, 'Y'),
(3919, 'Manoor', 31, 605, 'Y'),
(3920, 'Manopad', 31, 586, 'Y'),
(3921, 'Manora', 20, 399, 'Y'),
(3922, 'Manora', 7, 127, 'Y'),
(3923, 'Manpur', 19, 363, 'Y'),
(3924, 'Manpur', 7, 138, 'Y'),
(3925, 'Manpur', 5, 84, 'Y'),
(3926, 'Mansa', 27, 496, 'Y'),
(3927, 'Mansa', 10, 167, 'Y'),
(3928, 'Mansahi', 5, 89, 'Y'),
(3929, 'Mansi', 5, 90, 'Y'),
(3930, 'Mansurchak', 5, 79, 'Y'),
(3931, 'Manteswar', 36, 733, 'Y'),
(3932, 'Mantha', 20, 378, 'Y'),
(3933, 'Manthani', 31, 602, 'Y'),
(3934, 'Mantralayam', 2, 9, 'Y'),
(3935, 'Manubolu', 2, 11, 'Y'),
(3936, 'Manuguru', 31, 581, 'Y'),
(3937, 'Manur', 30, 572, 'Y'),
(3938, 'Manvi', 15, 288, 'Y'),
(3939, 'Manwath', 20, 389, 'Y'),
(3940, 'MARAKANAM', 30, 578, 'Y'),
(3941, 'Marauna', 5, 111, 'Y'),
(3942, 'Maredumilli', 2, 6, 'Y'),
(3943, 'Maregaon', 20, 400, 'Y'),
(3944, 'Margherita', 4, 72, 'Y'),
(3945, 'Margo Munda', 14, 244, 'Y'),
(3946, 'Marh', 13, 228, 'Y'),
(3947, 'Marhaura', 5, 106, 'Y'),
(3948, 'Marheen', 13, 229, 'Y'),
(3949, 'Mariahu', 35, 675, 'Y'),
(3950, 'Mariani', 4, 58, 'Y'),
(3951, 'Marigaon', 4, 66, 'Y'),
(3952, 'Marihan', 35, 692, 'Y'),
(3953, 'Marikal', 31, 599, 'Y'),
(3954, 'Maripeda', 31, 591, 'Y'),
(3955, 'Mariyang ADC', 3, 38, 'Y'),
(3956, 'Markacho', 14, 255, 'Y'),
(3957, 'Markapur', 2, 10, 'Y'),
(3958, 'Markook', 31, 606, 'Y'),
(3959, 'Marmat', 13, 226, 'Y'),
(3960, 'Maro Circle', 3, 39, 'Y'),
(3961, 'Marpalle', 31, 608, 'Y'),
(3962, 'Marredpally', 31, 582, 'Y'),
(3963, 'Marriguda', 31, 598, 'Y'),
(3964, 'Marripadu', 2, 11, 'Y'),
(3965, 'Marripudi', 2, 10, 'Y'),
(3966, 'Marsaghai', 25, 466, 'Y'),
(3967, 'MARTINGANJ', 35, 644, 'Y'),
(3968, 'Martur', 2, 10, 'Y'),
(3969, 'MARUNGAPURI', 30, 571, 'Y'),
(3970, 'Marwah', 13, 230, 'Y'),
(3971, 'Marwahi', 7, 125, 'Y'),
(3972, 'Marwan', 5, 96, 'Y'),
(3973, 'Marwar Junction', 28, 531, 'Y'),
(3974, 'Masalia', 14, 246, 'Y'),
(3975, 'Masalpur', 28, 528, 'Y'),
(3976, 'Masaurhi', 5, 100, 'Y'),
(3977, 'Mashrakh', 5, 106, 'Y'),
(3978, 'MASKI', 15, 288, 'Y'),
(3979, 'Masturi', 7, 120, 'Y'),
(3980, 'Masuda', 28, 506, 'Y'),
(3981, 'Mat', 35, 689, 'Y'),
(3982, 'Matar', 10, 172, 'Y'),
(3983, 'Matenhail', 11, 195, 'Y'),
(3984, 'Mathabhanga - I', 36, 717, 'Y'),
(3985, 'Mathabhanga - II', 36, 717, 'Y'),
(3986, 'Mathavaram', 30, 545, 'Y'),
(3987, 'Mathili', 25, 470, 'Y'),
(3988, 'Mathura', 35, 689, 'Y'),
(3989, 'Mathurapur - I', 36, 713, 'Y'),
(3990, 'Mathurapur - II', 36, 713, 'Y'),
(3991, 'Matia', 4, 54, 'Y'),
(3992, 'Matiali', 36, 723, 'Y'),
(3993, 'Matigara', 36, 718, 'Y'),
(3994, 'Matihani', 5, 79, 'Y'),
(3995, 'Matlauda', 11, 204, 'Y'),
(3996, 'MattamPally', 31, 607, 'Y'),
(3997, 'Mau', 35, 658, 'Y'),
(3998, 'Mau', 19, 320, 'Y'),
(3999, 'Mauda', 20, 383, 'Y'),
(4000, 'Maudaha', 35, 670, 'Y'),
(4001, 'Mauganj', 19, 350, 'Y'),
(4002, 'Maunath Bhanjan', 35, 690, 'Y'),
(4003, 'Maur', 27, 486, 'Y'),
(4004, 'Mauranipur', 35, 676, 'Y'),
(4005, 'Mauzamabad', 28, 522, 'Y'),
(4006, 'MAVALA', 31, 580, 'Y'),
(4007, 'Mavelikkara', 16, 296, 'Y'),
(4008, 'Mavli', 28, 538, 'Y'),
(4009, 'Mawal', 20, 390, 'Y'),
(4010, 'Mawana', 35, 691, 'Y'),
(4011, 'Mawkynrew', 22, 419, 'Y'),
(4012, 'Mawkyrwat', 22, 424, 'Y'),
(4013, 'Mawlai', 22, 419, 'Y'),
(4014, 'Mawpat', 22, 419, 'Y'),
(4015, 'Mawphlang', 22, 419, 'Y'),
(4016, 'Mawryngkneng', 22, 419, 'Y'),
(4017, 'Mawshynrut', 22, 427, 'Y'),
(4018, 'Mawsynram', 22, 419, 'Y'),
(4019, 'Mawthadraishan', 22, 427, 'Y'),
(4020, 'Mayabunder', 1, 2, 'Y'),
(4021, 'Mayiladuthurai', 30, 557, 'Y'),
(4022, 'Maynaguri', 36, 723, 'Y'),
(4023, 'Mayong', 4, 66, 'Y'),
(4024, 'Mayureswar - I', 36, 716, 'Y'),
(4025, 'Mayureswar - II', 36, 716, 'Y'),
(4026, 'Mayur Hand', 14, 243, 'Y'),
(4027, 'Mayur Vihar', 8, 143, 'N'),
(4028, 'Mazbat', 4, 73, 'Y'),
(4029, 'Mebo ADC', 3, 21, 'Y'),
(4030, 'Mechuka ADC', 3, 34, 'Y'),
(4031, 'Medak', 31, 594, 'Y'),
(4032, 'Medchal', 31, 595, 'Y'),
(4033, 'Medikonduru', 2, 7, 'Y'),
(4034, 'Medininagar(Daltonganj)', 14, 259, 'Y'),
(4035, 'Medipalli', 31, 583, 'Y'),
(4036, 'Medipally', 31, 595, 'Y'),
(4037, 'Medziphema', 24, 439, 'Y'),
(4038, 'Meenachil', 16, 302, 'Y'),
(4039, 'Meerganj', 35, 651, 'Y'),
(4040, 'Meerut', 35, 691, 'Y'),
(4041, 'Meghnagar', 19, 337, 'Y'),
(4042, 'Meghraj', 10, 158, 'Y'),
(4043, 'Mehatpur', 12, 221, 'Y'),
(4044, 'Mehdawal', 35, 702, 'Y'),
(4045, 'Meherma', 14, 250, 'Y'),
(4046, 'Mehgaon', 19, 320, 'Y'),
(4047, 'Mehkar', 20, 371, 'Y'),
(4048, 'Mehmedabad', 10, 172, 'Y'),
(4049, 'Mehnagar', 35, 644, 'Y'),
(4050, 'Mehrauli', 8, 149, 'N'),
(4051, 'Mehsi', 5, 101, 'Y'),
(4052, 'Meja', 35, 697, 'Y'),
(4053, 'Mejhia', 36, 715, 'Y'),
(4054, 'Mekliganj', 36, 717, 'Y'),
(4055, 'Melchhamunda', 25, 453, 'Y'),
(4056, 'Meliaputti', 2, 12, 'Y'),
(4057, 'MellaChervu', 31, 607, 'Y'),
(4058, 'Melmalaiyanur', 30, 578, 'Y'),
(4059, 'Melur', 30, 556, 'Y'),
(4060, 'Meluri', 24, 446, 'Y'),
(4061, 'Memari - I', 36, 733, 'Y'),
(4062, 'Memari - II', 36, 733, 'Y'),
(4063, 'Mendarda', 10, 170, 'Y'),
(4064, 'Mendhar', 13, 233, 'Y'),
(4065, 'Mendora', 31, 601, 'Y'),
(4066, 'Mengio EAC', 3, 33, 'Y'),
(4067, 'Mentada', 2, 14, 'Y'),
(4068, 'Merakamudidam', 2, 14, 'Y'),
(4069, 'Meral (Pipra Kalan)', 14, 248, 'Y'),
(4070, 'Merangmen', 24, 443, 'Y'),
(4071, 'Merta', 28, 530, 'Y'),
(4072, 'Meskaur', 5, 98, 'Y'),
(4073, 'Metengliang Circle', 3, 17, 'Y'),
(4074, 'Metpalli', 31, 583, 'Y'),
(4075, 'Mettupalayam', 30, 546, 'Y'),
(4076, 'Mettur', 30, 563, 'Y'),
(4077, 'Mhasla', 20, 391, 'Y'),
(4078, 'Mhow', 19, 335, 'Y'),
(4079, 'Miao ADC', 3, 18, 'Y'),
(4080, 'Midjil', 31, 592, 'Y'),
(4081, 'Midnapore', 36, 729, 'Y'),
(4082, 'Midthur', 2, 9, 'Y'),
(4083, 'Migging Circle', 3, 38, 'Y'),
(4084, 'MIHINPURWA MOTIPUR', 35, 646, 'Y'),
(4085, 'Mihona', 19, 320, 'Y'),
(4086, 'Mikirbheta', 4, 66, 'Y'),
(4087, 'Milak', 35, 699, 'Y'),
(4088, 'Milkipur', 35, 643, 'Y'),
(4089, 'Minakhan', 36, 712, 'Y'),
(4090, 'Minapur', 5, 96, 'Y'),
(4091, 'Minicoy', 18, 312, 'Y'),
(4092, 'Mipi', 3, 19, 'Y'),
(4093, 'Miraj', 20, 393, 'Y'),
(4094, 'Mirdoddi', 31, 606, 'Y'),
(4095, 'Mirik', 36, 718, 'Y'),
(4096, 'Miryalaguda', 31, 598, 'Y'),
(4097, 'Mirzapur', 35, 692, 'Y'),
(4098, 'Misrikh', 35, 707, 'Y'),
(4099, 'Mitauli', 35, 682, 'Y'),
(4100, 'Modakkurichi', 30, 550, 'Y'),
(4101, 'Modanganj', 5, 87, 'Y'),
(4102, 'Modasa', 10, 158, 'Y'),
(4103, 'Model Town', 8, 145, 'N'),
(4104, 'Modinagar', 35, 666, 'Y'),
(4105, 'Moga', 27, 497, 'Y'),
(4106, 'Mogalthur', 2, 15, 'Y'),
(4107, 'Mogudampally', 31, 605, 'Y'),
(4108, 'Mogullapally', 31, 585, 'Y'),
(4109, 'Mohadi', 20, 370, 'Y'),
(4110, 'Mohalla', 13, 226, 'Y'),
(4111, 'Mohammadabad', 35, 667, 'Y'),
(4112, 'Mohammad Bazar', 36, 716, 'Y'),
(4113, 'Mohammad Ganj', 14, 259, 'Y'),
(4114, 'Mohammdi', 35, 682, 'Y'),
(4115, 'Mohana', 25, 459, 'Y'),
(4116, 'Mohangarh', 19, 361, 'Y'),
(4117, 'Mohania', 5, 88, 'Y'),
(4118, 'Mohanlalganj', 35, 685, 'Y'),
(4119, 'Mohanpur', 5, 105, 'Y'),
(4120, 'Mohanpur', 5, 84, 'Y'),
(4121, 'Mohanpur', 14, 244, 'Y'),
(4122, 'Mohanpur', 36, 729, 'Y'),
(4123, 'Mohanpur', 33, 623, 'Y'),
(4124, 'MOHANUR', 30, 558, 'Y'),
(4125, 'Mohiuddinagar', 5, 105, 'Y'),
(4126, 'Mohkhed', 19, 324, 'Y'),
(4127, 'Mohla', 7, 138, 'Y'),
(4128, 'Mohna ST', 11, 191, 'Y'),
(4129, 'Mohol', 20, 396, 'Y'),
(4130, 'Moinabad', 31, 604, 'Y'),
(4131, 'Moirang', 21, 401, 'Y'),
(4132, 'Mokameh', 5, 100, 'Y'),
(4133, 'Mokhada', 20, 388, 'Y'),
(4134, 'Molakalmuru', 15, 275, 'Y'),
(4135, 'Moman Badodiya', 19, 356, 'Y'),
(4136, 'Mominpet', 31, 608, 'Y'),
(4137, 'Monigong EAC', 3, 34, 'Y'),
(4138, 'Mon Sadar', 24, 444, 'Y'),
(4139, 'Monyakshu', 24, 444, 'Y'),
(4140, 'MOODUBIDIRE', 15, 276, 'Y'),
(4141, 'Moonak', 27, 501, 'Y'),
(4142, 'Moosapet', 31, 592, 'Y'),
(4143, 'Mopidevi', 2, 8, 'Y'),
(4144, 'Mopom Adipasi Circle', 3, 38, 'Y'),
(4145, 'Mopong', 24, 444, 'Y'),
(4146, 'Moradabad', 35, 693, 'Y'),
(4147, 'Moran', 4, 52, 'Y'),
(4148, 'Morang', 12, 214, 'Y'),
(4149, 'Morangi', 4, 55, 'Y'),
(4150, 'MOREH', 21, 414, 'Y'),
(4151, 'Morena', 19, 342, 'Y'),
(4152, 'Morena Nagar', 19, 342, 'Y'),
(4153, 'Mori', 34, 636, 'Y'),
(4154, 'MORINDA', 27, 500, 'Y'),
(4155, 'Mormugao', 9, 154, 'Y'),
(4156, 'Morni ST', 11, 203, 'Y'),
(4157, 'Morshi', 20, 367, 'Y'),
(4158, 'Morthad', 31, 601, 'Y'),
(4159, 'Morvi', 10, 175, 'Y'),
(4160, 'Morwa', 5, 105, 'Y'),
(4161, 'Morwa (Hadaf)', 10, 178, 'Y'),
(4162, 'Mosara', 31, 601, 'Y'),
(4163, 'Motakonduru', 31, 612, 'Y'),
(4164, 'Motala', 20, 371, 'Y'),
(4165, 'Moth', 35, 676, 'Y'),
(4166, 'Mothey', 31, 607, 'Y'),
(4167, 'Mothkur', 31, 612, 'Y'),
(4168, 'Motihari', 5, 101, 'Y'),
(4169, 'Motu', 25, 470, 'Y'),
(4170, 'Motunga', 25, 458, 'Y'),
(4171, 'Moungri', 13, 241, 'Y'),
(4172, 'Movva', 2, 8, 'Y'),
(4173, 'Moyna', 36, 728, 'Y'),
(4174, 'MUALNUAM', 21, 403, 'Y'),
(4175, 'MUDALGI', 15, 268, 'Y'),
(4176, 'Muddanur', 2, 16, 'Y'),
(4177, 'Muddebihal', 15, 294, 'Y'),
(4178, 'Mudhol', 15, 266, 'Y'),
(4179, 'Mudhole', 31, 600, 'Y'),
(4180, 'Mudigere', 15, 274, 'Y'),
(4181, 'Mudigonda', 31, 589, 'Y'),
(4182, 'Mudigubba', 2, 4, 'Y'),
(4183, 'Mudinepalle', 2, 8, 'Y'),
(4184, 'Mudkhed', 20, 384, 'Y'),
(4185, 'Muduchinthalapally', 31, 595, 'Y'),
(4186, 'Mudukulathur', 30, 561, 'Y'),
(4187, 'Mudulipada', 25, 470, 'Y'),
(4188, 'Mugalsarai', 35, 657, 'Y'),
(4189, 'Mughalmaidan', 13, 230, 'Y'),
(4190, 'Mugpal', 31, 601, 'Y'),
(4191, 'Muhammadabad Gohna', 35, 690, 'Y'),
(4192, 'Muhra', 5, 84, 'Y'),
(4193, 'Mukerian', 27, 492, 'Y'),
(4194, 'Mukhed', 20, 384, 'Y'),
(4195, 'Muktainagar (Edlabad)', 20, 377, 'Y'),
(4196, 'Mukto Circle', 3, 36, 'Y'),
(4197, 'Muktsar', 27, 504, 'Y'),
(4198, 'Mukundapuram', 16, 308, 'Y'),
(4199, 'Mul', 20, 372, 'Y'),
(4200, 'Mulagada', 2, 13, 'Y'),
(4201, 'Mulakalacheruvu', 2, 5, 'Y'),
(4202, 'Mulana ST', 11, 188, 'Y'),
(4203, 'Mulbagal', 15, 284, 'Y'),
(4204, 'Mulchera', 20, 374, 'Y'),
(4205, 'Muli', 10, 184, 'Y'),
(4206, 'Mulkalapally', 31, 581, 'Y'),
(4207, 'Mulshi', 20, 390, 'Y'),
(4208, 'Multai', 19, 319, 'Y'),
(4209, 'Multhan', 12, 213, 'Y'),
(4210, 'Mulug', 31, 596, 'Y'),
(4211, 'Mulug', 31, 606, 'Y'),
(4212, 'Mummidivaram', 2, 6, 'Y'),
(4213, 'Munagala', 31, 607, 'Y'),
(4214, 'Munagapaka', 2, 13, 'Y'),
(4215, 'Munchingi Puttu', 2, 13, 'Y'),
(4216, 'Mundargi', 15, 279, 'Y'),
(4217, 'Mundgod', 15, 293, 'Y'),
(4218, 'Mundlamuru', 2, 10, 'Y'),
(4219, 'Mundra', 10, 171, 'Y'),
(4220, 'MUNDWA', 28, 530, 'Y'),
(4221, 'Mungaoli', 19, 316, 'Y'),
(4222, 'Mungeli', 7, 134, 'Y'),
(4223, 'Munger', 5, 95, 'Y'),
(4224, 'Muniguda', 25, 476, 'Y'),
(4225, 'Munipally', 31, 605, 'Y'),
(4226, 'Munsiari', 34, 632, 'Y'),
(4227, 'Munugode', 31, 598, 'Y'),
(4228, 'Mupkal', 31, 601, 'Y'),
(4229, 'Muppalla', 2, 7, 'Y'),
(4230, 'Murar', 19, 332, 'Y'),
(4231, 'Murarai - I', 36, 716, 'Y'),
(4232, 'Murarai - II', 36, 716, 'Y'),
(4233, 'Murbad', 20, 397, 'Y'),
(4234, 'Murhu', 14, 254, 'Y'),
(4235, 'Murliganj', 5, 93, 'Y'),
(4236, 'Murshidabad Jiaganj', 36, 730, 'Y'),
(4237, 'Murtijapur', 20, 366, 'Y'),
(4238, 'Murud', 20, 391, 'Y'),
(4239, 'Muruda', 25, 471, 'Y'),
(4240, 'Murwara or Katni', 19, 338, 'Y'),
(4241, 'Musabani', 14, 247, 'Y'),
(4242, 'Musafirkhana', 35, 640, 'Y'),
(4243, 'Musahri', 5, 96, 'Y'),
(4244, 'Musheerabad', 31, 582, 'Y'),
(4245, 'Musiri', 30, 571, 'Y'),
(4246, 'Mustabad', 31, 603, 'Y'),
(4247, 'Musunuru', 2, 8, 'Y'),
(4248, 'MUTHARAM MAHADEVPUR', 31, 585, 'Y'),
(4249, 'Mutharam (Manthani)', 31, 602, 'Y'),
(4250, 'Muthukur', 2, 11, 'Y'),
(4251, 'Muvattupuzha', 16, 297, 'Y'),
(4252, 'Muzaffarnagar', 35, 694, 'Y'),
(4253, 'M.V. 79', 25, 470, 'Y'),
(4254, 'Mylavaram', 2, 8, 'Y'),
(4255, 'Mylavaram', 2, 16, 'Y'),
(4256, 'Mylliem', 22, 419, 'Y'),
(4257, 'Mysuru', 15, 287, 'Y'),
(4258, 'Nabadwip', 36, 731, 'Y'),
(4259, 'Nabagram', 36, 730, 'Y'),
(4260, 'Nabarangapur P.S', 25, 472, 'Y'),
(4261, 'Nabha', 27, 499, 'Y'),
(4262, 'Nabinagar', 5, 77, 'Y'),
(4263, 'Nacho SDO', 3, 39, 'Y'),
(4264, 'Nadaun', 12, 212, 'Y'),
(4265, 'Nadbai', 28, 511, 'Y'),
(4266, 'Nadendla', 2, 7, 'Y'),
(4267, 'Nadiad', 10, 172, 'Y'),
(4268, 'Nadiad City', 10, 172, 'Y'),
(4269, 'Nadigudem', 31, 607, 'Y'),
(4270, 'NADIKUDA', 31, 610, 'Y'),
(4271, 'Nadoti', 28, 528, 'Y'),
(4272, 'Na-Duar', 4, 44, 'Y'),
(4273, 'Nafra EAC', 3, 40, 'Y'),
(4274, 'Nagalapuram', 2, 5, 'Y'),
(4275, 'Nagalgidda', 31, 605, 'Y'),
(4276, 'Nagamangala', 15, 286, 'Y'),
(4277, 'Nagaon', 4, 67, 'Y'),
(4278, 'Nagapattinam', 30, 557, 'Y'),
(4279, 'Nagar', 20, 365, 'Y'),
(4280, 'Nagar', 28, 511, 'Y'),
(4281, 'Nagaram', 31, 607, 'Y'),
(4282, 'Nagaram', 2, 7, 'Y'),
(4283, 'Nagarbera', 4, 59, 'Y'),
(4284, 'Nagari', 2, 5, 'Y'),
(4285, 'Nagarkurnool', 31, 597, 'Y'),
(4286, 'Nagar Nausa', 5, 97, 'Y'),
(4287, 'Nagaruntari', 14, 248, 'Y'),
(4288, 'Nagaur', 28, 530, 'Y'),
(4289, 'Nagayalanka', 2, 8, 'Y'),
(4290, 'Nagbhir', 20, 372, 'Y'),
(4291, 'Nagda', 19, 362, 'Y'),
(4292, 'Nagina', 35, 654, 'Y'),
(4293, 'Nagina ST', 11, 201, 'Y'),
(4294, 'Naginimora', 24, 444, 'Y'),
(4295, 'Nagireddypet', 31, 587, 'Y'),
(4296, 'Nagod', 19, 352, 'Y'),
(4297, 'Nagpur (Rural)', 20, 383, 'Y'),
(4298, 'Nagpur (Urban)', 20, 383, 'Y'),
(4299, 'Nagra', 5, 106, 'Y'),
(4300, 'Nagrakata', 36, 723, 'Y'),
(4301, 'Nagri', 7, 122, 'Y'),
(4302, 'Nagri', 14, 261, 'Y'),
(4303, 'Nagri', 13, 229, 'Y'),
(4304, 'Nagrota', 13, 228, 'Y'),
(4305, 'Nagrota Bagwan', 12, 213, 'Y'),
(4306, 'Nagrota Surian', 12, 213, 'Y'),
(4307, 'Nagseni', 13, 230, 'Y'),
(4308, 'Naguluppala Padu', 2, 10, 'Y'),
(4309, 'Nahan', 12, 219, 'Y'),
(4310, 'Naharkatiya', 4, 52, 'Y'),
(4311, 'Naharlagun EAC', 3, 33, 'Y'),
(4312, 'Nahar ST', 11, 205, 'Y'),
(4313, 'Naidupet', 2, 11, 'Y'),
(4314, 'Naigaon (Khairgaon)', 20, 384, 'Y'),
(4315, 'Naigarhi', 19, 350, 'Y'),
(4316, 'Naikanidihi', 25, 454, 'Y'),
(4317, 'Naina Devi', 12, 210, 'Y'),
(4318, 'Nainbag', 34, 634, 'Y'),
(4319, 'Nainital', 34, 630, 'Y'),
(4320, 'Nainpur', 19, 340, 'Y'),
(4321, 'Nainwa', 28, 514, 'Y'),
(4322, 'Nai Sarai', 19, 316, 'Y'),
(4323, 'Najafgarh', 8, 151, 'N'),
(4324, 'Najibabad', 35, 654, 'Y'),
(4325, 'Nakashipara', 36, 731, 'Y'),
(4326, 'Nakhatrana', 10, 171, 'Y'),
(4327, 'Nakkapalle', 2, 13, 'Y'),
(4328, 'Nakodar', 27, 493, 'Y'),
(4329, 'Nakrekal', 31, 598, 'Y'),
(4330, 'Naktideul', 25, 477, 'Y'),
(4331, 'Nakur', 35, 700, 'Y'),
(4332, 'Nala', 14, 253, 'Y'),
(4333, 'Nalagarh', 12, 220, 'Y'),
(4334, 'Nalbari', 4, 68, 'Y'),
(4335, 'NALCO', 25, 450, 'Y'),
(4336, 'Nalgonda', 31, 598, 'Y'),
(4337, 'Nalhati - I', 36, 716, 'Y'),
(4338, 'Nalhati - II', 36, 716, 'Y'),
(4339, 'Nalkheda', 19, 313, 'Y'),
(4340, 'Nallabelli', 31, 610, 'Y'),
(4341, 'Nallacheruvu', 2, 4, 'Y'),
(4342, 'Nallajerla', 2, 15, 'Y'),
(4343, 'Nallamada', 2, 4, 'Y'),
(4344, 'Nallampalli', 30, 548, 'Y'),
(4345, 'Namakkal', 30, 558, 'Y'),
(4346, 'Nambiyur', 30, 550, 'Y'),
(4347, 'Nambol', 21, 401, 'Y'),
(4348, 'Nambulipulikunta', 2, 4, 'Y'),
(4349, 'Namchi', 29, 541, 'Y'),
(4350, 'Namhol', 12, 210, 'Y'),
(4351, 'Namkhana', 36, 713, 'Y'),
(4352, 'Namkum', 14, 261, 'Y'),
(4353, 'Nampally', 31, 582, 'Y'),
(4354, 'Nampally', 31, 598, 'Y'),
(4355, 'Nampong SDO', 3, 18, 'Y'),
(4356, 'Namsai HQ', 3, 31, 'Y'),
(4357, 'Namsang', 24, 442, 'Y'),
(4358, 'Namsing Circle', 3, 21, 'Y'),
(4359, 'Namtok EAC', 3, 18, 'Y'),
(4360, 'Nanakmatta', 34, 635, 'Y'),
(4361, 'Nancowry', 1, 1, 'Y'),
(4362, 'Nanda Kumar', 36, 728, 'Y'),
(4363, 'Nandalur', 2, 16, 'Y'),
(4364, 'Nandankanan', 25, 468, 'Y'),
(4365, 'Nandapur', 25, 469, 'Y'),
(4366, 'Nandavaram', 2, 9, 'Y'),
(4367, 'Nanded', 20, 384, 'Y'),
(4368, 'Nandgaon', 20, 386, 'Y'),
(4369, 'Nandgaon-Khandeshwar', 20, 367, 'Y'),
(4370, 'Nandigam', 2, 12, 'Y'),
(4371, 'Nandigama', 31, 604, 'Y'),
(4372, 'Nandigama', 2, 8, 'Y'),
(4373, 'Nandigram - I', 36, 728, 'Y'),
(4374, 'Nandigram - II', 36, 728, 'Y'),
(4375, 'Nandikotkur', 2, 9, 'Y'),
(4376, 'Nandipada', 25, 467, 'Y'),
(4377, 'Nandipet', 31, 601, 'Y'),
(4378, 'Nandivada', 2, 8, 'Y'),
(4379, 'Nandod', 10, 176, 'Y'),
(4380, 'Nandprayag', 34, 626, 'Y'),
(4381, 'Nandura', 20, 371, 'Y'),
(4382, 'Nandurbar', 20, 385, 'Y'),
(4383, 'Nandyal', 2, 9, 'Y'),
(4384, 'Nangal', 27, 500, 'Y'),
(4385, 'Nangal Chawdhary', 11, 200, 'Y'),
(4386, 'Nangal Rajawatan', 28, 517, 'Y'),
(4387, 'Nangnoor', 31, 606, 'Y'),
(4388, 'Nanguneri', 30, 572, 'Y'),
(4389, 'Nanjangud', 15, 287, 'Y'),
(4390, 'Nankhari', 12, 218, 'Y'),
(4391, 'Nannilam', 30, 570, 'Y'),
(4392, 'Nanoor', 36, 716, 'Y'),
(4393, 'Nanpara', 35, 646, 'Y'),
(4394, 'Nanpur', 5, 109, 'Y'),
(4395, 'Naobaicha', 4, 64, 'Y'),
(4396, 'Naokothi', 5, 79, 'Y'),
(4397, 'Narag', 12, 219, 'Y'),
(4398, 'Naraingarh', 11, 188, 'Y'),
(4399, 'Naraini', 35, 649, 'Y'),
(4400, 'Narala', 25, 464, 'Y'),
(4401, 'Narasannapeta', 2, 12, 'Y'),
(4402, 'Narasapuram', 2, 15, 'Y'),
(4403, 'Narasaraopet', 2, 7, 'Y'),
(4404, 'Narasimharajapura', 15, 274, 'Y'),
(4405, 'Narasinghpur', 25, 456, 'Y'),
(4406, 'Narayanaraopet', 31, 606, 'Y'),
(4407, 'Narayanavanam', 2, 5, 'Y'),
(4408, 'Narayanbagar', 34, 626, 'Y'),
(4409, 'Narayanganj', 19, 340, 'Y'),
(4410, 'Narayangarh', 36, 729, 'Y'),
(4411, 'Narayankhed', 31, 605, 'Y'),
(4412, 'Narayanpatana', 25, 469, 'Y'),
(4413, 'Narayanpet', 31, 599, 'Y'),
(4414, 'Narayanpur', 4, 64, 'Y'),
(4415, 'Narayanpur', 28, 507, 'Y'),
(4416, 'Narayanpur', 31, 612, 'Y'),
(4417, 'Narayanpur', 7, 135, 'Y'),
(4418, 'Narayanpur', 14, 253, 'Y'),
(4419, 'Narayanpur', 5, 80, 'Y'),
(4420, 'Narbal', 13, 225, 'Y'),
(4421, 'Nardiganj', 5, 98, 'Y'),
(4422, 'Narela', 8, 145, 'N'),
(4423, 'Narendra Nagar', 34, 634, 'Y'),
(4424, 'Nargund', 15, 279, 'Y'),
(4425, 'Narharpur', 7, 129, 'Y'),
(4426, 'Narhat', 5, 98, 'Y'),
(4427, 'Nari ADC', 3, 29, 'Y'),
(4428, 'Narkatia', 5, 101, 'Y'),
(4429, 'Narkatiaganj', 5, 99, 'Y'),
(4430, 'Narketpally', 31, 598, 'Y'),
(4431, 'Narkhed', 20, 383, 'Y'),
(4432, 'Narmetta', 31, 584, 'Y'),
(4433, 'Narnaul', 11, 200, 'Y'),
(4434, 'Narnaund', 11, 194, 'Y'),
(4435, 'Narnoor', 31, 580, 'Y'),
(4436, 'Narpala', 2, 4, 'Y'),
(4437, 'Narpatganj', 5, 75, 'Y'),
(4438, 'Narsampet', 31, 610, 'Y'),
(4439, 'Narsan', 34, 629, 'Y'),
(4440, 'Narsapur', 31, 594, 'Y'),
(4441, 'Narsapur G', 31, 600, 'Y'),
(4442, 'Narsimhapur', 19, 343, 'Y'),
(4443, 'Narsimhulapet', 31, 591, 'Y'),
(4444, 'Narsinghgarh', 19, 348, 'Y'),
(4445, 'Narsingi', 31, 594, 'Y'),
(4446, 'Narsipatnam', 2, 13, 'Y'),
(4447, 'Narwa', 31, 599, 'Y'),
(4448, 'NARWAL', 35, 679, 'Y'),
(4449, 'Narwana', 11, 196, 'Y'),
(4450, 'Narwar', 19, 358, 'Y'),
(4451, 'Nashik', 20, 386, 'Y'),
(4452, 'Nasirabad', 28, 506, 'Y'),
(4453, 'Naspur', 31, 593, 'Y'),
(4454, 'Nasriganj', 5, 103, 'Y'),
(4455, 'Nasrullaganj', 19, 353, 'Y'),
(4456, 'Nasurullabad', 31, 587, 'Y'),
(4457, 'Nasvadi', 10, 163, 'Y'),
(4458, 'Nateran', 19, 364, 'Y'),
(4459, 'Natham', 30, 549, 'Y'),
(4460, 'Nathavaram', 2, 13, 'Y'),
(4461, 'Nathdwara', 28, 533, 'Y'),
(4462, 'Nathnagar', 5, 80, 'Y'),
(4463, 'Nathusari Chopta', 11, 207, 'Y'),
(4464, 'Natrampalli', 30, 573, 'Y'),
(4465, 'Naubatpur', 5, 100, 'Y'),
(4466, 'Naugachhia', 5, 80, 'Y'),
(4467, 'Naugaon', 25, 461, 'Y'),
(4468, 'Naugarh', 35, 706, 'Y'),
(4469, 'NAUGARH', 35, 657, 'Y'),
(4470, 'Naugawan Sadat', 35, 641, 'Y'),
(4471, 'Nauhatta', 5, 103, 'Y'),
(4472, 'Nauhatta', 5, 104, 'Y'),
(4473, 'Nautan', 5, 110, 'Y'),
(4474, 'Nautan', 5, 99, 'Y'),
(4475, 'Nautanwa', 35, 686, 'Y'),
(4476, 'Navalgund', 15, 278, 'Y'),
(4477, 'Navipet', 31, 601, 'Y'),
(4478, 'Navsari', 10, 177, 'Y'),
(4479, 'Nawa', 28, 530, 'Y'),
(4480, 'Nawa Bazar', 14, 259, 'Y'),
(4481, 'Nawabganj', 35, 651, 'Y'),
(4482, 'Nawabganj', 35, 650, 'Y'),
(4483, 'Nawabpet', 31, 608, 'Y'),
(4484, 'Nawabpet', 31, 592, 'Y'),
(4485, 'Nawada', 5, 98, 'Y'),
(4486, 'Nawadih', 14, 242, 'Y'),
(4487, 'Nawadiha Bazar/Nawadiha*', 14, 259, 'Y'),
(4488, 'Nawagarh', 7, 126, 'Y'),
(4489, 'Nawagarh', 7, 118, 'Y'),
(4490, 'Nawalgarh', 28, 526, 'Y'),
(4491, 'Nawanagar', 5, 82, 'Y'),
(4492, 'Nawanshahr', 27, 503, 'Y'),
(4493, 'Nawapur', 20, 385, 'Y'),
(4494, 'Nawda', 36, 730, 'Y'),
(4495, 'Naxalbari', 36, 718, 'Y'),
(4496, 'Nayagarh', 25, 473, 'Y'),
(4497, 'Nayagarh Sadar', 25, 473, 'Y'),
(4498, 'Nayagram', 36, 724, 'Y'),
(4499, 'Nayakote', 25, 467, 'Y'),
(4500, 'Nazira', 4, 69, 'Y'),
(4501, 'Nedumangad', 16, 307, 'Y'),
(4502, 'Needamangalam', 30, 570, 'Y'),
(4503, 'Neem Chak Bathani', 5, 84, 'Y'),
(4504, 'Neem-Ka-Thana', 28, 535, 'Y'),
(4505, 'NEEMRANA', 28, 507, 'Y'),
(4506, 'Neemuch', 19, 344, 'Y'),
(4507, 'Neemuch Nagar', 19, 344, 'Y'),
(4508, 'Nekarikallu', 2, 7, 'Y'),
(4509, 'Nekkonda', 31, 610, 'Y'),
(4510, 'Nelakondapalli', 31, 589, 'Y'),
(4511, 'Nelamangala', 15, 269, 'Y'),
(4512, 'Nellikudur', 31, 591, 'Y'),
(4513, 'Nellimarla', 2, 14, 'Y'),
(4514, 'Nellipaka', 2, 6, 'Y'),
(4515, 'Nellore', 2, 11, 'Y'),
(4516, 'Nemalo', 25, 456, 'Y'),
(4517, 'Nemili', 30, 562, 'Y'),
(4518, 'Nennel', 31, 593, 'Y'),
(4519, 'Nepanagar', 19, 322, 'Y'),
(4520, 'Ner', 20, 400, 'Y'),
(4521, 'Neradigonda', 31, 580, 'Y'),
(4522, 'Nereducherla', 31, 607, 'Y'),
(4523, 'Neredugommu', 31, 598, 'Y'),
(4524, 'Nerua', 12, 218, 'Y'),
(4525, 'Netrang', 10, 160, 'Y'),
(4526, 'Neturia', 36, 734, 'Y'),
(4527, 'Nevasa', 20, 365, 'Y'),
(4528, 'New Seren Circle', 3, 29, 'Y'),
(4529, 'Neyyattinkara', 16, 307, 'Y'),
(4530, 'Ngopa', 23, 437, 'Y'),
(4531, 'Ngoungchung', 24, 447, 'Y'),
(4532, 'Niali', 25, 456, 'Y'),
(4533, 'Nichar', 12, 214, 'Y'),
(4534, 'Nichlaul', 35, 686, 'Y'),
(4535, 'Nidadavole', 2, 15, 'Y'),
(4536, 'NIDAGUNDI', 15, 294, 'Y'),
(4537, 'Nidamarru', 2, 15, 'Y'),
(4538, 'Nidmanoor', 31, 598, 'Y'),
(4539, 'Nigdu ST', 11, 198, 'Y'),
(4540, 'Nighasan', 35, 682, 'Y'),
(4541, 'Nihalprasad', 25, 458, 'Y'),
(4542, 'Nihal Singhwala', 27, 497, 'Y'),
(4543, 'Nihokhu', 24, 439, 'Y'),
(4544, 'Nihri', 12, 217, 'Y'),
(4545, 'Nikirai', 25, 466, 'Y'),
(4546, 'Nikte Kodum Circle', 3, 41, 'Y'),
(4547, 'Nilagiri', 25, 452, 'Y'),
(4548, 'Nilakkottai', 30, 549, 'Y'),
(4549, 'Nilambar-Pitambarpur(Lesliganj)', 14, 259, 'Y'),
(4550, 'Nilambazar', 4, 62, 'Y'),
(4551, 'Nilambur', 16, 304, 'Y'),
(4552, 'Nilanga', 20, 380, 'Y'),
(4553, 'Nilling Circle', 3, 39, 'Y'),
(4554, 'Nilokheri', 11, 198, 'Y'),
(4555, 'Nimapada', 25, 475, 'Y'),
(4556, 'Nimbahera', 28, 515, 'Y'),
(4557, 'Nimdih', 14, 263, 'Y'),
(4558, 'Nimmanapalle', 2, 5, 'Y'),
(4559, 'Nindra', 2, 5, 'Y'),
(4560, 'Niphad', 20, 386, 'Y'),
(4561, 'NIPPANI', 15, 268, 'Y'),
(4562, 'Nirakarpur', 25, 468, 'Y'),
(4563, 'Nirmali', 5, 111, 'Y'),
(4564, 'Nirmal Rural', 31, 600, 'Y'),
(4565, 'Nirmal U', 31, 600, 'Y'),
(4566, 'Nirmand', 12, 215, 'Y'),
(4567, 'Nirsa-Cum-Chirkunda', 14, 245, 'Y'),
(4568, 'Nischintakoili', 25, 456, 'Y'),
(4569, 'Nising ST', 11, 198, 'Y'),
(4570, 'Nither', 12, 215, 'Y'),
(4571, 'Niuland', 24, 439, 'Y'),
(4572, 'Niwai', 28, 537, 'Y'),
(4573, 'Niwali', 19, 318, 'Y'),
(4574, 'Niwari', 19, 345, 'Y'),
(4575, 'Niwas', 19, 340, 'Y'),
(4576, 'Nizamabad', 35, 644, 'Y'),
(4577, 'Nizamabad North', 31, 601, 'Y'),
(4578, 'Nizamabad Rural', 31, 601, 'Y'),
(4579, 'NIZAMABAD SOUTH', 31, 601, 'Y'),
(4580, 'Nizampatnam', 2, 7, 'Y'),
(4581, 'Nizampet', 31, 594, 'Y'),
(4582, 'Nizamsagar', 31, 587, 'Y'),
(4583, 'Nizar', 10, 185, 'Y'),
(4584, 'Noamundi', 14, 265, 'Y'),
(4585, 'Nohar', 28, 521, 'Y'),
(4586, 'Nohra', 12, 219, 'Y'),
(4587, 'Nokha', 28, 513, 'Y'),
(4588, 'Nokha', 5, 103, 'Y'),
(4589, 'Nokhu', 24, 447, 'Y'),
(4590, 'Noklak', 24, 447, 'Y'),
(4591, 'Noksen', 24, 447, 'Y'),
(4592, 'Nongstoin', 22, 427, 'Y'),
(4593, 'Noorsarai', 5, 97, 'Y'),
(4594, 'North Guwahati (Pt)', 4, 59, 'Y'),
(4595, 'North Lakhimpur', 4, 64, 'Y'),
(4596, 'Nowgong', 19, 323, 'Y'),
(4597, 'Nowrozabad', 19, 363, 'Y'),
(4598, 'Nowshera', 13, 235, 'Y'),
(4599, 'Nsong', 24, 445, 'Y'),
(4600, '\'N\' Thingdawl', 23, 432, 'Y'),
(4601, 'N.T.P.C.', 25, 450, 'Y'),
(4602, 'Nuagaon', 25, 473, 'Y'),
(4603, 'Nuagaon', 25, 465, 'Y'),
(4604, 'NUAGAON', 25, 460, 'Y'),
(4605, 'Nuaon', 5, 88, 'Y'),
(4606, 'NUAPADA', 25, 474, 'Y'),
(4607, 'Nubra', 17, 311, 'Y'),
(4608, 'Nuh', 11, 201, 'Y'),
(4609, 'Nungba', 21, 410, 'Y'),
(4610, 'Nurpur', 12, 213, 'Y'),
(4611, 'Nuthanakal', 31, 607, 'Y'),
(4612, 'Nuzendla', 2, 7, 'Y'),
(4613, 'Nuzvid', 2, 8, 'Y'),
(4614, 'Nyalkal', 31, 605, 'Y'),
(4615, 'NYAMATHI', 15, 277, 'Y'),
(4616, 'NYAPIN ADC', 3, 24, 'Y'),
(4617, 'NYOBIA CIRCLE', 3, 24, 'Y'),
(4618, 'Obra', 5, 77, 'Y'),
(4619, 'Obuladevaracheruvu', 2, 4, 'Y'),
(4620, 'Obulavaripalle', 2, 16, 'Y'),
(4621, 'Odagaon', 25, 473, 'Y'),
(4622, 'Oddanchatram', 30, 549, 'Y'),
(4623, 'Odela', 31, 602, 'Y'),
(4624, 'Ojili', 2, 11, 'Y'),
(4625, 'Okhalkanda', 34, 630, 'Y'),
(4626, 'Okhamandal', 10, 165, 'Y'),
(4627, 'Olatapur', 25, 456, 'Y'),
(4628, 'Old Ziro SDO', 3, 30, 'Y'),
(4629, 'Olpad', 10, 183, 'Y'),
(4630, 'Omalur', 30, 563, 'Y'),
(4631, 'Onda', 36, 715, 'Y'),
(4632, 'Ondal', 36, 732, 'Y'),
(4633, 'Ongole', 2, 10, 'Y'),
(4634, 'Ongpangkong', 24, 443, 'Y'),
(4635, 'ONGPANGKONG (N)', 24, 443, 'Y'),
(4636, 'Orai', 35, 674, 'Y'),
(4637, 'Orathanadu', 30, 566, 'Y'),
(4638, 'Orchha', 19, 345, 'Y'),
(4639, 'Orchha', 7, 135, 'Y'),
(4640, 'Orient', 25, 463, 'Y'),
(4641, 'Orkel', 25, 470, 'Y'),
(4642, 'Ormanjhi', 14, 261, 'Y'),
(4643, 'Orvakal', 2, 9, 'Y'),
(4644, 'Osian', 28, 527, 'Y'),
(4645, 'Osmanabad', 20, 387, 'Y'),
(4646, 'Ottapidaram', 30, 576, 'Y'),
(4647, 'Ottappalam', 16, 305, 'Y'),
(4648, 'Oudgi', 7, 140, 'Y'),
(4649, 'Oupada', 25, 452, 'Y'),
(4650, 'Owk', 2, 9, 'Y'),
(4651, 'Oyan Circle', 3, 21, 'Y'),
(4652, 'Ozhukarai Taluk', 26, 482, 'Y'),
(4653, 'Pach Deuri', 5, 85, 'Y'),
(4654, 'Pachhad', 12, 219, 'Y'),
(4655, 'Pachim Nalbari', 4, 68, 'Y'),
(4656, 'Pachipenta', 2, 14, 'Y'),
(4657, 'Pachora', 20, 377, 'Y'),
(4658, 'Pachore', 19, 348, 'Y'),
(4659, 'Pachpadra', 28, 510, 'Y'),
(4660, 'Pachpahar', 28, 525, 'Y'),
(4661, 'Pachrukhi', 5, 110, 'Y'),
(4662, 'Padampur', 28, 520, 'Y'),
(4663, 'Padara', 31, 597, 'Y'),
(4664, 'Paddhari', 10, 181, 'Y'),
(4665, 'Paderu', 2, 13, 'Y'),
(4666, 'Padhar', 12, 217, 'Y'),
(4667, 'Padma', 14, 252, 'Y'),
(4668, 'Padmanabham', 2, 13, 'Y'),
(4669, 'Padmapur', 25, 453, 'Y'),
(4670, 'Padmapur', 25, 476, 'Y'),
(4671, 'Padra', 10, 186, 'Y'),
(4672, 'Padrauna', 35, 683, 'Y'),
(4673, 'Padua', 25, 469, 'Y'),
(4674, 'Padwa', 14, 259, 'Y'),
(4675, 'Pagidyala', 2, 9, 'Y'),
(4676, 'Pahalgam', 13, 222, 'Y'),
(4677, 'Pahari', 28, 511, 'Y'),
(4678, 'Paharpur', 5, 101, 'Y'),
(4679, 'Pahloo', 13, 231, 'Y'),
(4680, 'Paikamal', 25, 453, 'Y'),
(4681, 'Pailani', 35, 649, 'Y'),
(4682, 'Paithan', 20, 368, 'Y'),
(4683, 'Pajhota', 12, 219, 'Y'),
(4684, 'Pakala', 2, 5, 'Y'),
(4685, 'Pakar Tanr', 14, 264, 'Y'),
(4686, 'Pakaur', 14, 258, 'Y'),
(4687, 'Pakhanjur', 7, 129, 'Y'),
(4688, 'Pakke Kessang EAC', 3, 32, 'Y'),
(4689, 'PAKOTI CIRCLE', 3, 20, 'Y'),
(4690, 'Pakribarawan', 5, 98, 'Y'),
(4691, 'Pakri Dayal', 5, 101, 'Y'),
(4692, 'Pakuria', 14, 258, 'Y'),
(4693, 'Pakyong', 29, 539, 'Y'),
(4694, 'Palacoderu', 2, 15, 'Y'),
(4695, 'Palacole', 2, 15, 'Y');
INSERT INTO `city` (`city_id`, `city_name`, `state_id`, `district_id`, `del_action`) VALUES
(4696, 'Palakeedu', 31, 607, 'Y'),
(4697, 'Palakkad', 16, 305, 'Y'),
(4698, 'Palakkodu', 30, 548, 'Y'),
(4699, 'Palakonda', 2, 12, 'Y'),
(4700, 'Palakurthy', 31, 584, 'Y'),
(4701, 'PALAKURTHY', 31, 602, 'Y'),
(4702, 'Palalahada', 25, 450, 'Y'),
(4703, 'Palam', 20, 389, 'Y'),
(4704, 'Palamaner', 2, 5, 'Y'),
(4705, 'Palampur', 12, 213, 'Y'),
(4706, 'Palani', 30, 549, 'Y'),
(4707, 'Palanpur', 10, 159, 'Y'),
(4708, 'Palari', 7, 115, 'Y'),
(4709, 'Palasa', 2, 12, 'Y'),
(4710, 'Palasamudram', 2, 5, 'Y'),
(4711, 'Palasbari', 4, 59, 'Y'),
(4712, 'Palasi', 5, 75, 'Y'),
(4713, 'Palayamkottai', 30, 572, 'Y'),
(4714, 'Palera', 19, 361, 'Y'),
(4715, 'Palghar', 20, 388, 'Y'),
(4716, 'Palhawas ST', 11, 205, 'Y'),
(4717, 'Pali', 19, 363, 'Y'),
(4718, 'Pali', 7, 131, 'Y'),
(4719, 'Pali', 35, 684, 'Y'),
(4720, 'Pali', 28, 531, 'Y'),
(4721, 'Palia', 35, 682, 'Y'),
(4722, 'Paliganj', 5, 100, 'Y'),
(4723, 'Palimela', 31, 585, 'Y'),
(4724, 'Palin Circle', 3, 23, 'Y'),
(4725, 'Palitana', 10, 161, 'Y'),
(4726, 'Palkot', 14, 251, 'Y'),
(4727, 'Palladam', 30, 574, 'Y'),
(4728, 'Pallavaram', 30, 544, 'Y'),
(4729, 'Palling Circle', 3, 38, 'Y'),
(4730, 'Pallipattu', 30, 569, 'Y'),
(4731, 'Palojori', 14, 244, 'Y'),
(4732, 'Palsana', 10, 183, 'Y'),
(4733, 'Palus', 20, 393, 'Y'),
(4734, 'Palvoncha', 31, 581, 'Y'),
(4735, 'Palwal', 11, 202, 'Y'),
(4736, 'Pamarru', 2, 8, 'Y'),
(4737, 'Pamgarh', 7, 126, 'Y'),
(4738, 'Pamidi', 2, 4, 'Y'),
(4739, 'Pamidimukkala', 2, 8, 'Y'),
(4740, 'Pampore', 13, 234, 'Y'),
(4741, 'Pamulapadu', 2, 9, 'Y'),
(4742, 'Pamur', 2, 10, 'Y'),
(4743, 'Panagar', 19, 336, 'Y'),
(4744, 'Panapur', 5, 106, 'Y'),
(4745, 'Panchari', 13, 241, 'Y'),
(4746, 'Panchkula', 11, 203, 'Y'),
(4747, 'Panchla', 36, 722, 'Y'),
(4748, 'Panchrukhi', 12, 213, 'Y'),
(4749, 'Pandabeswar', 36, 732, 'Y'),
(4750, 'Pandapara', 25, 467, 'Y'),
(4751, 'Pandarak', 5, 100, 'Y'),
(4752, 'Pandariya', 7, 128, 'Y'),
(4753, 'Pandaul', 5, 94, 'Y'),
(4754, 'Pandavapura', 15, 286, 'Y'),
(4755, 'Pandhana', 19, 330, 'Y'),
(4756, 'Pandharpur', 20, 396, 'Y'),
(4757, 'Pandhurna', 19, 324, 'Y'),
(4758, 'Pandu', 14, 259, 'Y'),
(4759, 'Pandua', 36, 721, 'Y'),
(4760, 'Pangal', 31, 609, 'Y'),
(4761, 'Pangchao SDO', 3, 27, 'Y'),
(4762, 'Pangi', 12, 211, 'Y'),
(4763, 'Pangin EAC', 3, 35, 'Y'),
(4764, 'Pangna', 12, 217, 'Y'),
(4765, 'Panhala', 20, 379, 'Y'),
(4766, 'Panikoili', 25, 462, 'Y'),
(4767, 'Panipat', 11, 204, 'Y'),
(4768, 'Panisagar', 33, 619, 'Y'),
(4769, 'Panjehra', 12, 220, 'Y'),
(4770, 'Pankhu', 34, 632, 'Y'),
(4771, 'Panki', 14, 259, 'Y'),
(4772, 'Panna', 19, 346, 'Y'),
(4773, 'Panruti', 30, 547, 'Y'),
(4774, 'Pansemal', 19, 318, 'Y'),
(4775, 'Panskura', 36, 728, 'Y'),
(4776, 'Panso', 24, 447, 'Y'),
(4777, 'Panthachowk', 13, 240, 'Y'),
(4778, 'Panthalur', 30, 568, 'Y'),
(4779, 'Panvel', 20, 391, 'Y'),
(4780, 'Panyam', 2, 9, 'Y'),
(4781, 'Paomata', 21, 412, 'Y'),
(4782, 'Paonta Sahib', 12, 219, 'Y'),
(4783, 'Papanasam', 30, 566, 'Y'),
(4784, 'Papannapet', 31, 594, 'Y'),
(4785, 'Paparahandi', 25, 472, 'Y'),
(4786, 'Paparmetla', 25, 470, 'Y'),
(4787, 'Pappireddipatti', 30, 548, 'Y'),
(4788, 'Para', 36, 734, 'Y'),
(4789, 'Paradeep Lock', 25, 461, 'Y'),
(4790, 'Paradip', 25, 461, 'Y'),
(4791, 'Paraiya', 5, 84, 'Y'),
(4792, 'Parajang', 25, 458, 'Y'),
(4793, 'Paralakhemundi', 25, 459, 'Y'),
(4794, 'Paramakudi', 30, 561, 'Y'),
(4795, 'Paramathi-Velur', 30, 558, 'Y'),
(4796, 'Paranda', 20, 387, 'Y'),
(4797, 'Parang Circle', 3, 33, 'Y'),
(4798, 'Parasia', 19, 324, 'Y'),
(4799, 'Paraswada', 19, 317, 'Y'),
(4800, 'Paravada', 2, 13, 'Y'),
(4801, 'Paravur', 16, 297, 'Y'),
(4802, 'Parbalpur', 5, 97, 'Y'),
(4803, 'Parbatsar', 28, 530, 'Y'),
(4804, 'Parbatta', 5, 90, 'Y'),
(4805, 'Parbhani', 20, 389, 'Y'),
(4806, 'PARBUK SDO', 3, 28, 'Y'),
(4807, 'Parchur', 2, 10, 'Y'),
(4808, 'Pardi', 10, 187, 'Y'),
(4809, 'Pargi', 31, 608, 'Y'),
(4810, 'Pargwal', 13, 228, 'Y'),
(4811, 'Parigi', 2, 4, 'Y'),
(4812, 'Parihar', 5, 109, 'Y'),
(4813, 'Parkal', 31, 610, 'Y'),
(4814, 'Parli', 20, 369, 'Y'),
(4815, 'Parner', 20, 365, 'Y'),
(4816, 'Parola', 20, 377, 'Y'),
(4817, 'Paroo', 5, 96, 'Y'),
(4818, 'Parsa', 5, 106, 'Y'),
(4819, 'Parsauni', 5, 109, 'Y'),
(4820, 'Parseoni', 20, 383, 'Y'),
(4821, 'Partur', 20, 378, 'Y'),
(4822, 'Parvathagiri', 31, 610, 'Y'),
(4823, 'Parvathipuram', 2, 14, 'Y'),
(4824, 'Pasighat HQ', 3, 21, 'Y'),
(4825, 'PASSA VALLEY CIRCLE', 3, 32, 'Y'),
(4826, 'Patahi', 5, 101, 'Y'),
(4827, 'Patamda', 14, 247, 'Y'),
(4828, 'Patan', 19, 336, 'Y'),
(4829, 'Patan', 10, 179, 'Y'),
(4830, 'Patan', 14, 259, 'Y'),
(4831, 'Patan', 7, 123, 'Y'),
(4832, 'Patan', 20, 394, 'Y'),
(4833, 'Patana', 25, 467, 'Y'),
(4834, 'Patancheru', 31, 605, 'Y'),
(4835, 'Patan-Veraval', 10, 168, 'Y'),
(4836, 'PATAPUR', 25, 460, 'Y'),
(4837, 'Patarghat', 5, 104, 'Y'),
(4838, 'Pataudi', 11, 193, 'Y'),
(4839, 'Patel Nagar', 8, 152, 'N'),
(4840, 'Patepur', 5, 112, 'Y'),
(4841, 'Patera', 19, 325, 'Y'),
(4842, 'Paterhi Belsar', 5, 112, 'Y'),
(4843, 'Pathalgaon', 7, 127, 'Y'),
(4844, 'Pathalgora', 14, 243, 'Y'),
(4845, 'Pathanapuram', 16, 301, 'Y'),
(4846, 'Pathankot', 27, 498, 'Y'),
(4847, 'Pathapatnam', 2, 12, 'Y'),
(4848, 'Pathardi', 20, 365, 'Y'),
(4849, 'Pathargama', 14, 250, 'Y'),
(4850, 'Pathari', 19, 364, 'Y'),
(4851, 'Patharia', 19, 325, 'Y'),
(4852, 'Pathariya', 7, 134, 'Y'),
(4853, 'Patharkandi', 4, 62, 'Y'),
(4854, 'Patharpratima', 36, 713, 'Y'),
(4855, 'Pathna', 14, 262, 'Y'),
(4856, 'Pathorighat (Pt)', 4, 49, 'Y'),
(4857, 'Pathri', 20, 389, 'Y'),
(4858, 'Pati', 34, 627, 'Y'),
(4859, 'Pati', 19, 318, 'Y'),
(4860, 'Patiala', 27, 499, 'Y'),
(4861, 'Patiyali', 35, 680, 'Y'),
(4862, 'Patkura', 25, 466, 'Y'),
(4863, 'Patnagarh', 25, 451, 'Y'),
(4864, 'Patna Rural', 5, 100, 'Y'),
(4865, 'Patoda', 20, 369, 'Y'),
(4866, 'Patori', 5, 105, 'Y'),
(4867, 'Patran', 27, 499, 'Y'),
(4868, 'Patrasayer', 36, 715, 'Y'),
(4869, 'Patratu', 14, 260, 'Y'),
(4870, 'Patsoi', 21, 405, 'Y'),
(4871, 'Pattambi', 16, 305, 'Y'),
(4872, 'Pattamundai', 25, 466, 'Y'),
(4873, 'Pattan', 13, 224, 'Y'),
(4874, 'Patti', 27, 505, 'Y'),
(4875, 'Patti', 35, 696, 'Y'),
(4876, 'Pattikonda', 2, 9, 'Y'),
(4877, 'Pattukkottai', 30, 566, 'Y'),
(4878, 'PATUK ADC', 3, 24, 'Y'),
(4879, 'Patur', 20, 366, 'Y'),
(4880, 'Pauni', 20, 370, 'Y'),
(4881, 'Pauri', 34, 631, 'Y'),
(4882, 'Pavagada', 15, 291, 'Y'),
(4883, 'Pavta', 28, 522, 'Y'),
(4884, 'Pawai', 19, 346, 'Y'),
(4885, 'Pawkidevi', 34, 634, 'Y'),
(4886, 'PAYAGPUR', 35, 646, 'Y'),
(4887, 'Payakaraopeta', 2, 13, 'Y'),
(4888, 'Payal', 27, 495, 'Y'),
(4889, 'Payeng Circle', 3, 39, 'Y'),
(4890, 'Payum Circle', 3, 35, 'Y'),
(4891, 'Payyannur', 16, 299, 'Y'),
(4892, 'Peapally', 2, 9, 'Y'),
(4893, 'Pebbair', 31, 609, 'Y'),
(4894, 'Peda Araveedu', 2, 10, 'Y'),
(4895, 'Peda Bayalu', 2, 13, 'Y'),
(4896, 'Pedacherlo Palle', 2, 10, 'Y'),
(4897, 'Pedagantyada', 2, 13, 'Y'),
(4898, 'Pedakakani', 2, 7, 'Y'),
(4899, 'Pedakurapadu', 2, 7, 'Y'),
(4900, 'Pedana', 2, 8, 'Y'),
(4901, 'Pedanandipadu', 2, 7, 'Y'),
(4902, 'Pedapadu', 2, 15, 'Y'),
(4903, 'Pedaparupudi', 2, 8, 'Y'),
(4904, 'Pedapudi', 2, 6, 'Y'),
(4905, 'Pedavegi', 2, 15, 'Y'),
(4906, 'Pedda Adesherlapally', 31, 598, 'Y'),
(4907, 'Pedda Kadubur', 2, 9, 'Y'),
(4908, 'Pedda Kodapgal', 31, 587, 'Y'),
(4909, 'Peddakothapally', 31, 597, 'Y'),
(4910, 'Peddamandadi', 31, 609, 'Y'),
(4911, 'Peddamandyam', 2, 5, 'Y'),
(4912, 'Peddamudium', 2, 16, 'Y'),
(4913, 'Peddapalli', 31, 602, 'Y'),
(4914, 'Peddapanjani', 2, 5, 'Y'),
(4915, 'Peddapappur', 2, 4, 'Y'),
(4916, 'Peddapuram', 2, 6, 'Y'),
(4917, 'Pedda Thippasamudram', 2, 5, 'Y'),
(4918, 'Peddavadugur', 2, 4, 'Y'),
(4919, 'Peddavangara', 31, 591, 'Y'),
(4920, 'Peddavoora', 31, 598, 'Y'),
(4921, 'Peddemul', 31, 608, 'Y'),
(4922, 'Pedi (Ngwalwa)', 24, 445, 'Y'),
(4923, 'PEDONG', 36, 725, 'Y'),
(4924, 'Peepalkhoont', 28, 532, 'Y'),
(4925, 'Peeplu', 28, 537, 'Y'),
(4926, 'Peerumade', 16, 298, 'Y'),
(4927, 'Peesangan', 28, 506, 'Y'),
(4928, 'Pegadapalli', 31, 583, 'Y'),
(4929, 'Pehowa', 11, 199, 'Y'),
(4930, 'Pellakur', 2, 11, 'Y'),
(4931, 'Pembi', 31, 600, 'Y'),
(4932, 'Pen', 20, 391, 'Y'),
(4933, 'Penagalur', 2, 16, 'Y'),
(4934, 'Penamaluru', 2, 8, 'Y'),
(4935, 'Penchicalpet', 31, 590, 'Y'),
(4936, 'Pendlimarri', 2, 16, 'Y'),
(4937, 'Pendra', 7, 125, 'Y'),
(4938, 'Pendra Road Gorella', 7, 125, 'Y'),
(4939, 'Pendurthi', 2, 13, 'Y'),
(4940, 'Pennagaram', 30, 548, 'Y'),
(4941, 'Penpahad', 31, 607, 'Y'),
(4942, 'Pentapadu', 2, 15, 'Y'),
(4943, 'Pentlavelli', 31, 597, 'Y'),
(4944, 'Penuballi', 31, 589, 'Y'),
(4945, 'Penuganchiprolu', 2, 8, 'Y'),
(4946, 'Penugonda', 2, 15, 'Y'),
(4947, 'Penukonda', 2, 4, 'Y'),
(4948, 'Penumantra', 2, 15, 'Y'),
(4949, 'Penumuru', 2, 5, 'Y'),
(4950, 'Peraiyur', 30, 556, 'Y'),
(4951, 'Perambalur', 30, 559, 'Y'),
(4952, 'Peravali', 2, 15, 'Y'),
(4953, 'Peravurani', 30, 566, 'Y'),
(4954, 'Peren', 24, 445, 'Y'),
(4955, 'Perinthalmanna', 16, 304, 'Y'),
(4956, 'Periyakulam', 30, 567, 'Y'),
(4957, 'Pernambut', 30, 577, 'Y'),
(4958, 'Pernem', 9, 153, 'Y'),
(4959, 'Perundurai', 30, 550, 'Y'),
(4960, 'Perur', 30, 546, 'Y'),
(4961, 'Peshrar', 14, 257, 'Y'),
(4962, 'Peterwar', 14, 242, 'Y'),
(4963, 'Peth', 20, 386, 'Y'),
(4964, 'Pethanaickanpalayam', 30, 563, 'Y'),
(4965, 'Petlad', 10, 157, 'Y'),
(4966, 'Petlawad', 19, 337, 'Y'),
(4967, 'Pfutsero', 24, 446, 'Y'),
(4968, 'P.Gannavaram', 2, 6, 'Y'),
(4969, 'Phagi', 28, 522, 'Y'),
(4970, 'Phagwara', 27, 494, 'Y'),
(4971, 'Phalodi', 28, 527, 'Y'),
(4972, 'Phaltan', 20, 394, 'Y'),
(4973, 'Phansidewa', 36, 718, 'Y'),
(4974, 'Pharenda', 35, 686, 'Y'),
(4975, 'PHASSANG CIRCLE', 3, 24, 'Y'),
(4976, 'Phek Sadar', 24, 446, 'Y'),
(4977, 'Phenhara', 5, 101, 'Y'),
(4978, 'Phigsoo', 13, 226, 'Y'),
(4979, 'Phillaur', 27, 493, 'Y'),
(4980, 'Phirangipuram', 2, 7, 'Y'),
(4981, 'Phiringia', 25, 465, 'Y'),
(4982, 'Phokhungri', 24, 446, 'Y'),
(4983, 'Phomching', 24, 444, 'Y'),
(4984, 'Phooliya Kalan', 28, 512, 'Y'),
(4985, 'Phor', 24, 446, 'Y'),
(4986, 'Phulabani', 25, 465, 'Y'),
(4987, 'Phulabani Town', 25, 465, 'Y'),
(4988, 'Phulambri', 20, 368, 'Y'),
(4989, 'Phulera (Hq.Sambhar)', 28, 522, 'Y'),
(4990, 'Phulidumar', 5, 78, 'Y'),
(4991, 'Phullen', 23, 437, 'Y'),
(4992, 'Phuloni', 4, 61, 'Y'),
(4993, 'Phulparas', 5, 94, 'Y'),
(4994, 'Phulpur', 35, 697, 'Y'),
(4995, 'Phulpur', 35, 644, 'Y'),
(4996, 'Phulwari', 5, 100, 'Y'),
(4997, 'Phulwaria', 5, 85, 'Y'),
(4998, 'Phungyar', 21, 408, 'Y'),
(4999, 'Pichatur', 2, 5, 'Y'),
(5000, 'Pichhore', 19, 358, 'Y'),
(5001, 'Pichhore Or Dabra', 19, 332, 'Y'),
(5002, 'Pidi Circle', 3, 34, 'Y'),
(5003, 'Piduguralla', 2, 7, 'Y'),
(5004, 'Pileru', 2, 5, 'Y'),
(5005, 'Pilibanga', 28, 521, 'Y'),
(5006, 'Pilibhit', 35, 695, 'Y'),
(5007, 'Pillukhera ST', 11, 196, 'Y'),
(5008, 'Pinapaka', 31, 581, 'Y'),
(5009, 'Pindra', 35, 711, 'Y'),
(5010, 'Pindwara', 28, 536, 'Y'),
(5011, 'Pingla', 36, 729, 'Y'),
(5012, 'Pipalda', 28, 529, 'Y'),
(5013, 'Pipariya', 5, 92, 'Y'),
(5014, 'Pipariya', 19, 334, 'Y'),
(5015, 'Pipar shahar', 28, 527, 'Y'),
(5016, 'Pipili', 25, 475, 'Y'),
(5017, 'Piploda', 19, 349, 'Y'),
(5018, 'Pipra', 14, 259, 'Y'),
(5019, 'Pipra', 5, 111, 'Y'),
(5020, 'Piprai', 19, 316, 'Y'),
(5021, 'Piprakothi', 5, 101, 'Y'),
(5022, 'Piprarhi', 5, 108, 'Y'),
(5023, 'Piprasi', 5, 99, 'Y'),
(5024, 'Pipsorang Circle', 3, 23, 'Y'),
(5025, 'Pipu Dipu Circle', 3, 20, 'Y'),
(5026, 'Pirawa', 28, 525, 'Y'),
(5027, 'Piriyapatna', 15, 287, 'Y'),
(5028, 'Piro', 5, 81, 'Y'),
(5029, 'Pirpainti', 5, 80, 'Y'),
(5030, 'Pirtanr', 14, 249, 'Y'),
(5031, 'Pistana Circle', 3, 30, 'Y'),
(5032, 'Pithampur', 19, 328, 'Y'),
(5033, 'Pithapuram', 2, 6, 'Y'),
(5034, 'Pithora', 7, 133, 'Y'),
(5035, 'Pithoragarh', 34, 632, 'Y'),
(5036, 'Pitlam', 31, 587, 'Y'),
(5037, 'Pittalavanipalem', 2, 7, 'Y'),
(5038, 'Piyong Circle', 3, 31, 'Y'),
(5039, 'Pizirang Veo Circle', 3, 32, 'Y'),
(5040, 'Pochampalli', 30, 555, 'Y'),
(5041, 'Podalakur', 2, 11, 'Y'),
(5042, 'Podia', 25, 470, 'Y'),
(5043, 'Podili', 2, 10, 'Y'),
(5044, 'Poduru', 2, 15, 'Y'),
(5045, 'Pogal Paristan', 13, 236, 'Y'),
(5046, 'Pohri', 19, 358, 'Y'),
(5047, 'Pokaran', 28, 523, 'Y'),
(5048, 'Pokhari', 34, 626, 'Y'),
(5049, 'Poladpur', 20, 391, 'Y'),
(5050, 'Polaki', 2, 12, 'Y'),
(5051, 'POLASARA', 25, 460, 'Y'),
(5052, 'Polavaram', 2, 15, 'Y'),
(5053, 'Polaykala', 19, 356, 'Y'),
(5054, 'Polba - Dadpur', 36, 721, 'Y'),
(5055, 'Pollachi', 30, 546, 'Y'),
(5056, 'POLOSANG CIRCLE', 3, 24, 'Y'),
(5057, 'Polur', 30, 575, 'Y'),
(5058, 'Pombhurna', 20, 372, 'Y'),
(5059, 'Ponda', 9, 154, 'Y'),
(5060, 'Ponduru', 2, 12, 'Y'),
(5061, 'Ponnaluru', 2, 10, 'Y'),
(5062, 'Ponnamaravathi', 30, 560, 'Y'),
(5063, 'Ponnani', 16, 304, 'Y'),
(5064, 'Ponneri', 30, 569, 'Y'),
(5065, 'Ponnur', 2, 7, 'Y'),
(5066, 'Poo', 12, 214, 'Y'),
(5067, 'Poogal', 28, 513, 'Y'),
(5068, 'Poonamallee', 30, 569, 'Y'),
(5069, 'Poornagiri', 34, 627, 'Y'),
(5070, 'Porbandar', 10, 180, 'Y'),
(5071, 'Poreyahat', 14, 250, 'Y'),
(5072, 'Porompat', 21, 404, 'Y'),
(5073, 'Porsa', 19, 342, 'Y'),
(5074, 'Port Blair', 1, 3, 'Y'),
(5075, 'Porumamilla', 2, 16, 'Y'),
(5076, 'POSHINA', 10, 182, 'Y'),
(5077, 'Potashpur - I', 36, 728, 'Y'),
(5078, 'Potashpur - II', 36, 728, 'Y'),
(5079, 'Pothia', 5, 91, 'Y'),
(5080, 'Potka', 14, 247, 'Y'),
(5081, 'Pottangi', 25, 469, 'Y'),
(5082, 'Poundi-Uproda', 7, 131, 'Y'),
(5083, 'Pouni', 13, 237, 'Y'),
(5084, 'Powayan', 35, 703, 'Y'),
(5085, 'PrabhatPattan', 19, 319, 'Y'),
(5086, 'Pragpur', 12, 213, 'Y'),
(5087, 'Pranpur', 5, 89, 'Y'),
(5088, 'Prantij', 10, 182, 'Y'),
(5089, 'Pratapganj', 5, 111, 'Y'),
(5090, 'Pratapgarh', 28, 532, 'Y'),
(5091, 'Pratapgarh', 35, 696, 'Y'),
(5092, 'Pratapnagar', 34, 634, 'Y'),
(5093, 'Pratappur', 14, 243, 'Y'),
(5094, 'Pratappur', 7, 140, 'Y'),
(5095, 'Prathipadu', 2, 7, 'Y'),
(5096, 'Prathipadu', 2, 6, 'Y'),
(5097, 'Preet Vihar', 8, 143, 'N'),
(5098, 'Premnagar', 7, 140, 'Y'),
(5099, 'Prithvipur', 19, 345, 'Y'),
(5100, 'Proddatur', 2, 16, 'Y'),
(5101, 'Puchi Geko Circle', 3, 22, 'Y'),
(5102, 'Puducherry Taluk', 26, 482, 'Y'),
(5103, 'Pudukkottai', 30, 560, 'Y'),
(5104, 'Pudur', 31, 608, 'Y'),
(5105, 'Pugalur', 30, 554, 'Y'),
(5106, 'Pughoboto', 24, 449, 'Y'),
(5107, 'Pukhri', 12, 211, 'Y'),
(5108, 'Pulicherla', 2, 5, 'Y'),
(5109, 'Pulivendla', 2, 16, 'Y'),
(5110, 'Pulkal', 31, 605, 'Y'),
(5111, 'Pulla Gumdesh', 34, 627, 'Y'),
(5112, 'Pullalacheruvu', 2, 10, 'Y'),
(5113, 'Pullampeta', 2, 16, 'Y'),
(5114, 'Pulwama', 13, 234, 'Y'),
(5115, 'Pumao Circle', 3, 27, 'Y'),
(5116, 'Puna', 10, 183, 'Y'),
(5117, 'Punahana', 11, 201, 'Y'),
(5118, 'Punalur', 16, 301, 'Y'),
(5119, 'Punasa', 19, 330, 'Y'),
(5120, 'Puncha', 36, 734, 'Y'),
(5121, 'Pune City', 20, 390, 'Y'),
(5122, 'Punganur', 2, 5, 'Y'),
(5123, 'Pungro', 24, 440, 'Y'),
(5124, 'Punjabi Bagh', 8, 152, 'N'),
(5125, 'Punpun', 5, 100, 'Y'),
(5126, 'Pupri', 5, 109, 'Y'),
(5127, 'Puraini', 5, 93, 'Y'),
(5128, 'Purandhar', 20, 390, 'Y'),
(5129, 'Puranpur', 35, 695, 'Y'),
(5130, 'Puraula', 34, 636, 'Y'),
(5131, 'Purbasthali - I', 36, 733, 'Y'),
(5132, 'Purbasthali - II', 36, 733, 'Y'),
(5133, 'Purbi Tundi*', 14, 245, 'Y'),
(5134, 'Puri (M)', 25, 475, 'Y'),
(5135, 'Purna', 20, 389, 'Y'),
(5136, 'Purnahiya', 5, 108, 'Y'),
(5137, 'Purnia East', 5, 102, 'Y'),
(5138, 'Pursura', 36, 721, 'Y'),
(5139, 'Purul', 21, 412, 'Y'),
(5140, 'Purulia - I', 36, 734, 'Y'),
(5141, 'Purulia - II', 36, 734, 'Y'),
(5142, 'Puruna Katak', 25, 455, 'Y'),
(5143, 'Purunakot', 25, 450, 'Y'),
(5144, 'PURUSOTTAMPUR', 25, 460, 'Y'),
(5145, 'Purwa', 35, 710, 'Y'),
(5146, 'Pusa', 5, 105, 'Y'),
(5147, 'Pusad', 20, 400, 'Y'),
(5148, 'Pusapatirega', 2, 14, 'Y'),
(5149, 'Pushkar', 28, 506, 'Y'),
(5150, 'Pushparajgarh', 19, 315, 'Y'),
(5151, 'Pusour', 7, 136, 'Y'),
(5152, 'Puthalapattu', 2, 5, 'Y'),
(5153, 'Putlur', 2, 4, 'Y'),
(5154, 'Puttaparthi', 2, 4, 'Y'),
(5155, 'Puttasing', 25, 476, 'Y'),
(5156, 'Puttur', 15, 276, 'Y'),
(5157, 'Puttur', 2, 5, 'Y'),
(5158, 'Pynursla', 22, 419, 'Y'),
(5159, 'Qaimoh', 13, 231, 'Y'),
(5160, 'Qaziabad', 13, 232, 'Y'),
(5161, 'Qazigund', 13, 222, 'Y'),
(5162, 'Qila Darhal', 13, 235, 'Y'),
(5163, 'Quepem', 9, 154, 'Y'),
(5164, 'Qutballapur', 31, 595, 'Y'),
(5165, 'RABAKAVI BANAHATTI', 15, 266, 'Y'),
(5166, 'Racherla', 2, 10, 'Y'),
(5167, 'Radaur', 11, 209, 'Y'),
(5168, 'Radhanagari', 20, 379, 'Y'),
(5169, 'Radhanpur', 10, 179, 'Y'),
(5170, 'Radhapuram', 30, 572, 'Y'),
(5171, 'Rae Bareli', 35, 698, 'Y'),
(5172, 'Rafiabad', 13, 224, 'Y'),
(5173, 'Rafiganj', 5, 77, 'Y'),
(5174, 'Raga ADC', 3, 22, 'Y'),
(5175, 'Raghogarh', 19, 331, 'Y'),
(5176, 'Raghopur', 5, 112, 'Y'),
(5177, 'Raghopur', 5, 111, 'Y'),
(5178, 'Raghunadhapalem', 31, 589, 'Y'),
(5179, 'Raghunathapali', 25, 479, 'Y'),
(5180, 'Raghunathganj - I', 36, 730, 'Y'),
(5181, 'Raghunathganj - II', 36, 730, 'Y'),
(5182, 'Raghunathpur', 5, 110, 'Y'),
(5183, 'Raghunathpur - I', 36, 734, 'Y'),
(5184, 'Raghunathpur - II', 36, 734, 'Y'),
(5185, 'Raghurajnagar Nagareey', 19, 352, 'Y'),
(5186, 'Ragunathpally', 31, 584, 'Y'),
(5187, 'Raha', 4, 67, 'Y'),
(5188, 'Rahatgarh', 19, 351, 'Y'),
(5189, 'Rahe', 14, 261, 'Y'),
(5190, 'Rahta', 20, 365, 'Y'),
(5191, 'Rahui', 5, 97, 'Y'),
(5192, 'Rahuri', 20, 365, 'Y'),
(5193, 'Rahuwas', 28, 517, 'Y'),
(5194, 'Raibania', 25, 452, 'Y'),
(5195, 'Raiboga', 25, 479, 'Y'),
(5196, 'Raichur', 15, 288, 'Y'),
(5197, 'Raidih', 14, 251, 'Y'),
(5198, 'Raiganj', 36, 720, 'Y'),
(5199, 'Raigarh', 7, 136, 'Y'),
(5200, 'Raighar', 25, 472, 'Y'),
(5201, 'Raikal', 31, 583, 'Y'),
(5202, 'Raikia', 25, 465, 'Y'),
(5203, 'Raikode', 31, 605, 'Y'),
(5204, 'Raikot', 27, 495, 'Y'),
(5205, 'Railmagra', 28, 533, 'Y'),
(5206, 'Raina - I', 36, 733, 'Y'),
(5207, 'Raina - II', 36, 733, 'Y'),
(5208, 'Raipole', 31, 606, 'Y'),
(5209, 'Raipur', 28, 525, 'Y'),
(5210, 'Raipur', 28, 531, 'Y'),
(5211, 'Raipur', 36, 715, 'Y'),
(5212, 'Raipur', 7, 137, 'Y'),
(5213, 'Raipur', 28, 512, 'Y'),
(5214, 'Raipura', 19, 346, 'Y'),
(5215, 'Raipur - Karchuliyan', 19, 350, 'Y'),
(5216, 'Raipur Rani', 11, 203, 'Y'),
(5217, 'Rairakhol', 25, 477, 'Y'),
(5218, 'Rairangpur', 25, 471, 'Y'),
(5219, 'Rairangpur Town', 25, 471, 'Y'),
(5220, 'Raisen', 19, 347, 'Y'),
(5221, 'Raisinghnagar', 28, 520, 'Y'),
(5222, 'Rai ST', 11, 208, 'Y'),
(5223, 'Rajagangapur', 25, 479, 'Y'),
(5224, 'Rajahmundry Rural', 2, 6, 'Y'),
(5225, 'Rajahmundry (Urban)', 2, 6, 'Y'),
(5226, 'Rajakhera', 28, 518, 'Y'),
(5227, 'Rajam', 2, 12, 'Y'),
(5228, 'Rajampet', 2, 16, 'Y'),
(5229, 'Rajampet', 31, 587, 'Y'),
(5230, 'Rajanagaram', 2, 6, 'Y'),
(5231, 'Raja Pakar', 5, 112, 'Y'),
(5232, 'Rajapalayam', 30, 579, 'Y'),
(5233, 'Rajapeta', 31, 612, 'Y'),
(5234, 'Rajapur', 35, 658, 'Y'),
(5235, 'Rajapur', 20, 392, 'Y'),
(5236, 'Rajapur', 31, 592, 'Y'),
(5237, 'Rajarhat', 36, 712, 'Y'),
(5238, 'RAJASINGAMANGALAM', 30, 561, 'Y'),
(5239, 'Rajatalab', 35, 711, 'Y'),
(5240, 'Rajauli', 5, 98, 'Y'),
(5241, 'Rajaun', 5, 78, 'Y'),
(5242, 'Rajaund ST', 11, 197, 'Y'),
(5243, 'Rajavommangi', 2, 6, 'Y'),
(5244, 'Rajendranagar', 31, 604, 'Y'),
(5245, 'Rajganj', 36, 723, 'Y'),
(5246, 'Rajgarh', 28, 516, 'Y'),
(5247, 'Rajgarh', 12, 219, 'Y'),
(5248, 'Rajgarh', 13, 236, 'Y'),
(5249, 'Rajgarh', 19, 348, 'Y'),
(5250, 'Rajgarh', 28, 507, 'Y'),
(5251, 'Rajgarhi', 34, 636, 'Y'),
(5252, 'Rajgir', 5, 97, 'Y'),
(5253, 'Rajim', 7, 124, 'Y'),
(5254, 'Rajkanika', 25, 466, 'Y'),
(5255, 'Rajkot', 10, 181, 'Y'),
(5256, 'RAJKOT EAST', 10, 181, 'Y'),
(5257, 'RAJKOT SOUTH', 10, 181, 'Y'),
(5258, 'RAJKOT WEST', 10, 181, 'Y'),
(5259, 'Rajmahal', 14, 262, 'Y'),
(5260, 'Rajnagar', 19, 323, 'Y'),
(5261, 'Rajnagar', 5, 94, 'Y'),
(5262, 'Rajnagar', 36, 716, 'Y'),
(5263, 'Rajnagar', 25, 466, 'Y'),
(5264, 'Rajnandgaon', 7, 138, 'Y'),
(5265, 'Rajoli', 31, 586, 'Y'),
(5266, 'Rajouri', 13, 235, 'Y'),
(5267, 'Rajouri Garden', 8, 152, 'N'),
(5268, 'Rajpora', 13, 234, 'Y'),
(5269, 'Rajpur', 7, 116, 'Y'),
(5270, 'Rajpur', 5, 82, 'Y'),
(5271, 'Rajpur', 5, 103, 'Y'),
(5272, 'Rajpur', 19, 318, 'Y'),
(5273, 'Rajpura', 13, 238, 'Y'),
(5274, 'Rajpura', 27, 499, 'Y'),
(5275, 'Rajsamand', 28, 533, 'Y'),
(5276, 'Rajula', 10, 156, 'Y'),
(5277, 'Rajupalem', 2, 16, 'Y'),
(5278, 'Rajupalem', 2, 7, 'Y'),
(5279, 'Rajura', 20, 372, 'Y'),
(5280, 'Rakkar', 12, 213, 'Y'),
(5281, 'Ralan', 24, 448, 'Y'),
(5282, 'Ralegaon', 20, 400, 'Y'),
(5283, 'Rama', 19, 337, 'Y'),
(5284, 'Ramabhadrapuram', 2, 14, 'Y'),
(5285, 'Ramachandi', 25, 475, 'Y'),
(5286, 'Ramachandrapuram', 2, 5, 'Y'),
(5287, 'Ramachandrapuram', 2, 6, 'Y'),
(5288, 'Ramadugu', 31, 588, 'Y'),
(5289, 'Ramagiri', 25, 459, 'Y'),
(5290, 'Ramagiri', 2, 4, 'Y'),
(5291, 'RAMAGIRI', 31, 602, 'Y'),
(5292, 'Ramagundam', 31, 602, 'Y'),
(5293, 'Ramakuppam', 2, 5, 'Y'),
(5294, 'Ramanagara', 15, 289, 'Y'),
(5295, 'Ramanathapuram', 30, 561, 'Y'),
(5296, 'Ramannapet', 31, 612, 'Y'),
(5297, 'Ramanujganj', 7, 116, 'Y'),
(5298, 'Ramanujnagar', 7, 140, 'Y'),
(5299, 'Ramapuram', 2, 16, 'Y'),
(5300, 'Ramareddy', 31, 587, 'Y'),
(5301, 'Ramasamudram', 2, 5, 'Y'),
(5302, 'Ramayampet', 31, 594, 'Y'),
(5303, 'Ramban', 13, 236, 'Y'),
(5304, 'RAMBHA', 25, 460, 'Y'),
(5305, 'Rambilli', 2, 13, 'Y'),
(5306, 'Ramchandrapuram', 31, 605, 'Y'),
(5307, 'Ramdurg', 15, 268, 'Y'),
(5308, 'Rameswaram', 30, 561, 'Y'),
(5309, 'Ramganj Mandi', 28, 529, 'Y'),
(5310, 'Ramgarh', 14, 246, 'Y'),
(5311, 'Ramgarh', 28, 507, 'Y'),
(5312, 'Ramgarh', 5, 88, 'Y'),
(5313, 'Ramgarh', 34, 630, 'Y'),
(5314, 'Ramgarh', 13, 238, 'Y'),
(5315, 'Ramgarh', 14, 260, 'Y'),
(5316, 'RAMGARH', 14, 259, 'Y'),
(5317, 'Ramgarh Chowk', 5, 92, 'Y'),
(5318, 'Ramgarh Pachwara', 28, 517, 'Y'),
(5319, 'RAMGARH SHEKAWATI', 28, 535, 'Y'),
(5320, 'Ramgarhwa', 5, 101, 'Y'),
(5321, 'Ramhal', 13, 232, 'Y'),
(5322, 'Ramkanda', 14, 248, 'Y'),
(5323, 'Ramkote', 13, 229, 'Y'),
(5324, 'Ramkrishna Nagar', 4, 62, 'Y'),
(5325, 'Ramna', 14, 248, 'Y'),
(5326, 'Ramnagar', 13, 241, 'Y'),
(5327, 'Ramnagar', 19, 352, 'Y'),
(5328, 'Ramnagar', 5, 99, 'Y'),
(5329, 'Ramnagar', 34, 630, 'Y'),
(5330, 'Ramnagar', 35, 650, 'Y'),
(5331, 'Ramnagar - I', 36, 728, 'Y'),
(5332, 'Ramnagar - II', 36, 728, 'Y'),
(5333, 'Rampachodavaram', 2, 6, 'Y'),
(5334, 'Rampur', 25, 478, 'Y'),
(5335, 'Rampur', 12, 218, 'Y'),
(5336, 'Rampur', 35, 699, 'Y'),
(5337, 'Rampur', 5, 88, 'Y'),
(5338, 'Rampura', 19, 344, 'Y'),
(5339, 'Rampura Phul', 27, 486, 'Y'),
(5340, 'Rampur Baghelan', 19, 352, 'Y'),
(5341, 'Rampurhat - I', 36, 716, 'Y'),
(5342, 'Rampurhat - II', 36, 716, 'Y'),
(5343, 'Rampur Maniharan', 35, 700, 'Y'),
(5344, 'Rampur Naikin', 19, 359, 'Y'),
(5345, 'Ramsanehighat', 35, 650, 'Y'),
(5346, 'Ramsar', 28, 510, 'Y'),
(5347, 'Ramshahr', 12, 220, 'Y'),
(5348, 'Ramtek', 20, 383, 'Y'),
(5349, 'Ranaghat - I', 36, 731, 'Y'),
(5350, 'Ranaghat - II', 36, 731, 'Y'),
(5351, 'Ranapur', 19, 337, 'Y'),
(5352, 'Ranapur', 25, 473, 'Y'),
(5353, 'Ranastalam', 2, 12, 'Y'),
(5354, 'Ranavav', 10, 180, 'Y'),
(5355, 'Ranbir Singh Pura', 13, 228, 'Y'),
(5356, 'Rangampeta', 2, 6, 'Y'),
(5357, 'Rangat', 1, 2, 'Y'),
(5358, 'Rangia Pt', 4, 59, 'Y'),
(5359, 'Rangjuli', 4, 54, 'Y'),
(5360, 'Rangli Rangliot', 36, 718, 'Y'),
(5361, 'Rangpo', 29, 539, 'Y'),
(5362, 'Rangra Chowk', 5, 80, 'Y'),
(5363, 'Rani', 28, 531, 'Y'),
(5364, 'Rania', 11, 207, 'Y'),
(5365, 'Rania', 14, 254, 'Y'),
(5366, 'Ranibennur', 15, 281, 'Y'),
(5367, 'Ranibundh', 36, 715, 'Y'),
(5368, 'Raniganj', 35, 696, 'Y'),
(5369, 'Raniganj', 36, 732, 'Y'),
(5370, 'Raniganj', 5, 75, 'Y'),
(5371, 'Ranikhet', 34, 624, 'Y'),
(5372, 'Ranikor', 22, 424, 'Y'),
(5373, 'Raninagar - I', 36, 730, 'Y'),
(5374, 'Raninagar - II', 36, 730, 'Y'),
(5375, 'Ranishwar', 14, 246, 'Y'),
(5376, 'Raniwara', 28, 524, 'Y'),
(5377, 'Ranjhi', 19, 336, 'Y'),
(5378, 'Ranka', 14, 248, 'Y'),
(5379, 'Ranni', 16, 306, 'Y'),
(5380, 'Rannod', 19, 358, 'Y'),
(5381, 'Ranpur', 10, 162, 'Y'),
(5382, 'Rapar', 10, 171, 'Y'),
(5383, 'Raptadu', 2, 4, 'Y'),
(5384, 'Rapur', 2, 11, 'Y'),
(5385, 'Raruan', 25, 471, 'Y'),
(5386, 'Rasagobindapur', 25, 471, 'Y'),
(5387, 'Rashmi', 28, 515, 'Y'),
(5388, 'Rasipuram', 30, 558, 'Y'),
(5389, 'Rasol', 25, 458, 'Y'),
(5390, 'Rasra', 35, 647, 'Y'),
(5391, 'Rasulabad', 35, 678, 'Y'),
(5392, 'Ratangarh', 28, 516, 'Y'),
(5393, 'Rath', 35, 670, 'Y'),
(5394, 'Ratia', 11, 192, 'Y'),
(5395, 'Ratlam', 19, 349, 'Y'),
(5396, 'Ratlam Nagar', 19, 349, 'Y'),
(5397, 'Ratnagiri', 20, 392, 'Y'),
(5398, 'Ratni Faridpur', 5, 87, 'Y'),
(5399, 'RATTIHALLI', 15, 281, 'Y'),
(5400, 'Ratu', 14, 261, 'Y'),
(5401, 'Ratua - I', 36, 727, 'Y'),
(5402, 'Ratua - II', 36, 727, 'Y'),
(5403, 'Rau', 19, 335, 'Y'),
(5404, 'Raurkela (ITS)P.S.', 25, 479, 'Y'),
(5405, 'Raurkela (M)', 25, 479, 'Y'),
(5406, 'Raver', 20, 377, 'Y'),
(5407, 'Ravikamatham', 2, 13, 'Y'),
(5408, 'Ravla', 28, 520, 'Y'),
(5409, 'Ravong', 29, 541, 'Y'),
(5410, 'Ravulapalem', 2, 6, 'Y'),
(5411, 'Rawatbhata', 28, 515, 'Y'),
(5412, 'Rawatsar', 28, 521, 'Y'),
(5413, 'Rawti', 19, 349, 'Y'),
(5414, 'Raxaul', 5, 101, 'Y'),
(5415, 'Rayachoti', 2, 16, 'Y'),
(5416, 'Rayadurg', 2, 4, 'Y'),
(5417, 'Rayagada', 25, 476, 'Y'),
(5418, 'Rayagada', 25, 459, 'Y'),
(5419, 'Rayaparthy', 31, 610, 'Y'),
(5420, 'Rayavaram', 2, 6, 'Y'),
(5421, 'Raybag', 15, 268, 'Y'),
(5422, 'Razieba', 24, 446, 'Y'),
(5423, 'Razole', 2, 6, 'Y'),
(5424, 'Reamal', 25, 457, 'Y'),
(5425, 'Reasi', 13, 237, 'Y'),
(5426, 'Rebbena', 31, 590, 'Y'),
(5427, 'Rebo Perging Circle', 3, 35, 'Y'),
(5428, 'Reddigudem', 2, 8, 'Y'),
(5429, 'Regidi Amadalavalasa', 2, 12, 'Y'),
(5430, 'Regode', 31, 594, 'Y'),
(5431, 'Regonda', 31, 585, 'Y'),
(5432, 'Rehatgaon', 19, 333, 'Y'),
(5433, 'Rehli', 19, 351, 'Y'),
(5434, 'Rehti', 19, 353, 'Y'),
(5435, 'Reiek', 23, 435, 'Y'),
(5436, 'Remuna', 25, 452, 'Y'),
(5437, 'Renapur', 20, 380, 'Y'),
(5438, 'Rengali', 25, 463, 'Y'),
(5439, 'Rengali', 25, 477, 'Y'),
(5440, 'Rengali Damsite', 25, 450, 'Y'),
(5441, 'RENI', 28, 507, 'Y'),
(5442, 'Renigunta', 2, 5, 'Y'),
(5443, 'Renjal', 31, 601, 'Y'),
(5444, 'Rentachintala', 2, 7, 'Y'),
(5445, 'Renuka', 12, 219, 'Y'),
(5446, 'Renuk Circle', 3, 18, 'Y'),
(5447, 'Reodar', 28, 536, 'Y'),
(5448, 'Repalle', 2, 7, 'Y'),
(5449, 'Resubelpara', 22, 420, 'Y'),
(5450, 'Revally', 31, 609, 'Y'),
(5451, 'Revelganj', 5, 106, 'Y'),
(5452, 'Rewalsar', 12, 217, 'Y'),
(5453, 'Rewari', 11, 205, 'Y'),
(5454, 'Richukrong Circle', 3, 20, 'Y'),
(5455, 'Riga', 5, 109, 'Y'),
(5456, 'Riga EAC', 3, 35, 'Y'),
(5457, 'Rikhanikhal', 34, 631, 'Y'),
(5458, 'Rishabhdeo', 28, 538, 'Y'),
(5459, 'Rishikesh', 34, 628, 'Y'),
(5460, 'Risod', 20, 399, 'Y'),
(5461, 'Rithi', 19, 338, 'Y'),
(5462, 'RIYAN BADI', 28, 530, 'Y'),
(5463, 'R K PET', 30, 569, 'Y'),
(5464, 'Robertsganj', 35, 708, 'Y'),
(5465, 'Roddam', 2, 4, 'Y'),
(5466, 'Roh', 5, 98, 'Y'),
(5467, 'Roha', 20, 391, 'Y'),
(5468, 'Rohat', 28, 531, 'Y'),
(5469, 'Rohini', 8, 147, 'N'),
(5470, 'Rohru', 12, 218, 'Y'),
(5471, 'Rohtak', 11, 206, 'Y'),
(5472, 'Rohtas', 5, 103, 'Y'),
(5473, 'Roing HQ', 3, 28, 'Y'),
(5474, 'Rolla', 2, 4, 'Y'),
(5475, 'Rolugunta', 2, 13, 'Y'),
(5476, 'Rompicherla', 2, 7, 'Y'),
(5477, 'Rompicherla', 2, 5, 'Y'),
(5478, 'Ron', 19, 320, 'Y'),
(5479, 'Ron', 15, 279, 'Y'),
(5480, 'Rongara', 22, 422, 'Y'),
(5481, 'Rongli', 29, 539, 'Y'),
(5482, 'Rongram', 22, 425, 'Y'),
(5483, 'Ronhat', 12, 219, 'Y'),
(5484, 'Roopangarh', 28, 506, 'Y'),
(5485, 'Roorkee', 34, 629, 'Y'),
(5486, 'Rosera', 5, 105, 'Y'),
(5487, 'Rowthulapudi', 2, 6, 'Y'),
(5488, 'Rudauli', 35, 643, 'Y'),
(5489, 'R.Udayagiri', 25, 459, 'Y'),
(5490, 'Rudhauli', 35, 652, 'Y'),
(5491, 'RUDRANGI', 31, 603, 'Y'),
(5492, 'Rudraprayag', 34, 633, 'Y'),
(5493, 'Rudrapur', 34, 635, 'Y'),
(5494, 'Rudrapur', 35, 659, 'Y'),
(5495, 'Rudravaram', 2, 9, 'Y'),
(5496, 'Rudrur', 31, 601, 'Y'),
(5497, 'Rugudi', 25, 467, 'Y'),
(5498, 'Ruksin ADC', 3, 21, 'Y'),
(5499, 'Rumgong ADC', 3, 35, 'Y'),
(5500, 'Runisaidpur', 5, 109, 'Y'),
(5501, 'Rupahi', 4, 67, 'Y'),
(5502, 'Rupa SDO', 3, 40, 'Y'),
(5503, 'Rupauli', 5, 102, 'Y'),
(5504, 'Rupbas', 28, 511, 'Y'),
(5505, 'Rup Nagar', 27, 500, 'Y'),
(5506, 'Rupsa', 25, 452, 'Y'),
(5507, 'Sabalgarh', 19, 342, 'Y'),
(5508, 'Sabang', 36, 729, 'Y'),
(5509, 'Sabarmati', 10, 155, 'Y'),
(5510, 'Sabbavaram', 2, 13, 'Y'),
(5511, 'Sabla', 28, 519, 'Y'),
(5512, 'Sabour', 5, 80, 'Y'),
(5513, 'Sabroom', 33, 621, 'Y'),
(5514, 'Sadabad', 35, 673, 'Y'),
(5515, 'Sadak-Arjuni', 20, 375, 'Y'),
(5516, 'Sadar', 35, 685, 'Y'),
(5517, 'Sadar', 33, 623, 'Y'),
(5518, 'Sadar', 25, 477, 'Y'),
(5519, 'Sadar', 25, 464, 'Y'),
(5520, 'Sadar', 35, 711, 'Y'),
(5521, 'Sadar', 25, 475, 'Y'),
(5522, 'Sadashivanagar', 31, 587, 'Y'),
(5523, 'Sadasivpet', 31, 605, 'Y'),
(5524, 'Sadhaura ST', 11, 209, 'Y'),
(5525, 'Sadiya', 4, 72, 'Y'),
(5526, 'Sadulshahar', 28, 520, 'Y'),
(5527, 'Safidon', 11, 196, 'Y'),
(5528, 'Safipur', 35, 710, 'Y'),
(5529, 'Sagalee ADC', 3, 33, 'Y'),
(5530, 'Sagar', 36, 713, 'Y'),
(5531, 'Sagar', 19, 351, 'Y'),
(5532, 'Sagar', 15, 290, 'Y'),
(5533, 'Sagardighi', 36, 730, 'Y'),
(5534, 'Sagar Nagar', 19, 351, 'Y'),
(5535, 'Sagbara', 10, 176, 'Y'),
(5536, 'Sagma', 14, 248, 'Y'),
(5537, 'SAGO', 3, 25, 'Y'),
(5538, 'Sagri', 35, 644, 'Y'),
(5539, 'Sagwara', 28, 519, 'Y'),
(5540, 'Sahadevkhunta', 25, 452, 'Y'),
(5541, 'SAHAMPHUNG', 21, 408, 'Y'),
(5542, 'Sahar', 5, 81, 'Y'),
(5543, 'Sahara', 28, 512, 'Y'),
(5544, 'Saharanpur', 35, 700, 'Y'),
(5545, 'Sahaspur Lohara', 7, 128, 'Y'),
(5546, 'Saha ST', 11, 188, 'Y'),
(5547, 'Sahaswan', 35, 655, 'Y'),
(5548, 'Sahawar', 35, 680, 'Y'),
(5549, 'Sahdai Buzurg', 5, 112, 'Y'),
(5550, 'Sahebganj', 5, 96, 'Y'),
(5551, 'Sahebpur Kamal', 5, 79, 'Y'),
(5552, 'Saheednagar', 25, 468, 'Y'),
(5553, 'Sahibganj', 14, 262, 'Y'),
(5554, 'Sahid Matangini', 36, 728, 'Y'),
(5555, 'Sahjanwa', 35, 669, 'Y'),
(5556, 'Saidabad', 31, 582, 'Y'),
(5557, 'Saidpur', 35, 667, 'Y'),
(5558, 'Saifai', 35, 661, 'Y'),
(5559, 'Saiha', 23, 436, 'Y'),
(5560, 'Saikheda', 19, 343, 'Y'),
(5561, 'SAIKOT', 21, 403, 'Y'),
(5562, 'SAIKUL', 21, 409, 'Y'),
(5563, 'Sailana', 19, 349, 'Y'),
(5564, 'Sailu', 20, 389, 'Y'),
(5565, 'Sainj', 12, 215, 'Y'),
(5566, 'Sainkul', 25, 467, 'Y'),
(5567, 'Saintala', 25, 451, 'Y'),
(5568, 'Sainthia', 36, 716, 'Y'),
(5569, 'Saipung', 22, 418, 'Y'),
(5570, 'Saitu-Gamphazol', 21, 409, 'Y'),
(5571, 'Saja', 7, 118, 'Y'),
(5572, 'SAJJANGARH', 28, 508, 'Y'),
(5573, 'Sakaldiha', 35, 657, 'Y'),
(5574, 'Saket', 8, 149, 'N'),
(5575, 'Sakhinetipalle', 2, 6, 'Y'),
(5576, 'Sakleshpur', 15, 280, 'Y'),
(5577, 'Sakoli', 20, 370, 'Y'),
(5578, 'Sakra', 5, 96, 'Y'),
(5579, 'Sakraba', 24, 446, 'Y'),
(5580, 'Sakri', 20, 373, 'Y'),
(5581, 'Sakshi', 24, 442, 'Y'),
(5582, 'Sakti', 7, 126, 'Y'),
(5583, 'Salanpur', 36, 732, 'Y'),
(5584, 'Salbani', 36, 729, 'Y'),
(5585, 'Salcete', 9, 154, 'Y'),
(5586, 'Salekasa', 20, 375, 'Y'),
(5587, 'Salem', 30, 563, 'Y'),
(5588, 'Salempur', 35, 659, 'Y'),
(5589, 'Salem South', 30, 563, 'Y'),
(5590, 'Salem West', 30, 563, 'Y'),
(5591, 'Salepur', 25, 456, 'Y'),
(5592, 'Salhawas ST', 11, 195, 'Y'),
(5593, 'Salkhua', 5, 104, 'Y'),
(5594, 'Sallar', 13, 222, 'Y'),
(5595, 'Salon', 35, 698, 'Y'),
(5596, 'Saltora', 36, 715, 'Y'),
(5597, 'Salumbar', 28, 538, 'Y'),
(5598, 'Saluni', 12, 211, 'Y'),
(5599, 'Salur', 2, 14, 'Y'),
(5600, 'Samaguri', 4, 67, 'Y'),
(5601, 'Samal Barrage', 25, 450, 'Y'),
(5602, 'Samalkha', 11, 204, 'Y'),
(5603, 'Samalkota', 2, 6, 'Y'),
(5604, 'Samana', 27, 499, 'Y'),
(5605, 'Samanda', 22, 417, 'Y'),
(5606, 'Samastipur', 5, 105, 'Y'),
(5607, 'Samba', 13, 238, 'Y'),
(5608, 'Sambalpur (M)', 25, 477, 'Y'),
(5609, 'Sambepalle', 2, 16, 'Y'),
(5610, 'Sambhal', 35, 701, 'Y'),
(5611, 'Samdari', 28, 510, 'Y'),
(5612, 'Sameli', 5, 89, 'Y'),
(5613, 'Sami', 10, 179, 'Y'),
(5614, 'Sampatchak', 5, 100, 'Y'),
(5615, 'Sampla', 11, 206, 'Y'),
(5616, 'Samrala', 27, 495, 'Y'),
(5617, 'Samri(kusmi)', 7, 116, 'Y'),
(5618, 'Samserganj', 36, 730, 'Y'),
(5619, 'Samudrapur', 20, 398, 'Y'),
(5620, 'SAMULAMLAN', 21, 403, 'Y'),
(5621, 'Sanand', 10, 155, 'Y'),
(5622, 'Sanawad', 19, 339, 'Y'),
(5623, 'Sanchore', 28, 524, 'Y'),
(5624, 'Sandesh', 5, 81, 'Y'),
(5625, 'Sandeshkhali - I', 36, 712, 'Y'),
(5626, 'Sandeshkhali - II', 36, 712, 'Y'),
(5627, 'Sandhol', 12, 217, 'Y'),
(5628, 'Sandila', 35, 672, 'Y'),
(5629, 'Sandur', 15, 267, 'Y'),
(5630, 'SANGAIKOT', 21, 403, 'Y'),
(5631, 'Sangam', 2, 11, 'Y'),
(5632, 'Sangameshwar', 20, 392, 'Y'),
(5633, 'Sangamner', 20, 365, 'Y'),
(5634, 'Sanganer', 28, 522, 'Y'),
(5635, 'Sangareddy', 31, 605, 'Y'),
(5636, 'Sangaria', 28, 521, 'Y'),
(5637, 'Sangau', 23, 433, 'Y'),
(5638, 'Sangdupota Basar Nello Circle', 3, 33, 'Y'),
(5639, 'Sangem', 31, 610, 'Y'),
(5640, 'Sangla', 12, 214, 'Y'),
(5641, 'Sangod', 28, 529, 'Y'),
(5642, 'Sangole', 20, 396, 'Y'),
(5643, 'Sangrampur', 20, 371, 'Y'),
(5644, 'Sangrampur', 5, 95, 'Y'),
(5645, 'Sangrampur', 5, 101, 'Y'),
(5646, 'SANGRAM SDO', 3, 24, 'Y'),
(5647, 'Sangrur', 27, 501, 'Y'),
(5648, 'Sangsangnyu', 24, 447, 'Y'),
(5649, 'Sanguem', 9, 154, 'Y'),
(5650, 'Sanis', 24, 448, 'Y'),
(5651, 'Sanjamala', 2, 9, 'Y'),
(5652, 'Sanjeli', 10, 166, 'Y'),
(5653, 'Sanjhauli', 5, 103, 'Y'),
(5654, 'Sankarankoil', 30, 565, 'Y'),
(5655, 'Sankarapuram', 30, 551, 'Y'),
(5656, 'Sankari', 30, 563, 'Y'),
(5657, 'Sankari', 34, 636, 'Y'),
(5658, 'Sankhavaram', 2, 6, 'Y'),
(5659, 'Sankheda', 10, 163, 'Y'),
(5660, 'Sankrail', 36, 722, 'Y'),
(5661, 'Sankrail', 36, 724, 'Y'),
(5662, 'Sanku', 17, 310, 'Y'),
(5663, 'Santalpur', 10, 179, 'Y'),
(5664, 'Santhabommali', 2, 12, 'Y'),
(5665, 'Santhakaviti', 2, 12, 'Y'),
(5666, 'Santhamaguluru', 2, 10, 'Y'),
(5667, 'Santhanuthala Padu', 2, 10, 'Y'),
(5668, 'Santhipuram', 2, 5, 'Y'),
(5669, 'Santipur', 36, 731, 'Y'),
(5670, 'Santirbazar', 33, 621, 'Y'),
(5671, 'Santrampur', 10, 174, 'Y'),
(5672, 'Santuri', 36, 734, 'Y'),
(5673, 'Sapekhati', 4, 47, 'Y'),
(5674, 'Sapotra', 28, 528, 'Y'),
(5675, 'Saptiqa', 24, 449, 'Y'),
(5676, 'Sarada', 28, 538, 'Y'),
(5677, 'SARAGURU', 15, 287, 'Y'),
(5678, 'Sarahan', 12, 218, 'Y'),
(5679, 'Sarai', 19, 360, 'Y'),
(5680, 'Saraigarh Bhaptiyahi', 5, 111, 'Y'),
(5681, 'Saraikela', 14, 263, 'Y'),
(5682, 'Saraipali', 7, 133, 'Y'),
(5683, 'Sarairanjan', 5, 105, 'Y'),
(5684, 'Saraiya', 5, 96, 'Y'),
(5685, 'Saraiyahat', 14, 246, 'Y'),
(5686, 'Sarangagarh', 25, 465, 'Y'),
(5687, 'Sarangapur', 31, 600, 'Y'),
(5688, 'Sarangapur', 31, 583, 'Y'),
(5689, 'Sarangarh', 7, 136, 'Y'),
(5690, 'Sarangpur', 19, 348, 'Y'),
(5691, 'Sarankul', 25, 473, 'Y'),
(5692, 'Saraswati', 10, 179, 'Y'),
(5693, 'Saraswati Nagar ST', 11, 209, 'Y'),
(5694, 'Saraswati Vihar', 8, 147, 'N'),
(5695, 'Sarath', 14, 244, 'Y'),
(5696, 'Saravakota', 2, 12, 'Y'),
(5697, 'Sarawati Nagar', 12, 218, 'Y'),
(5698, 'Sardarpur', 19, 328, 'Y'),
(5699, 'Sardarshahar', 28, 516, 'Y'),
(5700, 'Sardhana', 35, 691, 'Y'),
(5701, 'Sardulgarh', 27, 496, 'Y'),
(5702, 'Sarenga', 36, 715, 'Y'),
(5703, 'Sarila', 35, 670, 'Y'),
(5704, 'Sarita Vihar', 8, 150, 'N'),
(5705, 'Sarkaghat', 12, 217, 'Y'),
(5706, 'SARLI CIRCLE', 3, 24, 'Y'),
(5707, 'SARMATHURA', 28, 518, 'Y'),
(5708, 'Sarmera', 5, 97, 'Y'),
(5709, 'Sarojani Nagar', 35, 685, 'Y'),
(5710, 'Saroornagar', 31, 604, 'Y'),
(5711, 'Sarthebari', 4, 43, 'Y'),
(5712, 'Sarubujjili', 2, 12, 'Y'),
(5713, 'Sarupathar', 4, 55, 'Y'),
(5714, 'Sarupeta (Pt)', 4, 43, 'Y'),
(5715, 'Sarwan', 14, 244, 'Y'),
(5716, 'Sarwar', 28, 506, 'Y'),
(5717, 'Sasan', 25, 477, 'Y'),
(5718, 'Sasaram', 5, 103, 'Y'),
(5719, 'SAS Nagar (Mohali)', 27, 502, 'Y'),
(5720, 'Sasni', 35, 673, 'Y'),
(5721, 'Satakha', 24, 449, 'Y'),
(5722, 'Satara', 20, 394, 'Y'),
(5723, 'Satari', 9, 153, 'Y'),
(5724, 'Satar Kataiya', 5, 104, 'Y'),
(5725, 'Satbarwa', 14, 259, 'Y'),
(5726, 'Satgawan', 14, 255, 'Y'),
(5727, 'Sathankulam', 30, 576, 'Y'),
(5728, 'Sathupalli', 31, 589, 'Y'),
(5729, 'Sathyamangalam', 30, 550, 'Y'),
(5730, 'Satlasana', 10, 173, 'Y'),
(5731, 'Satnali ST', 11, 200, 'Y'),
(5732, 'Satoi', 24, 449, 'Y'),
(5733, 'Satpuli', 34, 631, 'Y'),
(5734, 'Sattenapalle', 2, 7, 'Y'),
(5735, 'Sattur', 30, 579, 'Y'),
(5736, 'Satwas', 19, 327, 'Y'),
(5737, 'Satyabadi', 25, 475, 'Y'),
(5738, 'Satyavedu', 2, 5, 'Y'),
(5739, 'Saur Bazar', 5, 104, 'Y'),
(5740, 'Sausar', 19, 324, 'Y'),
(5741, 'SAVADATTI', 15, 268, 'Y'),
(5742, 'Savalyapuram H/O Kanamarlapudi', 2, 7, 'Y'),
(5743, 'Savanur', 15, 281, 'Y'),
(5744, 'Savar Kundla', 10, 156, 'Y'),
(5745, 'Savli', 10, 186, 'Y'),
(5746, 'Savner', 20, 383, 'Y'),
(5747, 'Sawa CIrcle', 3, 20, 'Y'),
(5748, 'Sawai Madhopur', 28, 534, 'Y'),
(5749, 'Sawali', 20, 372, 'Y'),
(5750, 'Sawantwadi', 20, 395, 'Y'),
(5751, 'Sawar', 28, 506, 'Y'),
(5752, 'Sawayajpur', 35, 672, 'Y'),
(5753, 'Sawer', 19, 335, 'Y'),
(5754, 'Sawombung', 21, 404, 'Y'),
(5755, 'Sayla', 28, 524, 'Y'),
(5756, 'Sayla', 10, 184, 'Y'),
(5757, 'S\' Bungtlang', 23, 433, 'Y'),
(5758, 'Sechu-Zubza', 24, 441, 'Y'),
(5759, 'Secunderabad', 31, 582, 'Y'),
(5760, 'Sedam', 15, 282, 'Y'),
(5761, 'SEDWA', 28, 510, 'Y'),
(5762, 'Seelam Pur', 8, 146, 'N'),
(5763, 'Seema Puri', 8, 148, 'N'),
(5764, 'Seethammadhara', 2, 13, 'Y'),
(5765, 'Seethampeta', 2, 12, 'Y'),
(5766, 'Seethanagaram', 2, 6, 'Y'),
(5767, 'Seethanagaram', 2, 14, 'Y'),
(5768, 'Seetharamapuram', 2, 11, 'Y'),
(5769, 'Segaon', 19, 339, 'Y'),
(5770, 'Segi Gusar Circle', 3, 39, 'Y'),
(5771, 'Sehore', 19, 353, 'Y'),
(5772, 'Sehore Nagar', 19, 353, 'Y'),
(5773, 'Seijosa ADC', 3, 32, 'Y'),
(5774, 'Sekruzu', 24, 446, 'Y'),
(5775, 'Seloo', 20, 398, 'Y'),
(5776, 'Selsella', 22, 425, 'Y'),
(5777, 'Semari', 28, 538, 'Y'),
(5778, 'Semaria', 19, 350, 'Y'),
(5779, 'SENDAMANGALAM', 30, 558, 'Y'),
(5780, 'Sendhwa', 19, 318, 'Y'),
(5781, 'Sendurai', 30, 543, 'Y'),
(5782, 'Sengaon', 20, 376, 'Y'),
(5783, 'Senha', 14, 257, 'Y'),
(5784, 'Seondha', 19, 326, 'Y'),
(5785, 'Seoni', 19, 354, 'Y'),
(5786, 'Seoni', 12, 218, 'Y'),
(5787, 'Seoni-Malwa', 19, 334, 'Y'),
(5788, 'Seoni Nagar', 19, 354, 'Y'),
(5789, 'Sepau', 28, 518, 'Y'),
(5790, 'Seppa HQ', 3, 20, 'Y'),
(5791, 'SERAGAD', 25, 460, 'Y'),
(5792, 'Serampur Uttarpara', 36, 721, 'Y'),
(5793, 'Serango', 25, 459, 'Y'),
(5794, 'Serchhip', 23, 438, 'Y'),
(5795, 'Serilingampally', 31, 604, 'Y'),
(5796, 'Seskhal', 25, 476, 'Y'),
(5797, 'Settur', 2, 4, 'Y'),
(5798, 'SEVRAI', 35, 667, 'Y'),
(5799, 'Seyochung', 24, 440, 'Y'),
(5800, 'Shabad', 31, 604, 'Y'),
(5801, 'Shadhora', 19, 316, 'Y'),
(5802, 'Shahabad', 35, 699, 'Y'),
(5803, 'Shahabad', 35, 672, 'Y'),
(5804, 'SHAHABAD', 15, 282, 'Y'),
(5805, 'Shahade', 20, 385, 'Y'),
(5806, 'Shahapur', 20, 397, 'Y'),
(5807, 'Shahbad', 28, 509, 'Y'),
(5808, 'Shahbad', 11, 199, 'Y'),
(5809, 'Shahbad Bala', 13, 222, 'Y'),
(5810, 'Shahdara', 8, 148, 'N'),
(5811, 'Shahganj', 35, 675, 'Y'),
(5812, 'Shahgarh', 19, 351, 'Y'),
(5813, 'Shahjahanpur', 35, 703, 'Y'),
(5814, 'Shahkot', 27, 493, 'Y'),
(5815, 'Shahkund', 5, 80, 'Y'),
(5816, 'Shahnagar', 19, 346, 'Y'),
(5817, 'Shahoora', 13, 234, 'Y'),
(5818, 'Shahpur', 5, 81, 'Y'),
(5819, 'Shahpur', 15, 295, 'Y'),
(5820, 'Shahpur', 12, 213, 'Y'),
(5821, 'Shahpur', 19, 319, 'Y'),
(5822, 'Shahpura', 19, 336, 'Y'),
(5823, 'Shahpura', 28, 522, 'Y'),
(5824, 'Shahpura', 28, 512, 'Y'),
(5825, 'Shahpura', 19, 329, 'Y'),
(5826, 'Shahuwadi', 20, 379, 'Y'),
(5827, 'Shahzadpur ST', 11, 188, 'Y'),
(5828, 'Shaikpet', 31, 582, 'Y'),
(5829, 'Shajapur', 19, 356, 'Y'),
(5830, 'SHAKER CHIKTAN', 17, 310, 'Y'),
(5831, 'Shalai', 12, 219, 'Y'),
(5832, 'ShaliGouraram', 31, 598, 'Y'),
(5833, 'Shaligram Ram Narayanpur(Hunterganj)', 14, 243, 'Y'),
(5834, 'Shama', 34, 625, 'Y'),
(5835, 'Shamator', 24, 447, 'Y'),
(5836, 'Shambhuganj', 5, 78, 'Y'),
(5837, 'Shamgarh', 19, 341, 'Y'),
(5838, 'Shamho Akha Kurha', 5, 79, 'Y'),
(5839, 'Shamirpet', 31, 595, 'Y'),
(5840, 'Shamli', 35, 704, 'Y'),
(5841, 'Shamshabad', 31, 604, 'Y'),
(5842, 'Shamshabad', 19, 364, 'Y'),
(5843, 'Shangnyu', 24, 444, 'Y'),
(5844, 'Shangus', 13, 222, 'Y'),
(5845, 'Shankarampet (A)', 31, 594, 'Y'),
(5846, 'Shankarampet (R)', 31, 594, 'Y'),
(5847, 'Shankarapatnam', 31, 588, 'Y'),
(5848, 'Shankargarh', 7, 116, 'Y'),
(5849, 'Shankarpalle', 31, 604, 'Y'),
(5850, 'Shankarpur', 5, 93, 'Y'),
(5851, 'Shankheshvar', 10, 179, 'Y'),
(5852, 'Sharata', 25, 471, 'Y'),
(5853, 'Shayampet', 31, 610, 'Y'),
(5854, 'Shegaon', 20, 371, 'Y'),
(5855, 'Shehera', 10, 178, 'Y'),
(5856, 'Sheikhpura', 5, 107, 'Y'),
(5857, 'Shekhala', 28, 527, 'Y'),
(5858, 'Shekhopur Sarai', 5, 107, 'Y'),
(5859, 'Shella Bholaganj', 22, 419, 'Y'),
(5860, 'Shenkottai', 30, 565, 'Y'),
(5861, 'Sheo', 28, 510, 'Y'),
(5862, 'Sheoganj', 28, 536, 'Y'),
(5863, 'Sheohar', 5, 108, 'Y'),
(5864, 'Sheopur', 19, 357, 'Y'),
(5865, 'Sheosagar', 5, 103, 'Y'),
(5866, 'Shergaon Circle', 3, 40, 'Y'),
(5867, 'Shergarh', 28, 527, 'Y'),
(5868, 'Sherghati', 5, 84, 'Y'),
(5869, 'Shevgaon', 20, 365, 'Y'),
(5870, 'Shiggaon', 15, 281, 'Y'),
(5871, 'Shikaripara', 14, 246, 'Y'),
(5872, 'Shikarpur', 15, 290, 'Y'),
(5873, 'Shikarpur', 35, 656, 'Y'),
(5874, 'Shikohabad', 35, 664, 'Y'),
(5875, 'Shimla ( Rural )', 12, 218, 'Y'),
(5876, 'Shimla (urban)', 12, 218, 'Y'),
(5877, 'Shirala', 20, 393, 'Y'),
(5878, 'Shirhatti', 15, 279, 'Y'),
(5879, 'Shirol', 20, 379, 'Y'),
(5880, 'Shirpur', 20, 373, 'Y'),
(5881, 'Shirur', 20, 390, 'Y'),
(5882, 'Shirur-Anantpal', 20, 380, 'Y'),
(5883, 'Shirur (Kasar)', 20, 369, 'Y'),
(5884, 'Shivaji Nagar', 5, 105, 'Y'),
(5885, 'Shivamogga', 15, 290, 'Y'),
(5886, 'Shivampet', 31, 594, 'Y'),
(5887, 'Shivpuri', 19, 358, 'Y'),
(5888, 'Shivpuri nagar', 19, 358, 'Y'),
(5889, 'Shohratgarh', 35, 706, 'Y'),
(5890, 'Sholinganallur', 30, 545, 'Y'),
(5891, 'Sholinghur', 30, 562, 'Y'),
(5892, 'Shoolagiri', 30, 555, 'Y'),
(5893, 'Shopian', 13, 239, 'Y'),
(5894, 'Shorapur', 15, 295, 'Y'),
(5895, 'Shrigonda', 20, 365, 'Y'),
(5896, 'Shrirampur', 20, 365, 'Y'),
(5897, 'Shrirangapattana', 15, 286, 'Y'),
(5898, 'Shrivardhan', 20, 391, 'Y'),
(5899, 'Shujalpur', 19, 356, 'Y'),
(5900, 'Shyampur', 19, 353, 'Y'),
(5901, 'Shyampur - I', 36, 722, 'Y'),
(5902, 'Shyampur - II', 36, 722, 'Y'),
(5903, 'Siana', 35, 656, 'Y'),
(5904, 'Sibe Circle', 3, 29, 'Y'),
(5905, 'Sibsagar', 4, 69, 'Y'),
(5906, 'Siddapur', 15, 293, 'Y'),
(5907, 'Siddipet Rural', 31, 606, 'Y'),
(5908, 'Siddipet Urban', 31, 606, 'Y'),
(5909, 'Sidhauli', 35, 707, 'Y'),
(5910, 'Sidhaw', 5, 99, 'Y'),
(5911, 'Sidhmukh', 28, 516, 'Y'),
(5912, 'Sidhout', 2, 16, 'Y'),
(5913, 'Sidhpur', 10, 179, 'Y'),
(5914, 'Sidhwalia', 5, 85, 'Y'),
(5915, 'Sidlaghatta', 15, 273, 'Y'),
(5916, 'Sidli (Pt)', 4, 48, 'Y'),
(5917, 'Sihawal', 19, 359, 'Y'),
(5918, 'Sihor', 10, 161, 'Y'),
(5919, 'Sihora', 19, 336, 'Y'),
(5920, 'Sihunta', 12, 211, 'Y'),
(5921, 'Sikanderpur', 35, 647, 'Y'),
(5922, 'Sikandra', 35, 678, 'Y'),
(5923, 'Sikandra', 5, 86, 'Y'),
(5924, 'Sikandrabad', 35, 656, 'Y'),
(5925, 'Sikandra Rao', 35, 673, 'Y'),
(5926, 'Sikar', 28, 535, 'Y'),
(5927, 'Sikrai', 28, 517, 'Y'),
(5928, 'Sikri', 28, 511, 'Y'),
(5929, 'Sikta', 5, 99, 'Y'),
(5930, 'Sikti', 5, 75, 'Y'),
(5931, 'Silao', 5, 97, 'Y'),
(5932, 'Silchar', 4, 46, 'Y'),
(5933, 'Silli', 14, 261, 'Y'),
(5934, 'Sillod', 20, 368, 'Y'),
(5935, 'Silonijan', 4, 61, 'Y'),
(5936, 'SILSANGO CIRCLE', 3, 33, 'Y'),
(5937, 'Silwani', 19, 347, 'Y'),
(5938, 'Simalwara', 28, 519, 'Y'),
(5939, 'Simaria', 14, 243, 'Y'),
(5940, 'Simariya', 19, 346, 'Y'),
(5941, 'Simdega', 14, 264, 'Y'),
(5942, 'Simga', 7, 115, 'Y'),
(5943, 'Simhadripuram', 2, 16, 'Y'),
(5944, 'Similia', 25, 452, 'Y'),
(5945, 'Similiguda', 25, 469, 'Y'),
(5946, 'Simlapal', 36, 715, 'Y'),
(5947, 'Simri', 5, 82, 'Y'),
(5948, 'Simri Bakhtiarpur', 5, 104, 'Y'),
(5949, 'SINAPALI', 25, 474, 'Y'),
(5950, 'Sindewahi', 20, 372, 'Y'),
(5951, 'Sindgi', 15, 294, 'Y'),
(5952, 'Sindhari', 28, 510, 'Y'),
(5953, 'Sindhekela', 25, 451, 'Y'),
(5954, 'Sindhnur', 15, 288, 'Y'),
(5955, 'Sindkhede', 20, 373, 'Y'),
(5956, 'Sindkhed Raja', 20, 371, 'Y'),
(5957, 'Singa Circle', 3, 38, 'Y'),
(5958, 'Singampunari', 30, 564, 'Y'),
(5959, 'Singanamala', 2, 4, 'Y'),
(5960, 'Singarayakonda', 2, 10, 'Y'),
(5961, 'Singareni', 31, 589, 'Y'),
(5962, 'Singchung ADC', 3, 40, 'Y'),
(5963, 'Singheshwar', 5, 93, 'Y'),
(5964, 'Singhia', 5, 105, 'Y'),
(5965, 'Singhwara', 5, 83, 'Y'),
(5966, 'Singla', 25, 452, 'Y'),
(5967, 'Singngat', 21, 403, 'Y'),
(5968, 'Singoli', 19, 344, 'Y'),
(5969, 'Singrauli', 19, 360, 'Y'),
(5970, 'Singrauli Nagar', 19, 360, 'Y'),
(5971, 'Singur', 36, 721, 'Y'),
(5972, 'Singvad', 10, 166, 'Y'),
(5973, 'Sinnar', 20, 386, 'Y'),
(5974, 'Sinor', 10, 186, 'Y'),
(5975, 'Siot', 13, 235, 'Y'),
(5976, 'Sipajhar', 4, 49, 'Y'),
(5977, 'Sira', 15, 291, 'Y'),
(5978, 'Sirali', 19, 333, 'Y'),
(5979, 'Sirathu', 35, 681, 'Y'),
(5980, 'Sirauli Gauspur', 35, 650, 'Y'),
(5981, 'Sircilla', 31, 603, 'Y'),
(5982, 'Sirdala', 5, 98, 'Y'),
(5983, 'Sirgapoor', 31, 605, 'Y'),
(5984, 'Sirikonda', 31, 601, 'Y'),
(5985, 'SIRIKONDA', 31, 580, 'Y'),
(5986, 'Sirkali', 30, 557, 'Y'),
(5987, 'Sirmour', 19, 350, 'Y'),
(5988, 'Sirohi', 28, 536, 'Y'),
(5989, 'Sironcha', 20, 374, 'Y'),
(5990, 'Sironj', 19, 364, 'Y'),
(5991, 'Sirpur (T)', 31, 590, 'Y'),
(5992, 'Sirpur U', 31, 590, 'Y'),
(5993, 'Sirsa', 11, 207, 'Y'),
(5994, 'SIRSAGANJ', 35, 664, 'Y'),
(5995, 'Sirsi', 15, 293, 'Y'),
(5996, 'Siruguppa', 15, 267, 'Y'),
(5997, 'Sirvel', 2, 9, 'Y'),
(5998, 'SIRWAR', 15, 288, 'Y'),
(5999, 'Sisai', 14, 251, 'Y'),
(6000, 'Sissibargaon', 4, 50, 'Y'),
(6001, 'Siswan', 5, 110, 'Y'),
(6002, 'Sitai', 36, 717, 'Y'),
(6003, 'Sitalkuchi', 36, 717, 'Y'),
(6004, 'Sitamau', 19, 341, 'Y'),
(6005, 'Sitapur', 35, 707, 'Y'),
(6006, 'Sitapur', 7, 141, 'Y'),
(6007, 'Sitarganj', 34, 635, 'Y'),
(6008, 'Sitimi', 24, 440, 'Y'),
(6009, 'Sivaganga', 30, 564, 'Y'),
(6010, 'Sivagiri', 30, 565, 'Y'),
(6011, 'Sivakasi', 30, 579, 'Y'),
(6012, 'Siwan', 5, 110, 'Y'),
(6013, 'Siwana', 28, 510, 'Y'),
(6014, 'Siwani', 11, 189, 'Y'),
(6015, 'Siwan ST', 11, 197, 'Y'),
(6016, 'Siyum ADC', 3, 39, 'Y'),
(6017, 'Sleemnbad', 19, 338, 'Y'),
(6018, 'S.Mydukur', 2, 16, 'Y'),
(6019, 'Soan', 31, 600, 'Y'),
(6020, 'Sodam', 2, 5, 'Y'),
(6021, 'Soegaon', 20, 368, 'Y'),
(6022, 'Soha Circle', 3, 37, 'Y'),
(6023, 'Sohagpur', 19, 334, 'Y'),
(6024, 'Sohagpur', 19, 355, 'Y'),
(6025, 'Sohawal', 35, 643, 'Y'),
(6026, 'Sohela', 25, 453, 'Y'),
(6027, 'Sohiong', 22, 419, 'Y'),
(6028, 'Sohna', 11, 193, 'Y'),
(6029, 'Sojat', 28, 531, 'Y'),
(6030, 'Sojitra', 10, 157, 'Y'),
(6031, 'Solan', 12, 220, 'Y'),
(6032, 'Solapur North', 20, 396, 'Y'),
(6033, 'Solapur South', 20, 396, 'Y'),
(6034, 'Somala', 2, 5, 'Y'),
(6035, 'Somandepalle', 2, 4, 'Y'),
(6036, 'Someshwar', 34, 624, 'Y'),
(6037, 'Sompeta', 2, 12, 'Y'),
(6038, 'Somvarpet', 15, 283, 'Y'),
(6039, 'Sonahatu', 14, 261, 'Y'),
(6040, 'Sonai', 4, 46, 'Y'),
(6041, 'Sonamukhi', 36, 715, 'Y'),
(6042, 'Sonamura', 33, 620, 'Y'),
(6043, 'Sonapur', 25, 478, 'Y'),
(6044, 'Sonapur', 4, 60, 'Y'),
(6045, 'Sona Rai Tharhi', 14, 244, 'Y'),
(6046, 'Sonari', 4, 47, 'Y'),
(6047, 'Sonarpur', 36, 713, 'Y'),
(6048, 'Sonawari', 13, 223, 'Y'),
(6049, 'Sonbarsa', 5, 104, 'Y'),
(6050, 'Sonbarsa', 5, 109, 'Y'),
(6051, 'Sonbhadra Banshi Suryapur', 5, 76, 'Y'),
(6052, 'Sondawa', 19, 314, 'Y'),
(6053, 'Sonepur', 5, 106, 'Y'),
(6054, 'Songadh', 10, 185, 'Y'),
(6055, 'Songsak', 22, 417, 'Y'),
(6056, 'SONG SONG', 21, 412, 'Y'),
(6057, 'Sonhat', 7, 132, 'Y'),
(6058, 'Sonhaula', 5, 80, 'Y'),
(6059, 'Sonipat', 11, 208, 'Y'),
(6060, 'Sonkatch', 19, 327, 'Y'),
(6061, 'Sono', 5, 86, 'Y'),
(6062, 'Sonpeth', 20, 389, 'Y'),
(6063, 'Sonua', 14, 265, 'Y'),
(6064, 'Sopore', 13, 224, 'Y'),
(6065, 'Sorab', 15, 290, 'Y'),
(6066, 'Soraon', 35, 697, 'Y'),
(6067, 'Soreng', 29, 542, 'Y'),
(6068, 'Soro', 25, 452, 'Y'),
(6069, 'Soso', 25, 467, 'Y'),
(6070, 'Sotokur', 24, 447, 'Y'),
(6071, 'South Salmara', 4, 71, 'Y'),
(6072, 'Spiti', 12, 216, 'Y'),
(6073, 'S.Rayavaram', 2, 13, 'Y'),
(6074, 'Sri Avadhutha Kasinayana', 2, 16, 'Y'),
(6075, 'Sridungargarh', 28, 513, 'Y'),
(6076, 'Srigufwara', 13, 222, 'Y'),
(6077, 'Srijangram', 4, 45, 'Y'),
(6078, 'Srikakulam', 2, 12, 'Y'),
(6079, 'Srikalahasti', 2, 5, 'Y'),
(6080, 'Sri Madhopur', 28, 535, 'Y'),
(6081, 'Srimushnam', 30, 547, 'Y'),
(6082, 'Srinagar', 34, 631, 'Y'),
(6083, 'Srinagar', 5, 102, 'Y'),
(6084, 'Srinagar Central', 13, 240, 'Y'),
(6085, 'Srinagar (North)', 13, 240, 'Y'),
(6086, 'Srinagar (South)', 13, 240, 'Y'),
(6087, 'Sringeri', 15, 274, 'Y'),
(6088, 'Srinivaspur', 15, 284, 'Y'),
(6089, 'Sriperumbudur', 30, 552, 'Y'),
(6090, 'Srirampur', 31, 602, 'Y'),
(6091, 'Srirangam', 30, 571, 'Y'),
(6092, 'Srirangapur', 31, 609, 'Y'),
(6093, 'Srirangarajapuram', 2, 5, 'Y'),
(6094, 'Srisailam', 2, 9, 'Y'),
(6095, 'Srivaikuntam', 30, 576, 'Y'),
(6096, 'Srivilliputhur', 30, 579, 'Y'),
(6097, 'Srungavarapukota', 2, 14, 'Y'),
(6098, 'SUANGDOH', 21, 403, 'Y'),
(6099, 'Suar', 35, 699, 'Y'),
(6100, 'Subalaya', 25, 478, 'Y'),
(6101, 'Subansiri (Pt-I)', 4, 64, 'Y'),
(6102, 'Subir', 10, 164, 'Y'),
(6103, 'Suchetgarh', 13, 228, 'Y'),
(6104, 'Sudhagad', 20, 391, 'Y'),
(6105, 'Sugauli', 5, 101, 'Y'),
(6106, 'SUIGAM', 10, 159, 'Y'),
(6107, 'Sujangarh', 28, 516, 'Y'),
(6108, 'Sujathanagar', 31, 581, 'Y'),
(6109, 'Sukinda', 25, 462, 'Y'),
(6110, 'Sukma', 7, 139, 'Y'),
(6111, 'Sulah', 12, 213, 'Y'),
(6112, 'Suliapada', 25, 471, 'Y'),
(6113, 'Sullurpeta', 2, 11, 'Y'),
(6114, 'Sult', 34, 624, 'Y'),
(6115, 'Sultanganj', 5, 80, 'Y'),
(6116, 'Sultanpur', 35, 709, 'Y'),
(6117, 'Sultanpur', 19, 347, 'Y'),
(6118, 'Sultanpur Lodhi', 27, 494, 'Y'),
(6119, 'Sulthanabad', 31, 602, 'Y'),
(6120, 'Sulthanbathery', 16, 309, 'Y'),
(6121, 'Sulur', 30, 546, 'Y'),
(6122, 'Sulya', 15, 276, 'Y'),
(6123, 'Sumerpur', 28, 531, 'Y'),
(6124, 'Sunabeda', 25, 469, 'Y'),
(6125, 'Sunam', 27, 501, 'Y'),
(6126, 'Sundarbani', 13, 235, 'Y'),
(6127, 'Sundargarh', 25, 479, 'Y'),
(6128, 'Sundargarh Town', 25, 479, 'Y'),
(6129, 'Sundarnagar', 12, 217, 'Y'),
(6130, 'Sundarpahari', 14, 250, 'Y'),
(6131, 'Sunel', 28, 525, 'Y'),
(6132, 'Sungro', 24, 448, 'Y'),
(6133, 'Sunpura Circle', 3, 26, 'Y'),
(6134, 'Supa', 15, 293, 'Y'),
(6135, 'Supaul', 5, 111, 'Y'),
(6136, 'Suppi', 5, 109, 'Y'),
(6137, 'SURADA', 25, 460, 'Y'),
(6138, 'SURAJGARH', 28, 526, 'Y'),
(6139, 'Surajgarha', 5, 92, 'Y'),
(6140, 'Surajpur', 7, 140, 'Y'),
(6141, 'Surankote', 13, 233, 'Y'),
(6142, 'Suratgarh', 28, 520, 'Y'),
(6143, 'Surgana', 20, 386, 'Y'),
(6144, 'Suri - I', 36, 716, 'Y'),
(6145, 'Suri - II', 36, 716, 'Y'),
(6146, 'Suriya', 14, 249, 'Y'),
(6147, 'Suroth', 28, 528, 'Y'),
(6148, 'Sursand', 5, 109, 'Y'),
(6149, 'Suruhuto', 24, 449, 'Y'),
(6150, 'Suryapet', 31, 607, 'Y'),
(6151, 'Suryapura', 5, 103, 'Y'),
(6152, 'Susner', 19, 313, 'Y'),
(6153, 'Sutahata', 36, 728, 'Y'),
(6154, 'Suthaliya', 19, 348, 'Y'),
(6155, 'Suti - I', 36, 730, 'Y'),
(6156, 'Suti - II', 36, 730, 'Y'),
(6157, 'Sutrapada', 10, 168, 'Y'),
(6158, 'Suwasara', 19, 341, 'Y'),
(6159, 'Swarupnagar', 36, 712, 'Y'),
(6160, 'Syalde', 34, 624, 'Y'),
(6161, 'Sydapuram', 2, 11, 'Y'),
(6162, 'Tada', 2, 11, 'Y'),
(6163, 'Tadepalle', 2, 7, 'Y'),
(6164, 'Tadepalligudem', 2, 15, 'Y'),
(6165, 'Tadikonda', 2, 7, 'Y'),
(6166, 'Tadimarri', 2, 4, 'Y'),
(6167, 'Tadoor', 31, 597, 'Y'),
(6168, 'Tadpatri', 2, 4, 'Y'),
(6169, 'TADUBI', 21, 412, 'Y'),
(6170, 'Tadvai', 31, 596, 'Y'),
(6171, 'Tadwai', 31, 587, 'Y'),
(6172, 'Tahrauli', 35, 676, 'Y'),
(6173, 'Tajpur', 5, 105, 'Y'),
(6174, 'Takha', 35, 661, 'Y'),
(6175, 'Takhatpur', 7, 120, 'Y'),
(6176, 'Taklech', 12, 218, 'Y'),
(6177, 'Taksing Circle', 3, 39, 'Y'),
(6178, 'Tal', 19, 349, 'Y'),
(6179, 'Tala', 20, 391, 'Y'),
(6180, 'Talaja', 10, 161, 'Y'),
(6181, 'Talala', 10, 168, 'Y'),
(6182, 'Talamadugu', 31, 580, 'Y'),
(6183, 'Talappilly', 16, 308, 'Y'),
(6184, 'Talasara', 25, 479, 'Y'),
(6185, 'Talasari', 20, 388, 'Y'),
(6186, 'Talbehat', 35, 684, 'Y'),
(6187, 'Talcher Sadar', 25, 450, 'Y'),
(6188, 'Taldangra', 36, 715, 'Y'),
(6189, 'TALERA', 28, 514, 'Y'),
(6190, 'Tali ADC', 3, 23, 'Y'),
(6191, 'Taliha ADC', 3, 39, 'Y'),
(6192, 'TALIKOTI', 15, 294, 'Y'),
(6193, 'Taliparamba', 16, 299, 'Y'),
(6194, 'Taljhari', 14, 262, 'Y'),
(6195, 'Tallapudi', 2, 15, 'Y'),
(6196, 'Tallur', 2, 10, 'Y'),
(6197, 'Talod', 10, 182, 'Y'),
(6198, 'Talode', 20, 385, 'Y'),
(6199, 'Talupula', 2, 4, 'Y'),
(6200, 'Talwandi Sabo', 27, 486, 'Y'),
(6201, 'Tamando', 25, 468, 'Y'),
(6202, 'Tamar I', 14, 261, 'Y'),
(6203, 'Tambaram', 30, 544, 'Y'),
(6204, 'Tamenglong', 21, 413, 'Y'),
(6205, 'Tamenglong North', 21, 413, 'Y'),
(6206, 'Tamenglong West', 21, 413, 'Y'),
(6207, 'Tamia', 19, 324, 'Y'),
(6208, 'Tamkuhi Raj', 35, 683, 'Y'),
(6209, 'Tamlu', 24, 442, 'Y'),
(6210, 'Tamluk', 36, 728, 'Y'),
(6211, 'Tamnar', 7, 136, 'Y'),
(6212, 'Tamsi', 31, 580, 'Y'),
(6213, 'Tamulpur', 4, 42, 'Y'),
(6214, 'Tanakal', 2, 4, 'Y'),
(6215, 'Tanda', 35, 699, 'Y'),
(6216, 'Tanda', 35, 639, 'Y'),
(6217, 'Tandur', 31, 608, 'Y'),
(6218, 'Tandur', 31, 593, 'Y'),
(6219, 'Tandwa', 14, 243, 'Y'),
(6220, 'Tangarapali', 25, 479, 'Y'),
(6221, 'Tangi', 25, 468, 'Y'),
(6222, 'Tangi', 25, 456, 'Y'),
(6223, 'Tangmarg', 13, 224, 'Y'),
(6224, 'Tangutur', 2, 10, 'Y'),
(6225, 'Tankara', 10, 175, 'Y'),
(6226, 'Tan Kuppa', 5, 84, 'Y'),
(6227, 'Tanoor', 31, 600, 'Y'),
(6228, 'Tansen', 19, 332, 'Y'),
(6229, 'Tantnagar', 14, 265, 'Y'),
(6230, 'Tantoli', 28, 506, 'Y'),
(6231, 'Tanuku', 2, 15, 'Y'),
(6232, 'Taoru', 11, 201, 'Y'),
(6233, 'Tapa', 27, 485, 'Y'),
(6234, 'Tapan', 36, 719, 'Y'),
(6235, 'Tapri', 12, 214, 'Y'),
(6236, 'Tarabganj', 35, 668, 'Y'),
(6237, 'Taraiya', 5, 106, 'Y'),
(6238, 'Tarakeswar', 36, 721, 'Y'),
(6239, 'Tarak Lengdi Cicle', 3, 23, 'Y'),
(6240, 'Tarana', 19, 362, 'Y'),
(6241, 'Taranagar', 28, 516, 'Y'),
(6242, 'Tarapur', 10, 157, 'Y'),
(6243, 'Tarapur', 5, 95, 'Y'),
(6244, 'Tarari', 5, 81, 'Y'),
(6245, 'TARASINGI', 25, 460, 'Y'),
(6246, 'Taraso Circle', 3, 33, 'Y');
INSERT INTO `city` (`city_id`, `city_name`, `state_id`, `district_id`, `del_action`) VALUES
(6247, 'Tarbha', 25, 478, 'Y'),
(6248, 'Tardih', 5, 83, 'Y'),
(6249, 'Tarhasi', 14, 259, 'Y'),
(6250, 'Tariani Chowk', 5, 108, 'Y'),
(6251, 'Tarikere', 15, 274, 'Y'),
(6252, 'Tarlupadu', 2, 10, 'Y'),
(6253, 'Tarn Taran', 27, 505, 'Y'),
(6254, 'Taryath', 13, 235, 'Y'),
(6255, 'Tasgaon', 20, 393, 'Y'),
(6256, 'Tatgarh', 28, 506, 'Y'),
(6257, 'Tati Jhariya', 14, 252, 'Y'),
(6258, 'Tato EAC', 3, 34, 'Y'),
(6259, 'Tauni Devi Bamson', 12, 212, 'Y'),
(6260, 'TAWANG HQ', 3, 36, 'Y'),
(6261, 'Teghra', 5, 79, 'Y'),
(6262, 'Tehatta - I', 36, 731, 'Y'),
(6263, 'Tehatta - II', 36, 731, 'Y'),
(6264, 'Tehla', 28, 507, 'Y'),
(6265, 'Tehri', 34, 634, 'Y'),
(6266, 'Tejam', 34, 632, 'Y'),
(6267, 'Tekkali', 2, 12, 'Y'),
(6268, 'Tekmal', 31, 594, 'Y'),
(6269, 'Tekulapalli', 31, 581, 'Y'),
(6270, 'Tekumatla', 31, 585, 'Y'),
(6271, 'Telhara', 20, 366, 'Y'),
(6272, 'Teliamura', 33, 618, 'Y'),
(6273, 'Telkapally', 31, 597, 'Y'),
(6274, 'Telkoi', 25, 467, 'Y'),
(6275, 'Tenali', 2, 7, 'Y'),
(6276, 'Tendukheda', 19, 325, 'Y'),
(6277, 'Tendukheda', 19, 343, 'Y'),
(6278, 'Tengakhat', 4, 52, 'Y'),
(6279, 'Tengnoupal', 21, 414, 'Y'),
(6280, 'Tening', 24, 445, 'Y'),
(6281, 'Tenkasi', 30, 565, 'Y'),
(6282, 'Tentulikhunti', 25, 472, 'Y'),
(6283, 'Teok', 4, 58, 'Y'),
(6284, 'Teonthar', 19, 350, 'Y'),
(6285, 'Teosa', 20, 367, 'Y'),
(6286, 'Terhagachh', 5, 91, 'Y'),
(6287, 'Tetaria', 5, 101, 'Y'),
(6288, 'Tetiha Bambor', 5, 95, 'Y'),
(6289, 'Tezpur', 4, 70, 'Y'),
(6290, 'Tezu HQ', 3, 26, 'Y'),
(6291, 'Thadlaskein', 22, 426, 'Y'),
(6292, 'Thailisain', 34, 631, 'Y'),
(6293, 'Thakrahan', 5, 99, 'Y'),
(6294, 'Thakrakote', 13, 237, 'Y'),
(6295, 'Thakurdwara', 35, 693, 'Y'),
(6296, 'Thakurgangti', 14, 250, 'Y'),
(6297, 'Thakurganj', 5, 91, 'Y'),
(6298, 'Thakurgarh', 25, 450, 'Y'),
(6299, 'Thakurmunda', 25, 471, 'Y'),
(6300, 'Thakurpukur Mahestola', 36, 713, 'Y'),
(6301, 'Thal', 34, 632, 'Y'),
(6302, 'Thalakondapally', 31, 604, 'Y'),
(6303, 'Thalassery', 16, 299, 'Y'),
(6304, 'Thalavadi', 30, 550, 'Y'),
(6305, 'Thallada', 31, 589, 'Y'),
(6306, 'Thallarevu', 2, 6, 'Y'),
(6307, 'Thamarassery', 16, 303, 'Y'),
(6308, 'Thamballapalle', 2, 5, 'Y'),
(6309, 'Thanagazi', 28, 507, 'Y'),
(6310, 'Thanakhamria', 7, 118, 'Y'),
(6311, 'Thana Mandi', 13, 235, 'Y'),
(6312, 'Thandla', 19, 337, 'Y'),
(6313, 'THANDRAMPET', 30, 575, 'Y'),
(6314, 'Thane', 20, 397, 'Y'),
(6315, 'Thanesar', 11, 199, 'Y'),
(6316, 'Thangadh', 10, 184, 'Y'),
(6317, 'THANGALLAPALLI', 31, 603, 'Y'),
(6318, 'Thanjavur', 30, 566, 'Y'),
(6319, 'Thanlon', 21, 411, 'Y'),
(6320, 'Tharad', 10, 159, 'Y'),
(6321, 'Tharali', 34, 626, 'Y'),
(6322, 'Tharangambadi', 30, 557, 'Y'),
(6323, 'Tharigoppula', 31, 584, 'Y'),
(6324, 'Tharthari', 5, 97, 'Y'),
(6325, 'Thasra', 10, 172, 'Y'),
(6326, 'Thathri', 13, 226, 'Y'),
(6327, 'Thavanampalle', 2, 5, 'Y'),
(6328, 'Thawe', 5, 85, 'Y'),
(6329, 'Thelamara', 4, 70, 'Y'),
(6330, 'Thelkoloi', 25, 477, 'Y'),
(6331, 'Thembang Circle', 3, 40, 'Y'),
(6332, 'Theni', 30, 567, 'Y'),
(6333, 'Theog', 12, 218, 'Y'),
(6334, 'Therlam', 2, 14, 'Y'),
(6335, 'Thethaitangar', 14, 264, 'Y'),
(6336, 'Thikri', 19, 318, 'Y'),
(6337, 'Thimmajipet', 31, 597, 'Y'),
(6338, 'Thimmapur LMD', 31, 588, 'Y'),
(6339, 'Thingbu Circle', 3, 36, 'Y'),
(6340, 'Thingsulthliah', 23, 428, 'Y'),
(6341, 'Thipparthy', 31, 598, 'Y'),
(6342, 'Thirukkuvalai', 30, 557, 'Y'),
(6343, 'Thirumalagiri', 31, 607, 'Y'),
(6344, 'Thirumangalam', 30, 556, 'Y'),
(6345, 'Thirumayam', 30, 560, 'Y'),
(6346, 'Thirunallar Taluk', 26, 480, 'Y'),
(6347, 'THIRUPPARANKUNDRAM', 30, 556, 'Y'),
(6348, 'Thiruppathur', 30, 564, 'Y'),
(6349, 'Thiruppuvanam', 30, 564, 'Y'),
(6350, 'Thiruthuraipoondi', 30, 570, 'Y'),
(6351, 'Thiruvaiyaru', 30, 566, 'Y'),
(6352, 'Thiruvalla', 16, 306, 'Y'),
(6353, 'Thiruvallur', 30, 569, 'Y'),
(6354, 'Thiruvananthapuram', 16, 307, 'Y'),
(6355, 'Thiruvarur', 30, 570, 'Y'),
(6356, 'Thiruvattar', 30, 553, 'Y'),
(6357, 'THIRUVENNAINALLUR', 30, 578, 'Y'),
(6358, 'Thiruverumbur', 30, 571, 'Y'),
(6359, 'Thiruvidaimarudur', 30, 566, 'Y'),
(6360, 'Thodupuzha', 16, 298, 'Y'),
(6361, 'Thoguta', 31, 606, 'Y'),
(6362, 'Thondangi', 2, 6, 'Y'),
(6363, 'Thondur', 2, 16, 'Y'),
(6364, 'Thonoknyu', 24, 447, 'Y'),
(6365, 'Thoothukkudi', 30, 576, 'Y'),
(6366, 'Thorrur', 31, 591, 'Y'),
(6367, 'Thotapalligudur', 2, 11, 'Y'),
(6368, 'Thotlavalluru', 2, 8, 'Y'),
(6369, 'Thottambedu', 2, 5, 'Y'),
(6370, 'Thottiyam', 30, 571, 'Y'),
(6371, 'Thoubal', 21, 415, 'Y'),
(6372, 'Thovala', 30, 553, 'Y'),
(6373, 'Thrissur', 16, 308, 'Y'),
(6374, 'Thrizino ADC', 3, 40, 'Y'),
(6375, 'Thuamul Rampur', 25, 464, 'Y'),
(6376, 'Thullur', 2, 7, 'Y'),
(6377, 'Thunag', 12, 217, 'Y'),
(6378, 'Thungaturthy', 31, 607, 'Y'),
(6379, 'Thuraiyur', 30, 571, 'Y'),
(6380, 'Thural', 12, 213, 'Y'),
(6381, 'Thurkapally', 31, 612, 'Y'),
(6382, 'Thuroo', 13, 237, 'Y'),
(6383, 'Tibi', 28, 521, 'Y'),
(6384, 'Tigaon ST', 11, 191, 'Y'),
(6385, 'Tigiria', 25, 456, 'Y'),
(6386, 'Tihidi', 25, 454, 'Y'),
(6387, 'Tihra', 12, 217, 'Y'),
(6388, 'Tihu (Pt)', 4, 68, 'Y'),
(6389, 'Tijara', 28, 507, 'Y'),
(6390, 'Tikabali', 25, 465, 'Y'),
(6391, 'Tikaetpali', 25, 479, 'Y'),
(6392, 'Tikamgarh', 19, 361, 'Y'),
(6393, 'Tikar', 12, 218, 'Y'),
(6394, 'Tikari', 5, 84, 'Y'),
(6395, 'Tikhak Rima Putok Circle', 3, 18, 'Y'),
(6396, 'Tikiri', 25, 476, 'Y'),
(6397, 'Tikken', 12, 217, 'Y'),
(6398, 'TIKOTA', 15, 294, 'Y'),
(6399, 'Tikrikilla', 22, 425, 'Y'),
(6400, 'Tilakwada', 10, 176, 'Y'),
(6401, 'Tilda', 7, 137, 'Y'),
(6402, 'Tilhar', 35, 703, 'Y'),
(6403, 'Tiloi', 35, 640, 'Y'),
(6404, 'Tilouthu', 5, 103, 'Y'),
(6405, 'Timarni', 19, 333, 'Y'),
(6406, 'Tinali Paglam Circle', 3, 28, 'Y'),
(6407, 'Tindivanam', 30, 578, 'Y'),
(6408, 'Tingkhong', 4, 52, 'Y'),
(6409, 'Tinsukia', 4, 72, 'Y'),
(6410, 'TINWARI', 28, 527, 'Y'),
(6411, 'Tipaimukh', 21, 411, 'Y'),
(6412, 'Tiptur', 15, 291, 'Y'),
(6413, 'Tira Sujanpur', 12, 212, 'Y'),
(6414, 'Tirbin EAC', 3, 25, 'Y'),
(6415, 'Tiring', 25, 471, 'Y'),
(6416, 'Tirodi', 19, 317, 'Y'),
(6417, 'Tirora', 20, 375, 'Y'),
(6418, 'Tirthahalli', 15, 290, 'Y'),
(6419, 'Tirtol', 25, 461, 'Y'),
(6420, 'Tiruchendur', 30, 576, 'Y'),
(6421, 'Tiruchengode', 30, 558, 'Y'),
(6422, 'Tiruchirappalli East', 30, 571, 'Y'),
(6423, 'Tiruchirappalli West', 30, 571, 'Y'),
(6424, 'Tiruchuli', 30, 579, 'Y'),
(6425, 'Tirukalukundram', 30, 544, 'Y'),
(6426, 'Tirukkoyilur', 30, 551, 'Y'),
(6427, 'Tirumakudal - Narsipur', 15, 287, 'Y'),
(6428, 'Tirumalagiri Sagar', 31, 598, 'Y'),
(6429, 'Tirumalayapalem', 31, 589, 'Y'),
(6430, 'Tirumalgiri', 31, 582, 'Y'),
(6431, 'Tirunelveli', 30, 572, 'Y'),
(6432, 'Tirupathur', 30, 573, 'Y'),
(6433, 'Tirupati (Rural)', 2, 5, 'Y'),
(6434, 'Tirupati (Urban)', 2, 5, 'Y'),
(6435, 'Tiruporur', 30, 544, 'Y'),
(6436, 'TiruppurNorth', 30, 574, 'Y'),
(6437, 'Tiruppursouth', 30, 574, 'Y'),
(6438, 'Tirur', 16, 304, 'Y'),
(6439, 'Tirurangadi', 16, 304, 'Y'),
(6440, 'Tiruttani', 30, 569, 'Y'),
(6441, 'Tiruvadanai', 30, 561, 'Y'),
(6442, 'Tiruvannamalai', 30, 575, 'Y'),
(6443, 'Tiruvengadam', 30, 565, 'Y'),
(6444, 'Tiruvottiyur', 30, 545, 'Y'),
(6445, 'Tiruvuru', 2, 8, 'Y'),
(6446, 'Tirwa', 35, 677, 'Y'),
(6447, 'Tiryani', 31, 590, 'Y'),
(6448, 'Tisayanvilai', 30, 572, 'Y'),
(6449, 'Tisri', 14, 249, 'Y'),
(6450, 'Tiswadi', 9, 153, 'Y'),
(6451, 'Titabor', 4, 58, 'Y'),
(6452, 'Titlagarh', 25, 451, 'Y'),
(6453, 'Tittakudi', 30, 547, 'Y'),
(6454, 'Tizit', 24, 444, 'Y'),
(6455, 'Tlangnuam', 23, 428, 'Y'),
(6456, 'T.Narasapuram', 2, 15, 'Y'),
(6457, 'Tobu', 24, 444, 'Y'),
(6458, 'Todabhim', 28, 528, 'Y'),
(6459, 'Todaraisingh', 28, 537, 'Y'),
(6460, 'Tohana', 11, 192, 'Y'),
(6461, 'Tokapal', 7, 117, 'Y'),
(6462, 'TOKIYE', 24, 449, 'Y'),
(6463, 'Tomka', 25, 462, 'Y'),
(6464, 'Tonk', 28, 537, 'Y'),
(6465, 'Tonk Khurd', 19, 327, 'Y'),
(6466, 'Tonto', 14, 265, 'Y'),
(6467, 'Toopran', 31, 594, 'Y'),
(6468, 'Topchanchi', 14, 245, 'Y'),
(6469, 'Torpa', 14, 254, 'Y'),
(6470, 'Toru Circle', 3, 33, 'Y'),
(6471, 'Tosham', 11, 189, 'Y'),
(6472, 'Tral', 13, 234, 'Y'),
(6473, 'Trehgam', 13, 232, 'Y'),
(6474, 'Tribeniganj', 5, 111, 'Y'),
(6475, 'Trimbakeshwar', 20, 386, 'Y'),
(6476, 'Tripuranthakam', 2, 10, 'Y'),
(6477, 'Tripuraram', 31, 598, 'Y'),
(6478, 'Tseminyu', 24, 441, 'Y'),
(6479, 'Tsogin', 24, 441, 'Y'),
(6480, 'T Sundupalle', 2, 16, 'Y'),
(6481, 'Tsundur', 2, 7, 'Y'),
(6482, 'TSURANGKONG', 24, 443, 'Y'),
(6483, 'Tsurungto', 24, 447, 'Y'),
(6484, 'Tuensang Sadar', 24, 447, 'Y'),
(6485, 'Tufanganj - I', 36, 717, 'Y'),
(6486, 'Tufanganj - II', 36, 717, 'Y'),
(6487, 'Tuggali', 2, 9, 'Y'),
(6488, 'TUIBONG', 21, 403, 'Y'),
(6489, 'Tuipang', 23, 436, 'Y'),
(6490, 'Tulail', 13, 223, 'Y'),
(6491, 'Tuli', 24, 443, 'Y'),
(6492, 'Tuljapur', 20, 387, 'Y'),
(6493, 'Tullamulla Khirbhawani', 13, 227, 'Y'),
(6494, 'Tulsipur', 35, 648, 'Y'),
(6495, 'Tumakuru', 15, 291, 'Y'),
(6496, 'Tumsar', 20, 370, 'Y'),
(6497, 'Tumudibandha', 25, 465, 'Y'),
(6498, 'Tumusingha', 25, 458, 'Y'),
(6499, 'Tundi', 14, 245, 'Y'),
(6500, 'Tundla', 35, 664, 'Y'),
(6501, 'Tuni', 2, 6, 'Y'),
(6502, 'Turekela', 25, 451, 'Y'),
(6503, 'Turkaulia', 5, 101, 'Y'),
(6504, 'Turumunga', 25, 467, 'Y'),
(6505, 'Turuvekere', 15, 291, 'Y'),
(6506, 'Tushura', 25, 451, 'Y'),
(6507, 'Tuting ADC', 3, 38, 'Y'),
(6508, 'T VAICHONG', 21, 409, 'Y'),
(6509, 'Tyonda', 19, 364, 'Y'),
(6510, 'Tyuni', 34, 628, 'Y'),
(6511, 'Uchana', 11, 196, 'Y'),
(6512, 'Uchchhal', 10, 185, 'Y'),
(6513, 'Uchhain', 28, 511, 'Y'),
(6514, 'Uchkagaon', 5, 85, 'Y'),
(6515, 'Udainagar', 19, 327, 'Y'),
(6516, 'Udaipur', 33, 617, 'Y'),
(6517, 'Udaipur', 12, 216, 'Y'),
(6518, 'Udaipura', 19, 347, 'Y'),
(6519, 'Udaipur (Dharamjaigarh)', 7, 136, 'Y'),
(6520, 'Udaipurwati', 28, 526, 'Y'),
(6521, 'Udala', 25, 471, 'Y'),
(6522, 'Udalguri', 4, 73, 'Y'),
(6523, 'Udarbond', 4, 46, 'Y'),
(6524, 'Udayagiri', 2, 11, 'Y'),
(6525, 'Udayarpalayam', 30, 543, 'Y'),
(6526, 'Udaynarayanpur', 36, 722, 'Y'),
(6527, 'Udaypur', 7, 141, 'Y'),
(6528, 'Udgir', 20, 380, 'Y'),
(6529, 'Udhagamandalam', 30, 568, 'Y'),
(6530, 'Udhampur', 13, 241, 'Y'),
(6531, 'Udhna', 10, 183, 'Y'),
(6532, 'Udhwa', 14, 262, 'Y'),
(6533, 'Udumalaipettai', 30, 574, 'Y'),
(6534, 'Udumbanchola', 16, 298, 'Y'),
(6535, 'Udupi', 15, 292, 'Y'),
(6536, 'Udwant Nagar', 5, 81, 'Y'),
(6537, 'Ujiarpur', 5, 105, 'Y'),
(6538, 'Ujjain', 19, 362, 'Y'),
(6539, 'Ujjain Nagar', 19, 362, 'Y'),
(6540, 'Ukhimath', 34, 633, 'Y'),
(6541, 'Ukhrul', 21, 416, 'Y'),
(6542, 'Uklana ST', 11, 194, 'Y'),
(6543, 'Ulavapadu', 2, 10, 'Y'),
(6544, 'Ulhasnagar', 20, 397, 'Y'),
(6545, 'Uluberia - I', 36, 722, 'Y'),
(6546, 'Uluberia - II', 36, 722, 'Y'),
(6547, 'Ulunda', 25, 478, 'Y'),
(6548, 'Ulundurpettai', 30, 551, 'Y'),
(6549, 'Umarga', 20, 387, 'Y'),
(6550, 'Umarkhed', 20, 400, 'Y'),
(6551, 'Umarkote', 25, 472, 'Y'),
(6552, 'Umarpada', 10, 183, 'Y'),
(6553, 'Umbergaon', 10, 187, 'Y'),
(6554, 'Umling', 22, 421, 'Y'),
(6555, 'Umrala', 10, 161, 'Y'),
(6556, 'Umred', 20, 383, 'Y'),
(6557, 'Umreth', 19, 324, 'Y'),
(6558, 'Umreth', 10, 157, 'Y'),
(6559, 'Umri', 20, 384, 'Y'),
(6560, 'Umsning', 22, 421, 'Y'),
(6561, 'UN', 35, 704, 'Y'),
(6562, 'Una', 10, 168, 'Y'),
(6563, 'Una', 12, 221, 'Y'),
(6564, 'Unchahar', 35, 698, 'Y'),
(6565, 'Unchahara', 19, 352, 'Y'),
(6566, 'Undavelly', 31, 586, 'Y'),
(6567, 'Undi', 2, 15, 'Y'),
(6568, 'Undrajavaram', 2, 15, 'Y'),
(6569, 'Unguturu', 2, 8, 'Y'),
(6570, 'Unguturu', 2, 15, 'Y'),
(6571, 'Uniara', 28, 537, 'Y'),
(6572, 'Unjha', 10, 173, 'Y'),
(6573, 'Unnao', 35, 710, 'Y'),
(6574, 'Untari Road', 14, 259, 'Y'),
(6575, 'Upleta', 10, 181, 'Y'),
(6576, 'Uppal', 31, 595, 'Y'),
(6577, 'Uppalaguptam', 2, 6, 'Y'),
(6578, 'Uppununthala', 31, 597, 'Y'),
(6579, 'Uran', 20, 391, 'Y'),
(6580, 'Uravakonda', 2, 4, 'Y'),
(6581, 'Uri', 13, 224, 'Y'),
(6582, 'Urkonda', 31, 597, 'Y'),
(6583, 'Usilampatti', 30, 556, 'Y'),
(6584, 'Usur', 7, 119, 'Y'),
(6585, 'Uthamapalayam', 30, 567, 'Y'),
(6586, 'Uthangarai', 30, 555, 'Y'),
(6587, 'Uthiramerur', 30, 552, 'Y'),
(6588, 'Uthukkottai', 30, 569, 'Y'),
(6589, 'Uthukuli', 30, 574, 'Y'),
(6590, 'Utkoor', 31, 599, 'Y'),
(6591, 'Utnoor', 31, 580, 'Y'),
(6592, 'Utraula', 35, 648, 'Y'),
(6593, 'Uttara P.S', 25, 468, 'Y'),
(6594, 'Uyyalawada', 2, 9, 'Y'),
(6595, 'Vada', 20, 388, 'Y'),
(6596, 'Vadali', 10, 182, 'Y'),
(6597, 'Vadamalapeta', 2, 5, 'Y'),
(6598, 'Vadgam', 10, 159, 'Y'),
(6599, 'Vadipatti', 30, 556, 'Y'),
(6600, 'Vadnagar', 10, 173, 'Y'),
(6601, 'Vadodara East', 10, 186, 'Y'),
(6602, 'Vadodara North', 10, 186, 'Y'),
(6603, 'Vadodara Rural', 10, 186, 'Y'),
(6604, 'Vadodara South', 10, 186, 'Y'),
(6605, 'Vadodara West', 10, 186, 'Y'),
(6606, 'Vaghodia', 10, 186, 'Y'),
(6607, 'Vagra', 10, 160, 'Y'),
(6608, 'Vaibhavvadi', 20, 395, 'Y'),
(6609, 'Vaijapur', 20, 368, 'Y'),
(6610, 'Vaikom', 16, 302, 'Y'),
(6611, 'Vailpoor', 31, 601, 'Y'),
(6612, 'Vaishali', 5, 112, 'Y'),
(6613, 'Vajrakarur', 2, 4, 'Y'),
(6614, 'Vajrapukothuru', 2, 12, 'Y'),
(6615, 'Vakadu', 2, 11, 'Y'),
(6616, 'Valangaiman', 30, 570, 'Y'),
(6617, 'Valia', 10, 160, 'Y'),
(6618, 'Valigonda', 31, 612, 'Y'),
(6619, 'Vallabhipur', 10, 161, 'Y'),
(6620, 'Vallabhnagar', 28, 538, 'Y'),
(6621, 'Vallur', 2, 16, 'Y'),
(6622, 'Valmikipuram', 2, 5, 'Y'),
(6623, 'Valod', 10, 185, 'Y'),
(6624, 'Valparai', 30, 546, 'Y'),
(6625, 'Valsad', 10, 187, 'Y'),
(6626, 'Vandalur', 30, 544, 'Y'),
(6627, 'Vandavasi', 30, 575, 'Y'),
(6628, 'VANGAI RANGE', 21, 411, 'Y'),
(6629, 'Vangara', 2, 12, 'Y'),
(6630, 'Vangoor', 31, 597, 'Y'),
(6631, 'Vaniyambadi', 30, 573, 'Y'),
(6632, 'Vanthali', 10, 170, 'Y'),
(6633, 'Vanur', 30, 578, 'Y'),
(6634, 'VAPI', 10, 187, 'Y'),
(6635, 'Varadaiahpalem', 2, 5, 'Y'),
(6636, 'Vararamachandrapuram', 2, 6, 'Y'),
(6637, 'Varikuntapadu', 2, 11, 'Y'),
(6638, 'Varkala', 16, 307, 'Y'),
(6639, 'Varla', 19, 318, 'Y'),
(6640, 'Varni', 31, 601, 'Y'),
(6641, 'Vasai', 20, 388, 'Y'),
(6642, 'Vasant Vihar', 8, 144, 'N'),
(6643, 'Vaso', 10, 172, 'Y'),
(6644, 'Vatakara', 16, 303, 'Y'),
(6645, 'Vatpally', 31, 605, 'Y'),
(6646, 'Vatsavai', 2, 8, 'Y'),
(6647, 'Vatticherukuru', 2, 7, 'Y'),
(6648, 'Vatva', 10, 155, 'Y'),
(6649, 'Vav', 10, 159, 'Y'),
(6650, 'Vazhapadi', 30, 563, 'Y'),
(6651, 'Vedaranyam', 30, 557, 'Y'),
(6652, 'Vedasandur', 30, 549, 'Y'),
(6653, 'Vedurukuppam', 2, 5, 'Y'),
(6654, 'Veenavanka', 31, 588, 'Y'),
(6655, 'Veeraballe', 2, 16, 'Y'),
(6656, 'Veeraghattam', 2, 12, 'Y'),
(6657, 'Veerakeralamputhur', 30, 565, 'Y'),
(6658, 'Veerapunayunipalle', 2, 16, 'Y'),
(6659, 'Veeravasaram', 2, 15, 'Y'),
(6660, 'VEERNAPALLI', 31, 603, 'Y'),
(6661, 'Veerullapadu', 2, 8, 'Y'),
(6662, 'Vejalpur', 10, 155, 'Y'),
(6663, 'Velair', 31, 611, 'Y'),
(6664, 'Velairpadu', 2, 15, 'Y'),
(6665, 'Veldanda', 31, 597, 'Y'),
(6666, 'Veldurthi', 2, 7, 'Y'),
(6667, 'Veldurthi', 2, 9, 'Y'),
(6668, 'Velgatur', 31, 583, 'Y'),
(6669, 'Velgode', 2, 9, 'Y'),
(6670, 'Velhe', 20, 390, 'Y'),
(6671, 'Veligandla', 2, 10, 'Y'),
(6672, 'Vellarikkundu', 16, 300, 'Y'),
(6673, 'Vellore', 30, 577, 'Y'),
(6674, 'Vemanpally', 31, 593, 'Y'),
(6675, 'Vembakkam', 30, 575, 'Y'),
(6676, 'VEMBAKOTTAI', 30, 579, 'Y'),
(6677, 'Vempalle', 2, 16, 'Y'),
(6678, 'Vemsoor', 31, 589, 'Y'),
(6679, 'Vemula', 2, 16, 'Y'),
(6680, 'Vemulapally', 31, 598, 'Y'),
(6681, 'Vemulawada', 31, 603, 'Y'),
(6682, 'VEMULAWADA RURAL', 31, 603, 'Y'),
(6683, 'Vemuru', 2, 7, 'Y'),
(6684, 'Vengurla', 20, 395, 'Y'),
(6685, 'Venkatachalam', 2, 11, 'Y'),
(6686, 'Venkatagiri', 2, 11, 'Y'),
(6687, 'Venkatagirikota', 2, 5, 'Y'),
(6688, 'Venkatapur', 31, 596, 'Y'),
(6689, 'Venkatapuram', 31, 596, 'Y'),
(6690, 'Vepada', 2, 14, 'Y'),
(6691, 'Veppanthattai', 30, 559, 'Y'),
(6692, 'veppur', 30, 547, 'Y'),
(6693, 'Vetapalem', 2, 10, 'Y'),
(6694, 'Vidapanakal', 2, 4, 'Y'),
(6695, 'Vidavalur', 2, 11, 'Y'),
(6696, 'Vidisha', 19, 364, 'Y'),
(6697, 'Vidisha Nagar', 19, 364, 'Y'),
(6698, 'Vidyapati Nagar', 5, 105, 'Y'),
(6699, 'Vijainagar', 28, 520, 'Y'),
(6700, 'Vijapur', 10, 173, 'Y'),
(6701, 'Vijayapura', 15, 294, 'Y'),
(6702, 'Vijayapuram', 2, 5, 'Y'),
(6703, 'VIJAYAWADA EAST', 2, 8, 'Y'),
(6704, 'VIJAYAWADA NORTH', 2, 8, 'Y'),
(6705, 'Vijayawada (Rural)', 2, 8, 'Y'),
(6706, 'Vijayawada (Urban)', 2, 8, 'Y'),
(6707, 'VIJAYAWADA WEST', 2, 8, 'Y'),
(6708, 'Vijaynagar', 28, 506, 'Y'),
(6709, 'Vijaynagar', 10, 182, 'Y'),
(6710, 'Vijaypur', 13, 238, 'Y'),
(6711, 'Vijaypur', 19, 357, 'Y'),
(6712, 'Vijayraghavgarh', 19, 338, 'Y'),
(6713, 'Vijoynagar EAC', 3, 18, 'Y'),
(6714, 'Vikarabad', 31, 608, 'Y'),
(6715, 'Vikas Nagar', 34, 628, 'Y'),
(6716, 'Vikramgad', 20, 388, 'Y'),
(6717, 'Vikravandi', 30, 578, 'Y'),
(6718, 'Vilathikulam', 30, 576, 'Y'),
(6719, 'Vilavancode', 30, 553, 'Y'),
(6720, 'Villianur Taluk', 26, 482, 'Y'),
(6721, 'Viluppuram', 30, 578, 'Y'),
(6722, 'Vinchchiya', 10, 181, 'Y'),
(6723, 'Vinjamur', 2, 11, 'Y'),
(6724, 'Vinukonda', 2, 7, 'Y'),
(6725, 'Virajpet', 15, 283, 'Y'),
(6726, 'Viralimalai', 30, 560, 'Y'),
(6727, 'Viramgam', 10, 155, 'Y'),
(6728, 'Viratnagar', 28, 522, 'Y'),
(6729, 'Virpur', 10, 174, 'Y'),
(6730, 'Virudhachalam', 30, 547, 'Y'),
(6731, 'Virudhunagar', 30, 579, 'Y'),
(6732, 'Visakhapatnam (Rural)', 2, 13, 'Y'),
(6733, 'Visakhapatnam (Urban)', 2, 13, 'Y'),
(6734, 'Visavadar', 10, 170, 'Y'),
(6735, 'Vishnupur', 36, 715, 'Y'),
(6736, 'Visnagar', 10, 173, 'Y'),
(6737, 'Vissannapet', 2, 8, 'Y'),
(6738, 'Vivek Vihar', 8, 148, 'N'),
(6739, 'Vizianagaram', 2, 14, 'Y'),
(6740, 'V.K.', 24, 449, 'Y'),
(6741, 'Voletivaripalem', 2, 10, 'Y'),
(6742, 'Vontimitta', 2, 16, 'Y'),
(6743, 'V.Saidapur', 31, 588, 'Y'),
(6744, 'Vuyyuru', 2, 8, 'Y'),
(6745, 'Vyara', 10, 185, 'Y'),
(6746, 'Vythiri', 16, 309, 'Y'),
(6747, 'WADAGERA', 15, 295, 'Y'),
(6748, 'Waddepally', 31, 586, 'Y'),
(6749, 'Wadhwan', 10, 184, 'Y'),
(6750, 'Wadrafnagar', 7, 116, 'Y'),
(6751, 'Wadwani', 20, 369, 'Y'),
(6752, 'Waghai', 10, 164, 'Y'),
(6753, 'Wagoora', 13, 224, 'Y'),
(6754, 'Wai', 20, 394, 'Y'),
(6755, 'WAIKHONG', 21, 407, 'Y'),
(6756, 'Wajedu', 31, 596, 'Y'),
(6757, 'Wakching', 24, 444, 'Y'),
(6758, 'Wakka SDO', 3, 27, 'Y'),
(6759, 'Wakoora', 13, 227, 'Y'),
(6760, 'Wakro Circle', 3, 26, 'Y'),
(6761, 'Walajabad', 30, 552, 'Y'),
(6762, 'Wallajah', 30, 562, 'Y'),
(6763, 'Walong Circle', 3, 17, 'Y'),
(6764, 'Walwa', 20, 393, 'Y'),
(6765, 'Wanaparthy', 31, 609, 'Y'),
(6766, 'Wangoi', 21, 405, 'Y'),
(6767, 'Wani', 20, 400, 'Y'),
(6768, 'Wankaner', 10, 175, 'Y'),
(6769, 'Wankidi', 31, 590, 'Y'),
(6770, 'Warangal', 31, 611, 'Y'),
(6771, 'Waraseoni', 19, 317, 'Y'),
(6772, 'Wardha', 20, 398, 'Y'),
(6773, 'Wardhannapet', 31, 610, 'Y'),
(6774, 'Wargal', 31, 606, 'Y'),
(6775, 'Warisaliganj', 5, 98, 'Y'),
(6776, 'Warisnagar', 5, 105, 'Y'),
(6777, 'Warora', 20, 372, 'Y'),
(6778, 'Warud', 20, 367, 'Y'),
(6779, 'Warwan', 13, 230, 'Y'),
(6780, 'Washi', 20, 387, 'Y'),
(6781, 'Washim', 20, 399, 'Y'),
(6782, 'Watergam', 13, 224, 'Y'),
(6783, 'WATRAP', 30, 579, 'Y'),
(6784, 'WAZEERPUR', 28, 534, 'Y'),
(6785, 'Wazirabad ST', 11, 193, 'Y'),
(6786, 'Wazirganj', 5, 84, 'Y'),
(6787, 'Weepangandla', 31, 609, 'Y'),
(6788, 'Weir', 28, 511, 'Y'),
(6789, 'West Bunghmun', 23, 434, 'Y'),
(6790, 'West Phaileng', 23, 435, 'Y'),
(6791, 'WEZIHO', 24, 446, 'Y'),
(6792, 'WILLONG', 21, 412, 'Y'),
(6793, 'Wokha Sadar', 24, 448, 'Y'),
(6794, 'Wozhuro', 24, 448, 'Y'),
(6795, 'Wyra', 31, 589, 'Y'),
(6796, 'Yacharam', 31, 604, 'Y'),
(6797, 'Yachuli ADC', 3, 30, 'Y'),
(6798, 'Yadagirigutta', 31, 612, 'Y'),
(6799, 'Yadamarri', 2, 5, 'Y'),
(6800, 'Yadgir', 15, 295, 'Y'),
(6801, 'Yadiki', 2, 4, 'Y'),
(6802, 'YADRAMI', 15, 282, 'Y'),
(6803, 'Yamkeshwar', 34, 631, 'Y'),
(6804, 'Yamuna Vihar', 8, 146, 'N'),
(6805, 'Yanam Taluk', 26, 483, 'Y'),
(6806, 'Yangang', 29, 541, 'Y'),
(6807, 'Yangte Circle', 3, 23, 'Y'),
(6808, 'Yaripora', 13, 231, 'Y'),
(6809, 'Yatdam Circle', 3, 18, 'Y'),
(6810, 'Yavatmal', 20, 400, 'Y'),
(6811, 'Yawal', 20, 377, 'Y'),
(6812, 'Yazali Circle', 3, 30, 'Y'),
(6813, 'Yedapally', 31, 601, 'Y'),
(6814, 'Yeddana Pudi', 2, 10, 'Y'),
(6815, 'YELAHANKA', 15, 270, 'Y'),
(6816, 'Yelal', 31, 608, 'Y'),
(6817, 'Yelamanchili', 2, 13, 'Y'),
(6818, 'Yelamanchili', 2, 15, 'Y'),
(6819, 'Yelandur', 15, 272, 'Y'),
(6820, 'Yelbarga', 15, 285, 'Y'),
(6821, 'Yeldurthy', 31, 594, 'Y'),
(6822, 'Yeleswaram', 2, 6, 'Y'),
(6823, 'Yellandu', 31, 581, 'Y'),
(6824, 'Yellanur', 2, 4, 'Y'),
(6825, 'Yellapur', 15, 293, 'Y'),
(6826, 'Yellareddipet', 31, 603, 'Y'),
(6827, 'Yellareddy', 31, 587, 'Y'),
(6828, 'Yemmiganur', 2, 9, 'Y'),
(6829, 'Yercaud', 30, 563, 'Y'),
(6830, 'Yergatla', 31, 601, 'Y'),
(6831, 'Yerpedu', 2, 5, 'Y'),
(6832, 'Yerragondapalem', 2, 10, 'Y'),
(6833, 'Yerraguntla', 2, 16, 'Y'),
(6834, 'Yerravaripalem', 2, 5, 'Y'),
(6835, 'Yerrupalem', 31, 589, 'Y'),
(6836, 'Yevla', 20, 386, 'Y'),
(6837, 'Yingkiong Circle', 3, 38, 'Y'),
(6838, 'Yomcha ADC', 3, 41, 'Y'),
(6839, 'Yongnyah', 24, 442, 'Y'),
(6840, 'Y. Ramavaram', 2, 6, 'Y'),
(6841, 'Yuksom', 29, 542, 'Y'),
(6842, 'Zachaldara', 13, 232, 'Y'),
(6843, 'Zaffergadh', 31, 584, 'Y'),
(6844, 'Zahirabad', 31, 605, 'Y'),
(6845, 'Zainapora', 13, 239, 'Y'),
(6846, 'Zaingeer', 13, 224, 'Y'),
(6847, 'Zamania', 35, 667, 'Y'),
(6848, 'Zanskar', 17, 310, 'Y'),
(6849, 'Zari-Jamani', 20, 400, 'Y'),
(6850, 'Zarugumalli', 2, 10, 'Y'),
(6851, 'Zawlnuam', 23, 435, 'Y'),
(6852, 'Zemithang Circle', 3, 36, 'Y'),
(6853, 'Zikzak', 22, 423, 'Y'),
(6854, 'Zira', 27, 490, 'Y'),
(6855, 'Ziradei', 5, 110, 'Y'),
(6856, 'Ziro HQ', 3, 30, 'Y'),
(6857, 'Zuketsa', 24, 446, 'Y'),
(6858, 'Zunheboto Sadar', 24, 449, 'Y');

-- --------------------------------------------------------

--
-- Table structure for table `department_type`
--

CREATE TABLE `department_type` (
  `id` int NOT NULL,
  `name` varchar(50) COLLATE utf8mb4_general_ci NOT NULL,
  `del_action` enum('Y','N') COLLATE utf8mb4_general_ci NOT NULL DEFAULT 'N'
) ENGINE=InnoDB DEFAULT CHARSET=utf8mb4 COLLATE=utf8mb4_general_ci;

--
-- Dumping data for table `department_type`
--

INSERT INTO `department_type` (`id`, `name`, `del_action`) VALUES
(1, 'General', 'N'),
(2, 'Medicine', 'N'),
(3, 'Respiratory', 'N'),
(4, 'Paediatrics', 'N');

-- --------------------------------------------------------

--
-- Table structure for table `diagnosis_category`
--

CREATE TABLE `diagnosis_category` (
  `category_id` int NOT NULL,
  `category_name` varchar(50) COLLATE utf8mb4_general_ci NOT NULL,
  `del_action` enum('N','Y','','') COLLATE utf8mb4_general_ci NOT NULL DEFAULT 'N'
) ENGINE=InnoDB DEFAULT CHARSET=utf8mb4 COLLATE=utf8mb4_general_ci;

--
-- Dumping data for table `diagnosis_category`
--

INSERT INTO `diagnosis_category` (`category_id`, `category_name`, `del_action`) VALUES
(1, 'Respiratory', 'N'),
(2, 'Cardiovascular', 'N'),
(3, 'Cerebrovascular', 'N');

-- --------------------------------------------------------

--
-- Table structure for table `diagnosis_sub_category`
--

CREATE TABLE `diagnosis_sub_category` (
  `sub_category_id` int NOT NULL,
  `sub_category_name` varchar(200) COLLATE utf8mb4_general_ci NOT NULL,
  `ranges` varchar(15) COLLATE utf8mb4_general_ci NOT NULL,
  `category_id` int NOT NULL,
  `del_action` enum('N','Y') COLLATE utf8mb4_general_ci NOT NULL DEFAULT 'N'
) ENGINE=InnoDB DEFAULT CHARSET=utf8mb4 COLLATE=utf8mb4_general_ci;

--
-- Dumping data for table `diagnosis_sub_category`
--

INSERT INTO `diagnosis_sub_category` (`sub_category_id`, `sub_category_name`, `ranges`, `category_id`, `del_action`) VALUES
(1, 'Acute upper respiratory infections', 'J00-J06', 1, 'N'),
(2, 'Influenza and pneumonia', 'J09-J18', 1, 'N'),
(3, 'Other acute lower respiratory infections', 'J20-J22', 1, 'N'),
(4, 'Other diseases of upper respiratory tract', 'J30-J39', 1, 'N'),
(5, 'Chronic lower respiratory diseases', 'J40-J47', 1, 'N'),
(6, 'Lung diseases due to external agents', 'J60-J70', 1, 'N'),
(7, 'Other respiratory diseases principally affecting the interstitium', 'J80-J84', 1, 'N'),
(8, 'Suppurative and necrotic conditions of lower respiratory tract', 'J85-J86', 1, 'N'),
(9, 'Other diseases of pleura', 'J90-J94', 1, 'N'),
(10, 'Other diseases of the respiratory system', 'J95-J99', 1, 'N'),
(11, 'Acute rheumatic fever', 'I00-I02', 2, 'N'),
(12, 'Chronic rheumatic heart diseases', 'I05-I09', 2, 'N'),
(13, 'Hypertensive diseases', 'I10-I15', 2, 'N'),
(14, 'Ischaemic heart diseases', 'I20-I25', 2, 'N'),
(15, 'Pulmonary heart disease and diseases of pulmonary circulation', 'I26-I28', 2, 'N'),
(16, 'Other forms of heart disease', 'I30-I52', 2, 'N'),
(17, 'Cerebrovascular diseases', 'I60-I69', 3, 'Y'),
(18, 'Diseases of arteries, arterioles and capillaries', 'I70-I79', 2, 'Y'),
(19, 'Diseases of veins, lymphatic vessels and lymph nodes, not elsewhere classified', 'I80-I89', 2, 'Y'),
(20, 'Other and unspecified disorders of the circulatory system', 'I95-I99', 2, 'Y'),
(21, 'Subarachnoid haemorrhage', '160 ', 3, 'N'),
(22, 'Intracerebral haemorrhage', '161', 3, 'N'),
(23, 'Other non-traumatic intracranial haemorrhage', '162', 3, 'N'),
(24, 'Cerebral infarction', '163', 3, 'N'),
(25, 'Stroke, not specified as haemorrhage or infarction', '164', 3, 'N'),
(26, 'Occlusion and stenosis of precerebral arteries, not resulting in cerebral infarction', '165', 3, 'N'),
(27, 'Occlusion and stenosis of cerebral arteries, not resulting in cerebral infarction', '166', 3, 'N'),
(28, 'Other cerebrovascular diseases', '167', 3, 'N'),
(29, 'Cerebrovascular disorders in diseases classified elsewhere', '168', 3, 'N'),
(30, 'Sequale of Cerebrovasular diseases', '169', 3, 'N');

-- --------------------------------------------------------

--
-- Table structure for table `diagnosis_sub_sub_category`
--

CREATE TABLE `diagnosis_sub_sub_category` (
  `sub_sub_category_id` int NOT NULL,
  `sub_sub_category_name` varchar(200) COLLATE utf8mb4_general_ci NOT NULL,
  `code` varchar(50) COLLATE utf8mb4_general_ci NOT NULL,
  `category_id` int NOT NULL,
  `sub_category_id` int NOT NULL,
  `parent_id` int NOT NULL COMMENT '0- "No parent"',
  `del_action` enum('N','Y') COLLATE utf8mb4_general_ci NOT NULL DEFAULT 'N'
) ENGINE=InnoDB DEFAULT CHARSET=utf8mb4 COLLATE=utf8mb4_general_ci;

--
-- Dumping data for table `diagnosis_sub_sub_category`
--

INSERT INTO `diagnosis_sub_sub_category` (`sub_sub_category_id`, `sub_sub_category_name`, `code`, `category_id`, `sub_category_id`, `parent_id`, `del_action`) VALUES
(1, 'Acute nasopharyngitis [common cold]', 'J00 ', 1, 1, 0, 'N'),
(2, 'Acute sinusitis', 'J01', 1, 1, 0, 'N'),
(3, 'Acute maxillary sinusitis  ', 'J01.0', 1, 1, 2, 'N'),
(4, 'Acute frontal sinusitis', 'J01.1', 1, 1, 2, 'N'),
(5, 'Acute ethmoidal sinusitis', 'J01.2', 1, 1, 2, 'N'),
(6, 'Acute sphenoidal sinusitis', 'J01.3', 1, 1, 2, 'N'),
(7, 'Acute pansinusitis', 'J01.4', 1, 1, 2, 'N'),
(8, 'Acute pharyngitis', 'J02', 1, 1, 0, 'N'),
(9, 'Acute tonsillitis', 'J03 ', 1, 1, 0, 'N'),
(10, 'Acute laryngitis and tracheitis', 'J04 ', 1, 1, 0, 'N'),
(11, 'Acute laryngitis', 'J04.0', 1, 1, 10, 'N'),
(12, 'Acute tracheitis', 'J04.1', 1, 1, 10, 'N'),
(13, 'Acute laryngotracheitis', 'J04.2', 1, 1, 10, 'N'),
(14, 'Acute obstructive laryngitis [croup] and epiglottitis', 'J05', 1, 1, 0, 'N'),
(15, 'Acute obstructive laryngitis [croup]', 'J05.0', 1, 1, 14, 'N'),
(16, 'Acute epiglottitis', 'J05.1 ', 1, 1, 14, 'N'),
(17, 'Acute Laryngo-pharyngitis', 'J06.0 ', 1, 1, 0, 'N'),
(18, 'Influenza', 'J09-11 ', 1, 2, 0, 'N'),
(19, 'Pneumonia ', 'J12-18 ', 1, 2, 0, 'N'),
(20, 'Acute bronchitis', 'J20', 1, 3, 0, 'N'),
(21, 'Acute bronchiolitis', 'J21', 1, 3, 0, 'N'),
(22, 'Vasomotor and Allergic rhinitis', 'J30 ', 1, 4, 0, 'N'),
(23, 'Chronic rhinitis, nasopharyngitis and pharyngitis', 'J31', 1, 4, 0, 'N'),
(24, 'Chronic sinusitis', 'J32', 1, 4, 0, 'N'),
(25, 'Nasal polyp', 'J33', 1, 4, 0, 'N'),
(26, 'Abscess, furuncle and carbuncle of nose', 'J34.0 ', 1, 4, 0, 'N'),
(27, 'Cyst and Mucocele of nose and nasal sinus', 'J34.1 ', 1, 4, 26, 'N'),
(28, 'Hypertrophy of nasal Turbinates', 'J34.3 ', 1, 4, 26, 'N'),
(29, 'Chronic tonsillitis', 'J35.0', 1, 4, 0, 'N'),
(30, 'Peritonsillar  abscess', 'J36 ', 1, 4, 0, 'N'),
(31, 'Chronic laryngitis', 'J37.0 ', 1, 4, 0, 'N'),
(32, 'Chronic laryngotracheitis', 'J37.1', 1, 4, 31, 'N'),
(33, 'Diseases of vocal cords and larynx, not elsewhere classified', 'J38', 1, 4, 0, 'N'),
(34, 'Retropharyngeal and Para-pharyngeal abscess', 'J39.0 ', 1, 4, 0, 'N'),
(35, 'Upper respiratory tract hypersensitivity reaction, site unspecified', 'J39.3 ', 1, 4, 34, 'N'),
(36, 'Bronchitis, not specified as acute or chronic', 'J40 ', 1, 5, 0, 'N'),
(37, 'Simple chronic bronchitis', 'J41.0 ', 1, 5, 36, 'N'),
(38, 'Mucopurulent chronic bronchitis', 'J41.1', 1, 5, 36, 'N'),
(39, 'Mixed simple and mucopurulent chronic bronchitis', 'J41.8 ', 1, 5, 36, 'N'),
(40, 'Emphysema', 'J43 ', 1, 5, 0, 'N'),
(41, 'Other chronic obstructive pulmonary disease', 'J44 ', 1, 5, 0, 'N'),
(42, 'Chronic obstructive pulmonary disease with acute lower respiratory infection', 'J44.0', 1, 5, 41, 'N'),
(43, 'Chronic obstructive pulmonary disease with acute exacerbation, unspecified', 'J44.1 ', 1, 5, 41, 'N'),
(44, 'Other specified chronic obstructive pulmonary disease', 'J44.8 ', 1, 5, 41, 'Y'),
(45, 'Asthma', 'J45 ', 1, 5, 0, 'N'),
(46, 'Predominantly allergic asthma', 'J45.0 ', 1, 5, 45, 'N'),
(47, 'Nonallergic asthma', 'J45.1', 1, 5, 45, 'N'),
(48, 'Status Asthmaticus', 'J46 ', 1, 5, 0, 'N'),
(49, 'Bronchiectasis', 'J47', 1, 5, 0, 'N'),
(50, 'Coal worker pneumoconiosis', 'J60 ', 1, 6, 0, 'N'),
(51, 'Pneumoconiosis due to asbestos and other mineral fibres', 'J61 ', 1, 6, 0, 'N'),
(52, 'Pneumoconiosis due to dust containing silica', 'J62 ', 1, 6, 0, 'N'),
(53, 'Pneumoconiosis due to talc dust', 'J62.0 ', 1, 6, 52, 'N'),
(54, 'Pneumoconiosis associated with tuberculosis', 'J65 ', 1, 6, 0, 'N'),
(55, 'Airway disease due to specific organic dust', 'J66 ', 1, 6, 0, 'N'),
(56, 'Byssinosis', 'J66.0 ', 1, 6, 0, 'N'),
(57, 'Farmer lung', 'J67.0', 1, 6, 0, 'N'),
(58, 'Bagassosis', 'J67.1', 1, 6, 57, 'N'),
(59, 'Air-conditioner and humidifier lung', 'J67.7 ', 1, 6, 57, 'N'),
(60, 'Respiratory conditions due to inhalation of chemicals, gases, fumes and vapours', 'J68  ', 1, 6, 0, 'N'),
(61, 'Pneumonitis due to solids and liquids', 'J69', 1, 6, 0, 'N'),
(62, 'Acute pulmonary manifestations due to radiation', 'J70.0', 1, 6, 0, 'N'),
(63, 'Chronic and other pulmonary manifestations due to radiation', 'J70.1 ', 1, 6, 62, 'N'),
(64, 'Acute drug-induced interstitial lung disorders', 'J70.2', 1, 6, 62, 'N'),
(65, 'Chronic drug-induced interstitial lung disorders', 'J70.3', 1, 6, 62, 'N'),
(66, 'Adult respiratory distress syndrome', 'J80', 1, 7, 0, 'N'),
(67, 'Pulmonary oedema', 'J81 ', 1, 7, 0, 'N'),
(68, 'Other interstitial pulmonary diseases with fibrosis', 'J84.1 ', 1, 7, 67, 'N'),
(69, 'Abscess of lung and mediastinum', 'J85 ', 1, 8, 0, 'N'),
(70, 'Pyo-thorax', 'J86 ', 1, 8, 0, 'N'),
(71, 'Pleural effusion, not elsewhere classified', 'J90 ', 1, 9, 0, 'N'),
(72, 'Pleural plaque', 'J92', 1, 9, 0, 'N'),
(73, 'Pneumothorax', 'J93', 1, 9, 0, 'N'),
(74, 'Chylous effusion', 'J94.0 ', 1, 9, 0, 'N'),
(75, 'Fibro-thorax', 'J94.1  ', 1, 9, 74, 'N'),
(76, 'Haemothorax', 'J94.2 ', 1, 9, 74, 'N'),
(77, 'Tracheostomy malfunction', 'J95.0 ', 1, 10, 0, 'N'),
(78, 'Acute respiratory failure', 'J96.0 ', 1, 10, 0, 'N'),
(79, 'Chronic respiratory failure', 'J96.1 ', 1, 10, 78, 'N'),
(80, 'Pulmonary collapse', 'J98.1', 1, 10, 0, 'N'),
(81, 'Diseases of mediastinum, not elsewhere classified', 'J98.5 ', 1, 10, 80, 'N'),
(82, 'Disorders of diaphragm', 'J98.6', 1, 10, 80, 'N'),
(83, '*Respiratory disorders in other diffuse connective tissue disorders', 'J99.1', 1, 10, 0, 'N'),
(84, 'Rheumatic fever without mention of heart involvement', 'I00 ', 2, 11, 0, 'N'),
(85, 'Rheumatic fever with heart involvement', 'I01', 2, 11, 0, 'N'),
(86, 'Acute rheumatic pericarditis', 'I01.0', 2, 11, 85, 'N'),
(87, 'Acute rheumatic endocarditis', 'I01.1 ', 2, 11, 85, 'N'),
(88, 'Acute rheumatic myocarditis', 'I01.2 ', 2, 11, 85, 'N'),
(89, 'Rheumatic chorea', 'I02', 2, 11, 0, 'N'),
(90, 'Rheumatic mitral valve diseases', 'I05', 2, 12, 0, 'N'),
(91, 'Mitral stenosis', 'I05.0 ', 2, 12, 90, 'N'),
(92, 'Rheumatic mitral insufficiency', 'I05.1 ', 2, 12, 90, 'N'),
(93, 'Mitral stenosis with insufficiency', 'I05.2', 2, 12, 90, 'N'),
(94, 'Rheumatic aortic valve diseases', 'I06', 2, 12, 0, 'N'),
(95, 'Rheumatic aortic stenosis', 'I06.0', 2, 12, 94, 'N'),
(96, 'Rheumatic aortic insufficiency', 'I06.1 ', 2, 12, 94, 'N'),
(97, 'Rheumatic aortic stenosis with insufficiency', 'I06.2 ', 2, 12, 94, 'N'),
(98, 'Rheumatic tricuspid valve diseases', 'I07', 2, 12, 0, 'N'),
(99, 'Tricuspid stenosis', 'I07.0 ', 2, 12, 98, 'N'),
(100, 'Tricuspid insufficiency', 'I07.1 ', 2, 12, 98, 'N'),
(101, 'Tricuspid stenosis with insufficiency', 'I07.2 ', 2, 12, 98, 'N'),
(102, 'Multiple valve diseases', 'I08', 2, 12, 0, 'N'),
(103, 'Rheumatic myocarditis', 'I09.0', 2, 12, 0, 'N'),
(104, 'Rheumatic diseases of endocardium, valve unspecified', 'I09.1 ', 2, 12, 102, 'N'),
(105, 'Chronic rheumatic pericarditis', 'I09.2 ', 2, 12, 102, 'N'),
(106, 'Essential (primary) hypertension', 'I10 ', 2, 13, 0, 'N'),
(107, 'Hypertensive heart disease', 'I11', 2, 13, 0, 'N'),
(108, 'Hypertensive heart disease with (congestive) heart failure', 'I11.0 ', 2, 13, 107, 'N'),
(109, 'Hypertensive renal disease', 'I12 ', 2, 13, 0, 'N'),
(110, 'Hypertensive heart and renal disease', 'I13', 2, 13, 0, 'N'),
(111, 'Secondary hypertension', 'I15 ', 2, 13, 0, 'N'),
(112, 'Reno-vascular hypertension', 'I15.0 ', 2, 13, 111, 'N'),
(113, 'Angina pectoris', 'I20', 2, 14, 0, 'N'),
(114, 'Unstable angina', 'I20.0 ', 2, 14, 113, 'N'),
(115, 'Acute myocardial infarction', 'I21 ', 2, 14, 0, 'N'),
(116, 'Acute transmural myocardial infarction of anterior wall', 'I21.0 ', 2, 14, 115, 'N'),
(117, 'Acute transmural myocardial infarction of inferior wall', 'I21.1', 2, 14, 115, 'N'),
(118, 'Dressler syndrome', 'I24.1', 2, 14, 115, 'N'),
(119, 'Chronic ischaemic heart disease', 'I25 ', 2, 14, 0, 'N'),
(120, 'Atherosclerotic heart disease', 'I25.1 ', 2, 14, 119, 'N'),
(121, 'Old myocardial infarction', 'I25.2 ', 2, 14, 119, 'N'),
(122, 'Aneurysm of heart', 'I25.3 ', 2, 14, 119, 'N'),
(123, 'Coronary artery aneurysm and dissection', 'I25.4 ', 2, 14, 119, 'N'),
(124, 'Ischaemic cardiomyopathy', 'I25.5 ', 2, 14, 119, 'N'),
(125, 'Silent myocardial ischaemia', 'I25.6 ', 2, 14, 119, 'N'),
(126, 'Chronic ischaemic heart disease, unspecified', 'I25.9 ', 2, 14, 119, 'N'),
(127, 'Pulmonary embolism', 'I26 ', 2, 15, 0, 'N'),
(128, 'Pulmonary embolism with mention of acute corpulmonale', 'I26.0 ', 2, 15, 127, 'N'),
(129, 'Pulmonary embolism without mention of acute corpulmonale', 'I26.9', 2, 15, 127, 'N'),
(130, 'Primary pulmonary hypertension', 'I27.0 ', 2, 15, 0, 'N'),
(131, 'Arteriovenous fistula of pulmonary vessels', 'I28.0 ', 2, 15, 0, 'N'),
(132, 'Aneurysm of pulmonary artery', 'I28.1 ', 2, 15, 131, 'N'),
(133, 'Acute pericarditis', 'I30 ', 2, 16, 0, 'N'),
(134, 'Infective pericarditis', 'I30.1 ', 2, 16, 133, 'N'),
(135, 'Chronic constrictive pericarditis', 'I31.1 ', 2, 16, 0, 'N'),
(136, 'Pericardial effusion (noninflammatory)', 'I31.3 ', 2, 16, 135, 'N'),
(137, 'Disease of pericardium, unspecified', 'I31.9 ', 2, 16, 135, 'N'),
(138, 'Acute and subacute endocarditis', 'I33 ', 2, 16, 0, 'N'),
(139, 'Acute and subacute infective endocarditis', 'I33.0 ', 2, 16, 138, 'N'),
(140, 'Non-rheumatic mitral valve disorders', 'I34', 2, 16, 0, 'N'),
(141, 'Non-rheumatic aortic valve disorders', 'I35', 2, 16, 0, 'N'),
(142, 'Non-rheumatic tricuspid valve disorders', 'I36', 2, 16, 0, 'N'),
(143, 'Endocarditis, valve unspecified', 'I38', 2, 16, 0, 'N'),
(144, 'Acute myocarditis', 'I40', 2, 16, 0, 'N'),
(145, 'Infective myocarditis', 'I40.0', 2, 16, 144, 'N'),
(146, 'Cardiomyopathy', 'I42 ', 2, 16, 0, 'N'),
(147, 'Dilated cardiomyopathy', 'I42.0 ', 2, 16, 146, 'N'),
(148, 'Obstructive hypertrophic cardiomyopathy', 'I42.1', 2, 16, 146, 'N'),
(149, 'Cardiomyopathy due to drugs and other external agents', 'I42.7', 2, 16, 146, 'N'),
(150, 'Atrioventricular and left bundle-branch block', 'I44', 2, 16, 0, 'N'),
(151, 'Atrioventricular block, first degree', 'I44.0 ', 2, 16, 150, 'N'),
(152, 'Atrioventricular block, second degree', 'I44.1', 2, 16, 150, 'N'),
(153, 'Atrioventricular block, complete', 'I44.2 ', 2, 16, 150, 'N'),
(154, 'Left anterior fascicular block', 'I44.4 ', 2, 16, 150, 'N'),
(155, 'Left posterior fascicular block', 'I44.5 ', 2, 16, 150, 'N'),
(156, 'Other and unspecified fascicular block', 'I44.6 ', 2, 16, 150, 'N'),
(157, 'Left bundle-branch block, unspecified', 'I44.7', 2, 16, 150, 'N'),
(158, 'Right fascicular block', 'I45.0 ', 2, 16, 0, 'N'),
(159, 'Bifascicular block', 'I45.2', 2, 16, 158, 'N'),
(160, 'Trifascicular block', 'I45.3 ', 2, 16, 158, 'N'),
(161, 'Other specified heart block', 'I45.5 ', 2, 16, 158, 'N'),
(162, 'Pre-excitation syndrome', 'I45.6 ', 2, 16, 158, 'N'),
(163, 'Cardiac arrest', 'I46 ', 2, 16, 0, 'N'),
(164, 'Cardiac arrest with successful resuscitation', 'I46.0 ', 2, 16, 163, 'N'),
(165, 'Sudden cardiac death, so described', 'I46.1 ', 2, 16, 163, 'N'),
(166, 'Paroxysmal tachycardia', 'I47 ', 2, 16, 0, 'N'),
(167, 'Re-entry ventricular arrhythmia', 'I47.0 ', 2, 16, 166, 'N'),
(168, 'Supraventricular tachycardia', 'I47.1 ', 2, 16, 166, 'N'),
(169, 'Ventricular tachycardia', 'I47.2 ', 2, 16, 166, 'N'),
(170, 'Atrial fibrillation and flutter', 'I48 ', 2, 16, 0, 'N'),
(171, 'Paroxysmal atrial fibrillation', 'I48.0 ', 2, 16, 170, 'N'),
(172, 'Persistent atrial fibrillation', 'I48.1 ', 2, 16, 170, 'N'),
(173, 'Chronic atrial fibrillation', 'I48.2 ', 2, 16, 170, 'N'),
(174, 'Typical atrial flutter', 'I48.3', 2, 16, 170, 'N'),
(175, 'Ventricular fibrillation and flutter', 'I49.0 ', 2, 16, 0, 'N'),
(176, 'Atrial premature depolarization', 'I49.1 ', 2, 16, 175, 'N'),
(177, 'Junctional premature depolarization', 'I49.2 ', 2, 16, 175, 'N'),
(178, 'Ventricular premature depolarization', 'I49.3', 2, 16, 175, 'N'),
(179, 'Sick sinus syndrome', 'I49.5 ', 2, 16, 175, 'N'),
(180, 'Other specified cardiac arrhythmias', 'I49.8 ', 2, 16, 175, 'N'),
(181, 'Heart failure', 'I50 ', 2, 16, 0, 'N'),
(182, 'Congestive heart failure', 'I50.0 ', 2, 16, 181, 'N'),
(183, 'Left ventricular failure', 'I50.1 ', 2, 16, 181, 'N'),
(184, 'Cardiomegaly', 'I51.7 ', 2, 16, 0, 'N'),
(185, 'Subarachnoid haemorrhage', 'I60 ', 0, 17, 0, 'N'),
(186, 'Subarachnoid haemorrhage from carotid siphon and bifurcation', 'I60.0', 3, 21, 185, 'N'),
(187, 'Subarachnoid haemorrhage from middle cerebral artery', 'I60.1', 3, 21, 185, 'N'),
(188, 'Subarachnoid haemorrhage from anterior communicating artery', 'I60.2', 3, 21, 185, 'N'),
(189, 'Subarachnoid haemorrhage from posterior communicating artery', 'I60.3', 3, 21, 185, 'N'),
(190, 'Subarachnoid haemorrhage from basilar artery', 'I60.4', 3, 21, 185, 'N'),
(191, 'Subarachnoid haemorrhage from vertebral artery', 'I60.5', 3, 21, 185, 'N'),
(192, 'Subarachnoid haemorrhage from other intracranial arteries', 'I60.6', 3, 21, 185, 'N'),
(193, 'Subarachnoid haemorrhage from intracranial artery, unspecified', 'I60.7', 3, 21, 185, 'N'),
(194, 'Other subarachnoid haemorrhage', 'I60.8', 3, 21, 185, 'N'),
(195, 'Subarachnoid haemorrhage, unspecified', 'I60.9', 3, 21, 185, 'N'),
(196, 'Intracerebral haemorrhage in hemisphere, subcortical', 'I61.0', 3, 22, 0, 'N'),
(197, 'Intracerebral haemorrhage in hemisphere, cortical', 'I61.1', 3, 22, 196, 'N'),
(198, 'Intracerebral haemorrhage in hemisphere, unspecified', 'I61.2', 3, 22, 196, 'N'),
(199, 'Intracerebral haemorrhage in brain stem', 'I61.3', 3, 22, 196, 'N'),
(200, 'Intracerebral haemorrhage in cerebellum', 'I61.4', 3, 22, 196, 'N'),
(201, 'Intracerebral haemorrhage, intraventricular', 'I61.5', 3, 22, 196, 'N'),
(202, 'Intracerebral haemorrhage, multiple localized', 'I61.6', 3, 22, 196, 'N'),
(203, 'Other intracerebral haemorrhage', 'I61.8', 3, 22, 196, 'N'),
(204, 'Intracerebral haemorrhage, unspecified', 'I61.9', 3, 22, 196, 'N'),
(205, 'Other nontraumatic intracranial haemorrhage', 'I62', 3, 23, 0, 'N'),
(206, 'Nontraumatic subdural haemorrhage', 'I62.0', 3, 23, 205, 'N'),
(207, 'Nontraumatic extradural haemorrhage', 'I62.1', 3, 23, 205, 'N'),
(208, 'Intracranial haemorrhage (nontraumatic), unspecified', 'I62.9', 3, 23, 205, 'N'),
(209, 'Cerebral infarction', 'I63', 3, 24, 0, 'N'),
(210, 'Cerebral infarction due to thrombosis of precerebral arteries', 'I63.0', 3, 24, 209, 'N'),
(211, 'Cerebral infarction due to embolism of precerebral arteries', 'I63.1', 3, 24, 209, 'N'),
(212, 'Cerebral infarction due to unspecified occlusion or stenosis of precerebral arteries', 'I63.2', 3, 24, 209, 'N'),
(213, 'Cerebral infarction due to thrombosis of cerebral arteries', 'I63.3', 3, 24, 209, 'N'),
(214, 'Cerebral infarction due to embolism of cerebral arteries', 'I63.4', 3, 24, 209, 'N'),
(215, 'Cerebral infarction due to unspecified occlusion or stenosis of cerebral arteries', 'I63.5', 3, 24, 209, 'N'),
(216, 'Cerebral infarction due to cerebral venous thrombosis, nonpyogenic', 'I63.6', 3, 24, 209, 'N'),
(217, 'Other cerebral infarction', 'I63.8', 3, 24, 209, 'N'),
(218, 'Cerebral infarction, unspecified', 'I63.9', 3, 24, 209, 'N'),
(219, 'Stroke, not specified as haemorrhage or infarction', 'I64 ', 3, 25, 0, 'N'),
(220, 'Occlusion and stenosis of precerebral arteries, not resulting in cerebral infarction', 'I65', 3, 26, 0, 'N'),
(221, 'Occlusion and stenosis of vertebral artery', 'I65.0', 3, 26, 220, 'N'),
(222, 'Occlusion and stenosis of basilar artery', 'I65.1', 3, 26, 220, 'N'),
(223, 'Occlusion and stenosis of carotid artery', 'I65.2', 3, 26, 220, 'N'),
(224, 'Occlusion and stenosis of multiple and bilateral precerebral arteries', 'I65.3', 3, 26, 220, 'N'),
(225, 'Occlusion and stenosis of other precerebral artery', 'I65.8', 3, 26, 220, 'N'),
(226, 'Occlusion and stenosis of unspecified precerebral artery', 'I65.9', 3, 26, 220, 'N'),
(227, 'Occlusion and stenosis of cerebral arteries, not resulting in cerebral infarction', 'I66', 3, 27, 0, 'N'),
(228, 'Occlusion and stenosis of middle cerebral artery', 'I66.0', 3, 27, 227, 'N'),
(229, 'Occlusion and stenosis of anterior cerebral artery', 'I66.1', 3, 27, 227, 'N'),
(230, 'Occlusion and stenosis of posterior cerebral artery', 'I66.2', 3, 27, 227, 'N'),
(231, 'Occlusion and stenosis of cerebellar arteries', 'I66.3', 3, 27, 227, 'N'),
(232, 'Occlusion and stenosis of multiple and bilateral cerebral arteries', 'I66.4', 3, 27, 227, 'N'),
(233, 'Occlusion and stenosis of other cerebral artery', 'I66.8', 3, 27, 227, 'N'),
(234, 'Occlusion and stenosis of unspecified cerebral artery', 'I66.9', 3, 27, 227, 'N'),
(235, 'Other cerebrovascular diseases', 'I67', 3, 28, 0, 'N'),
(236, 'Dissection of cerebral arteries, nonruptured', 'I67.0', 3, 28, 235, 'N'),
(237, 'Cerebral aneurysm, nonruptured', 'I67.1', 3, 28, 235, 'N'),
(238, 'Cerebral atherosclerosis', 'I67.2', 3, 28, 235, 'N'),
(239, 'Progressive vascular leukoencephalopathy', 'I67.3', 3, 28, 235, 'N'),
(240, 'Hypertensive encephalopathy', 'I67.4', 3, 28, 235, 'N'),
(241, 'Moyamoya disease', 'I67.5', 3, 28, 235, 'N'),
(242, 'Nonpyogenic thrombosis of intracranial venous system', 'I67.6', 3, 28, 235, 'N'),
(243, 'Cerebral arteritis, not elsewhere classified', 'I67.7', 3, 28, 235, 'N'),
(244, 'Other specified cerebrovascular diseases', 'I67.8', 3, 28, 235, 'N'),
(245, 'Cerebrovascular disease, unspecified', 'I67.9', 3, 28, 235, 'N'),
(246, '*Cerebrovascular disorders in diseases classified elsewhere', 'I68', 3, 29, 0, 'N'),
(247, '*Cerebral amyloid angiopathy (E85.-', 'I68.0', 3, 29, 246, 'N'),
(248, '*Cerebral arteritis in infectious and parasitic diseases classified elsewhere', 'I68.1', 3, 29, 246, 'N'),
(249, '*Cerebral arteritis in other diseases classified elsewhere', 'I68.2', 3, 29, 246, 'N'),
(250, '*Other cerebrovascular disorders in diseases classified elsewhere', 'I68.8', 3, 29, 246, 'N'),
(251, 'Sequelae of cerebrovascular disease', 'I69', 3, 30, 0, 'N'),
(252, 'Sequelae of subarachnoid haemorrhage', 'I69.0', 3, 30, 251, 'N'),
(253, 'Sequelae of intracerebral haemorrhage', 'I69.1', 3, 30, 251, 'N'),
(254, 'Sequelae of other nontraumatic intracranial haemorrhage', 'I69.2', 3, 30, 251, 'N'),
(255, 'Sequelae of cerebral infarction', 'I69.3', 3, 30, 251, 'N'),
(256, 'Sequelae of stroke, not specified as haemorrhage or infarction', 'I69.4', 3, 30, 251, 'N'),
(257, 'Sequelae of other and unspecified cerebrovascular disease', 'I69.8', 3, 30, 251, 'N');

-- --------------------------------------------------------

--
-- Table structure for table `district`
--

CREATE TABLE `district` (
  `district_id` int NOT NULL,
  `state_id` int DEFAULT NULL,
  `district_name` char(50) COLLATE utf8mb4_unicode_ci DEFAULT NULL,
  `del_action` enum('N','Y','','') COLLATE utf8mb4_unicode_ci NOT NULL
) ENGINE=InnoDB DEFAULT CHARSET=utf8mb4 COLLATE=utf8mb4_unicode_ci;

--
-- Dumping data for table `district`
--

INSERT INTO `district` (`district_id`, `state_id`, `district_name`, `del_action`) VALUES
(1, 1, 'NICOBARS', 'Y'),
(2, 1, 'NORTH AND MIDDLE ANDAMAN', 'Y'),
(3, 1, 'SOUTH ANDAMANS', 'Y'),
(4, 2, 'ANANTAPUR', 'Y'),
(5, 2, 'CHITTOOR', 'Y'),
(6, 2, 'EAST GODAVARI', 'Y'),
(7, 2, 'GUNTUR', 'Y'),
(8, 2, 'KRISHNA', 'Y'),
(9, 2, 'KURNOOL', 'Y'),
(10, 2, 'PRAKASAM', 'Y'),
(11, 2, 'SPSR NELLORE', 'Y'),
(12, 2, 'SRIKAKULAM', 'Y'),
(13, 2, 'VISAKHAPATANAM', 'Y'),
(14, 2, 'VIZIANAGARAM', 'Y'),
(15, 2, 'WEST GODAVARI', 'Y'),
(16, 2, 'Y.S.R.', 'Y'),
(17, 3, 'ANJAW', 'Y'),
(18, 3, 'CHANGLANG', 'Y'),
(19, 3, 'DIBANG VALLEY', 'Y'),
(20, 3, 'EAST KAMENG', 'Y'),
(21, 3, 'EAST SIANG', 'Y'),
(22, 3, 'KAMLE', 'Y'),
(23, 3, 'KRA DAADI', 'Y'),
(24, 3, 'KURUNG KUMEY', 'Y'),
(25, 3, 'LEPARADA', 'Y'),
(26, 3, 'LOHIT', 'Y'),
(27, 3, 'LONGDING', 'Y'),
(28, 3, 'LOWER DIBANG VALLEY', 'Y'),
(29, 3, 'LOWER SIANG', 'Y'),
(30, 3, 'LOWER SUBANSIRI', 'Y'),
(31, 3, 'NAMSAI', 'Y'),
(32, 3, 'PAKKE KESSANG', 'Y'),
(33, 3, 'PAPUM PARE', 'Y'),
(34, 3, 'SHI YOMI', 'Y'),
(35, 3, 'SIANG', 'Y'),
(36, 3, 'TAWANG', 'Y'),
(37, 3, 'TIRAP', 'Y'),
(38, 3, 'UPPER SIANG', 'Y'),
(39, 3, 'UPPER SUBANSIRI', 'Y'),
(40, 3, 'WEST KAMENG', 'Y'),
(41, 3, 'WEST SIANG', 'Y'),
(42, 4, 'BAKSA', 'Y'),
(43, 4, 'BARPETA', 'Y'),
(44, 4, 'Biswanath', 'Y'),
(45, 4, 'BONGAIGAON', 'Y'),
(46, 4, 'CACHAR', 'Y'),
(47, 4, 'CHARAIDEO', 'Y'),
(48, 4, 'CHIRANG', 'Y'),
(49, 4, 'DARRANG', 'Y'),
(50, 4, 'DHEMAJI', 'Y'),
(51, 4, 'DHUBRI', 'Y'),
(52, 4, 'DIBRUGARH', 'Y'),
(53, 4, 'DIMA HASAO', 'Y'),
(54, 4, 'GOALPARA', 'Y'),
(55, 4, 'GOLAGHAT', 'Y'),
(56, 4, 'HAILAKANDI', 'Y'),
(57, 4, 'HOJAI', 'Y'),
(58, 4, 'JORHAT', 'Y'),
(59, 4, 'KAMRUP', 'Y'),
(60, 4, 'KAMRUP METRO', 'Y'),
(61, 4, 'KARBI ANGLONG', 'Y'),
(62, 4, 'KARIMGANJ', 'Y'),
(63, 4, 'KOKRAJHAR', 'Y'),
(64, 4, 'LAKHIMPUR', 'Y'),
(65, 4, 'MAJULI', 'Y'),
(66, 4, 'MARIGAON', 'Y'),
(67, 4, 'NAGAON', 'Y'),
(68, 4, 'NALBARI', 'Y'),
(69, 4, 'SIVASAGAR', 'Y'),
(70, 4, 'SONITPUR', 'Y'),
(71, 4, 'SOUTH SALMARA MANCACHAR', 'Y'),
(72, 4, 'TINSUKIA', 'Y'),
(73, 4, 'UDALGURI', 'Y'),
(74, 4, 'WEST KARBI ANGLONG', 'Y'),
(75, 5, 'ARARIA', 'Y'),
(76, 5, 'ARWAL', 'Y'),
(77, 5, 'AURANGABAD', 'Y'),
(78, 5, 'BANKA', 'Y'),
(79, 5, 'BEGUSARAI', 'Y'),
(80, 5, 'BHAGALPUR', 'Y'),
(81, 5, 'BHOJPUR', 'Y'),
(82, 5, 'BUXAR', 'Y'),
(83, 5, 'DARBHANGA', 'Y'),
(84, 5, 'GAYA', 'Y'),
(85, 5, 'GOPALGANJ', 'Y'),
(86, 5, 'JAMUI', 'Y'),
(87, 5, 'JEHANABAD', 'Y'),
(88, 5, 'KAIMUR (BHABUA)', 'Y'),
(89, 5, 'KATIHAR', 'Y'),
(90, 5, 'KHAGARIA', 'Y'),
(91, 5, 'KISHANGANJ', 'Y'),
(92, 5, 'LAKHISARAI', 'Y'),
(93, 5, 'MADHEPURA', 'Y'),
(94, 5, 'MADHUBANI', 'Y'),
(95, 5, 'MUNGER', 'Y'),
(96, 5, 'MUZAFFARPUR', 'Y'),
(97, 5, 'NALANDA', 'Y'),
(98, 5, 'NAWADA', 'Y'),
(99, 5, 'PASHCHIM CHAMPARAN', 'Y'),
(100, 5, 'PATNA', 'Y'),
(101, 5, 'PURBI CHAMPARAN', 'Y'),
(102, 5, 'PURNIA', 'Y'),
(103, 5, 'ROHTAS', 'Y'),
(104, 5, 'SAHARSA', 'Y'),
(105, 5, 'SAMASTIPUR', 'Y'),
(106, 5, 'SARAN', 'Y'),
(107, 5, 'SHEIKHPURA', 'Y'),
(108, 5, 'SHEOHAR', 'Y'),
(109, 5, 'SITAMARHI', 'Y'),
(110, 5, 'SIWAN', 'Y'),
(111, 5, 'SUPAUL', 'Y'),
(112, 5, 'VAISHALI', 'Y'),
(113, 6, 'CHANDIGARH', 'Y'),
(114, 7, 'BALOD', 'Y'),
(115, 7, 'BALODA BAZAR', 'Y'),
(116, 7, 'BALRAMPUR', 'Y'),
(117, 7, 'BASTAR', 'Y'),
(118, 7, 'BEMETARA', 'Y'),
(119, 7, 'BIJAPUR', 'Y'),
(120, 7, 'BILASPUR', 'Y'),
(121, 7, 'DANTEWADA', 'Y'),
(122, 7, 'DHAMTARI', 'Y'),
(123, 7, 'DURG', 'Y'),
(124, 7, 'GARIYABAND', 'Y'),
(125, 7, 'Gaurella Pendra Marwahi', 'Y'),
(126, 7, 'JANJGIR-CHAMPA', 'Y'),
(127, 7, 'JASHPUR', 'Y'),
(128, 7, 'KABIRDHAM', 'Y'),
(129, 7, 'KANKER', 'Y'),
(130, 7, 'KONDAGAON', 'Y'),
(131, 7, 'KORBA', 'Y'),
(132, 7, 'KOREA', 'Y'),
(133, 7, 'MAHASAMUND', 'Y'),
(134, 7, 'MUNGELI', 'Y'),
(135, 7, 'NARAYANPUR', 'Y'),
(136, 7, 'RAIGARH', 'Y'),
(137, 7, 'RAIPUR', 'Y'),
(138, 7, 'RAJNANDGAON', 'Y'),
(139, 7, 'SUKMA', 'Y'),
(140, 7, 'SURAJPUR', 'Y'),
(141, 7, 'SURGUJA', 'Y'),
(142, 8, 'Central', 'N'),
(143, 8, 'East', 'N'),
(144, 8, 'New Delhi', 'N'),
(145, 8, 'North', 'N'),
(146, 8, 'North East', 'N'),
(147, 8, 'North West', 'N'),
(148, 8, 'Shahdara', 'N'),
(149, 8, 'South', 'N'),
(150, 8, 'South East', 'N'),
(151, 8, 'South West', 'N'),
(152, 8, 'West', 'N'),
(153, 9, 'NORTH GOA', 'Y'),
(154, 9, 'SOUTH GOA', 'Y'),
(155, 10, 'AHMADABAD', 'Y'),
(156, 10, 'AMRELI', 'Y'),
(157, 10, 'ANAND', 'Y'),
(158, 10, 'ARVALLI', 'Y'),
(159, 10, 'BANAS KANTHA', 'Y'),
(160, 10, 'BHARUCH', 'Y'),
(161, 10, 'BHAVNAGAR', 'Y'),
(162, 10, 'BOTAD', 'Y'),
(163, 10, 'CHHOTAUDEPUR', 'Y'),
(164, 10, 'DANG', 'Y'),
(165, 10, 'DEVBHUMI DWARKA', 'Y'),
(166, 10, 'DOHAD', 'Y'),
(167, 10, 'GANDHINAGAR', 'Y'),
(168, 10, 'GIR SOMNATH', 'Y'),
(169, 10, 'JAMNAGAR', 'Y'),
(170, 10, 'JUNAGADH', 'Y'),
(171, 10, 'KACHCHH', 'Y'),
(172, 10, 'KHEDA', 'Y'),
(173, 10, 'MAHESANA', 'Y'),
(174, 10, 'Mahisagar', 'Y'),
(175, 10, 'MORBI', 'Y'),
(176, 10, 'NARMADA', 'Y'),
(177, 10, 'NAVSARI', 'Y'),
(178, 10, 'PANCH MAHALS', 'Y'),
(179, 10, 'PATAN', 'Y'),
(180, 10, 'PORBANDAR', 'Y'),
(181, 10, 'RAJKOT', 'Y'),
(182, 10, 'SABAR KANTHA', 'Y'),
(183, 10, 'SURAT', 'Y'),
(184, 10, 'SURENDRANAGAR', 'Y'),
(185, 10, 'TAPI', 'Y'),
(186, 10, 'VADODARA', 'Y'),
(187, 10, 'VALSAD', 'Y'),
(188, 11, 'AMBALA', 'Y'),
(189, 11, 'BHIWANI', 'Y'),
(190, 11, 'CHARKI DADRI', 'Y'),
(191, 11, 'FARIDABAD', 'Y'),
(192, 11, 'FATEHABAD', 'Y'),
(193, 11, 'GURUGRAM', 'Y'),
(194, 11, 'HISAR', 'Y'),
(195, 11, 'JHAJJAR', 'Y'),
(196, 11, 'JIND', 'Y'),
(197, 11, 'KAITHAL', 'Y'),
(198, 11, 'KARNAL', 'Y'),
(199, 11, 'KURUKSHETRA', 'Y'),
(200, 11, 'MAHENDRAGARH', 'Y'),
(201, 11, 'NUH', 'Y'),
(202, 11, 'PALWAL', 'Y'),
(203, 11, 'PANCHKULA', 'Y'),
(204, 11, 'PANIPAT', 'Y'),
(205, 11, 'REWARI', 'Y'),
(206, 11, 'ROHTAK', 'Y'),
(207, 11, 'SIRSA', 'Y'),
(208, 11, 'SONIPAT', 'Y'),
(209, 11, 'YAMUNANAGAR', 'Y'),
(210, 12, 'BILASPUR', 'Y'),
(211, 12, 'CHAMBA', 'Y'),
(212, 12, 'HAMIRPUR', 'Y'),
(213, 12, 'KANGRA', 'Y'),
(214, 12, 'KINNAUR', 'Y'),
(215, 12, 'KULLU', 'Y'),
(216, 12, 'LAHUL AND SPITI', 'Y'),
(217, 12, 'MANDI', 'Y'),
(218, 12, 'SHIMLA', 'Y'),
(219, 12, 'SIRMAUR', 'Y'),
(220, 12, 'SOLAN', 'Y'),
(221, 12, 'UNA', 'Y'),
(222, 13, 'ANANTNAG', 'Y'),
(223, 13, 'BANDIPORA', 'Y'),
(224, 13, 'BARAMULLA', 'Y'),
(225, 13, 'Budgam', 'Y'),
(226, 13, 'DODA', 'Y'),
(227, 13, 'GANDERBAL', 'Y'),
(228, 13, 'JAMMU', 'Y'),
(229, 13, 'KATHUA', 'Y'),
(230, 13, 'KISHTWAR', 'Y'),
(231, 13, 'KULGAM', 'Y'),
(232, 13, 'KUPWARA', 'Y'),
(233, 13, 'POONCH', 'Y'),
(234, 13, 'PULWAMA', 'Y'),
(235, 13, 'RAJOURI', 'Y'),
(236, 13, 'RAMBAN', 'Y'),
(237, 13, 'REASI', 'Y'),
(238, 13, 'SAMBA', 'Y'),
(239, 13, 'SHOPIAN', 'Y'),
(240, 13, 'SRINAGAR', 'Y'),
(241, 13, 'UDHAMPUR', 'Y'),
(242, 14, 'BOKARO', 'Y'),
(243, 14, 'CHATRA', 'Y'),
(244, 14, 'DEOGHAR', 'Y'),
(245, 14, 'DHANBAD', 'Y'),
(246, 14, 'DUMKA', 'Y'),
(247, 14, 'EAST SINGHBUM', 'Y'),
(248, 14, 'GARHWA', 'Y'),
(249, 14, 'GIRIDIH', 'Y'),
(250, 14, 'GODDA', 'Y'),
(251, 14, 'GUMLA', 'Y'),
(252, 14, 'HAZARIBAGH', 'Y'),
(253, 14, 'JAMTARA', 'Y'),
(254, 14, 'KHUNTI', 'Y'),
(255, 14, 'KODERMA', 'Y'),
(256, 14, 'LATEHAR', 'Y'),
(257, 14, 'LOHARDAGA', 'Y'),
(258, 14, 'PAKUR', 'Y'),
(259, 14, 'PALAMU', 'Y'),
(260, 14, 'RAMGARH', 'Y'),
(261, 14, 'RANCHI', 'Y'),
(262, 14, 'SAHEBGANJ', 'Y'),
(263, 14, 'SARAIKELA KHARSAWAN', 'Y'),
(264, 14, 'SIMDEGA', 'Y'),
(265, 14, 'WEST SINGHBHUM', 'Y'),
(266, 15, 'BAGALKOTE', 'Y'),
(267, 15, 'BALLARI', 'Y'),
(268, 15, 'BELAGAVI', 'Y'),
(269, 15, 'BENGALURU RURAL', 'Y'),
(270, 15, 'BENGALURU URBAN', 'Y'),
(271, 15, 'BIDAR', 'Y'),
(272, 15, 'CHAMARAJANAGARA', 'Y'),
(273, 15, 'CHIKKABALLAPURA', 'Y'),
(274, 15, 'CHIKKAMAGALURU', 'Y'),
(275, 15, 'CHITRADURGA', 'Y'),
(276, 15, 'DAKSHINA KANNADA', 'Y'),
(277, 15, 'DAVANGERE', 'Y'),
(278, 15, 'DHARWAD', 'Y'),
(279, 15, 'GADAG', 'Y'),
(280, 15, 'HASSAN', 'Y'),
(281, 15, 'HAVERI', 'Y'),
(282, 15, 'KALABURAGI', 'Y'),
(283, 15, 'KODAGU', 'Y'),
(284, 15, 'KOLAR', 'Y'),
(285, 15, 'KOPPAL', 'Y'),
(286, 15, 'MANDYA', 'Y'),
(287, 15, 'MYSURU', 'Y'),
(288, 15, 'RAICHUR', 'Y'),
(289, 15, 'RAMANAGARA', 'Y'),
(290, 15, 'SHIVAMOGGA', 'Y'),
(291, 15, 'TUMAKURU', 'Y'),
(292, 15, 'UDUPI', 'Y'),
(293, 15, 'UTTARA KANNADA', 'Y'),
(294, 15, 'VIJAYAPURA', 'Y'),
(295, 15, 'YADGIR', 'Y'),
(296, 16, 'ALAPPUZHA', 'Y'),
(297, 16, 'ERNAKULAM', 'Y'),
(298, 16, 'IDUKKI', 'Y'),
(299, 16, 'KANNUR', 'Y'),
(300, 16, 'KASARAGOD', 'Y'),
(301, 16, 'KOLLAM', 'Y'),
(302, 16, 'KOTTAYAM', 'Y'),
(303, 16, 'KOZHIKODE', 'Y'),
(304, 16, 'MALAPPURAM', 'Y'),
(305, 16, 'PALAKKAD', 'Y'),
(306, 16, 'PATHANAMTHITTA', 'Y'),
(307, 16, 'THIRUVANANTHAPURAM', 'Y'),
(308, 16, 'THRISSUR', 'Y'),
(309, 16, 'WAYANAD', 'Y'),
(310, 17, 'KARGIL', 'Y'),
(311, 17, 'LEH LADAKH', 'Y'),
(312, 18, 'LAKSHADWEEP DISTRICT', 'Y'),
(313, 19, 'AGAR MALWA', 'Y'),
(314, 19, 'ALIRAJPUR', 'Y'),
(315, 19, 'ANUPPUR', 'Y'),
(316, 19, 'ASHOKNAGAR', 'Y'),
(317, 19, 'BALAGHAT', 'Y'),
(318, 19, 'BARWANI', 'Y'),
(319, 19, 'BETUL', 'Y'),
(320, 19, 'BHIND', 'Y'),
(321, 19, 'BHOPAL', 'Y'),
(322, 19, 'BURHANPUR', 'Y'),
(323, 19, 'CHHATARPUR', 'Y'),
(324, 19, 'CHHINDWARA', 'Y'),
(325, 19, 'DAMOH', 'Y'),
(326, 19, 'DATIA', 'Y'),
(327, 19, 'DEWAS', 'Y'),
(328, 19, 'DHAR', 'Y'),
(329, 19, 'DINDORI', 'Y'),
(330, 19, 'EAST NIMAR', 'Y'),
(331, 19, 'GUNA', 'Y'),
(332, 19, 'GWALIOR', 'Y'),
(333, 19, 'HARDA', 'Y'),
(334, 19, 'HOSHANGABAD', 'Y'),
(335, 19, 'INDORE', 'Y'),
(336, 19, 'JABALPUR', 'Y'),
(337, 19, 'JHABUA', 'Y'),
(338, 19, 'KATNI', 'Y'),
(339, 19, 'KHARGONE', 'Y'),
(340, 19, 'MANDLA', 'Y'),
(341, 19, 'MANDSAUR', 'Y'),
(342, 19, 'MORENA', 'Y'),
(343, 19, 'NARSINGHPUR', 'Y'),
(344, 19, 'NEEMUCH', 'Y'),
(345, 19, 'Niwari', 'Y'),
(346, 19, 'PANNA', 'Y'),
(347, 19, 'RAISEN', 'Y'),
(348, 19, 'RAJGARH', 'Y'),
(349, 19, 'RATLAM', 'Y'),
(350, 19, 'REWA', 'Y'),
(351, 19, 'SAGAR', 'Y'),
(352, 19, 'SATNA', 'Y'),
(353, 19, 'SEHORE', 'Y'),
(354, 19, 'SEONI', 'Y'),
(355, 19, 'SHAHDOL', 'Y'),
(356, 19, 'SHAJAPUR', 'Y'),
(357, 19, 'SHEOPUR', 'Y'),
(358, 19, 'SHIVPURI', 'Y'),
(359, 19, 'SIDHI', 'Y'),
(360, 19, 'SINGRAULI', 'Y'),
(361, 19, 'TIKAMGARH', 'Y'),
(362, 19, 'UJJAIN', 'Y'),
(363, 19, 'UMARIA', 'Y'),
(364, 19, 'VIDISHA', 'Y'),
(365, 20, 'AHMEDNAGAR', 'Y'),
(366, 20, 'AKOLA', 'Y'),
(367, 20, 'AMRAVATI', 'Y'),
(368, 20, 'AURANGABAD', 'Y'),
(369, 20, 'BEED', 'Y'),
(370, 20, 'BHANDARA', 'Y'),
(371, 20, 'BULDHANA', 'Y'),
(372, 20, 'CHANDRAPUR', 'Y'),
(373, 20, 'DHULE', 'Y'),
(374, 20, 'GADCHIROLI', 'Y'),
(375, 20, 'GONDIA', 'Y'),
(376, 20, 'HINGOLI', 'Y'),
(377, 20, 'JALGAON', 'Y'),
(378, 20, 'JALNA', 'Y'),
(379, 20, 'KOLHAPUR', 'Y'),
(380, 20, 'LATUR', 'Y'),
(381, 20, 'MUMBAI', 'Y'),
(382, 20, 'MUMBAI SUBURBAN', 'Y'),
(383, 20, 'NAGPUR', 'Y'),
(384, 20, 'NANDED', 'Y'),
(385, 20, 'NANDURBAR', 'Y'),
(386, 20, 'NASHIK', 'Y'),
(387, 20, 'OSMANABAD', 'Y'),
(388, 20, 'PALGHAR', 'Y'),
(389, 20, 'PARBHANI', 'Y'),
(390, 20, 'PUNE', 'Y'),
(391, 20, 'RAIGAD', 'Y'),
(392, 20, 'RATNAGIRI', 'Y'),
(393, 20, 'SANGLI', 'Y'),
(394, 20, 'SATARA', 'Y'),
(395, 20, 'SINDHUDURG', 'Y'),
(396, 20, 'SOLAPUR', 'Y'),
(397, 20, 'THANE', 'Y'),
(398, 20, 'WARDHA', 'Y'),
(399, 20, 'WASHIM', 'Y'),
(400, 20, 'YAVATMAL', 'Y'),
(401, 21, 'BISHNUPUR', 'Y'),
(402, 21, 'CHANDEL', 'Y'),
(403, 21, 'CHURACHANDPUR', 'Y'),
(404, 21, 'IMPHAL EAST', 'Y'),
(405, 21, 'IMPHAL WEST', 'Y'),
(406, 21, 'JIRIBAM', 'Y'),
(407, 21, 'KAKCHING', 'Y'),
(408, 21, 'KAMJONG', 'Y'),
(409, 21, 'KANGPOKPI', 'Y'),
(410, 21, 'NONEY', 'Y'),
(411, 21, 'PHERZAWL', 'Y'),
(412, 21, 'SENAPATI', 'Y'),
(413, 21, 'TAMENGLONG', 'Y'),
(414, 21, 'TENGNOUPAL', 'Y'),
(415, 21, 'THOUBAL', 'Y'),
(416, 21, 'UKHRUL', 'Y'),
(417, 22, 'EAST GARO HILLS', 'Y'),
(418, 22, 'EAST JAINTIA HILLS', 'Y'),
(419, 22, 'EAST KHASI HILLS', 'Y'),
(420, 22, 'NORTH GARO HILLS', 'Y'),
(421, 22, 'RI BHOI', 'Y'),
(422, 22, 'SOUTH GARO HILLS', 'Y'),
(423, 22, 'SOUTH WEST GARO HILLS', 'Y'),
(424, 22, 'SOUTH WEST KHASI HILLS', 'Y'),
(425, 22, 'WEST GARO HILLS', 'Y'),
(426, 22, 'WEST JAINTIA HILLS', 'Y'),
(427, 22, 'WEST KHASI HILLS', 'Y'),
(428, 23, 'AIZAWL', 'Y'),
(429, 23, 'CHAMPHAI', 'Y'),
(430, 23, 'Hnahthial', 'Y'),
(431, 23, 'KHAWZAWL', 'Y'),
(432, 23, 'KOLASIB', 'Y'),
(433, 23, 'LAWNGTLAI', 'Y'),
(434, 23, 'LUNGLEI', 'Y'),
(435, 23, 'MAMIT', 'Y'),
(436, 23, 'SAIHA', 'Y'),
(437, 23, 'SAITUAL', 'Y'),
(438, 23, 'SERCHHIP', 'Y'),
(439, 24, 'DIMAPUR', 'Y'),
(440, 24, 'KIPHIRE', 'Y'),
(441, 24, 'KOHIMA', 'Y'),
(442, 24, 'LONGLENG', 'Y'),
(443, 24, 'MOKOKCHUNG', 'Y'),
(444, 24, 'MON', 'Y'),
(445, 24, 'PEREN', 'Y'),
(446, 24, 'PHEK', 'Y'),
(447, 24, 'TUENSANG', 'Y'),
(448, 24, 'WOKHA', 'Y'),
(449, 24, 'ZUNHEBOTO', 'Y'),
(450, 25, 'ANUGUL', 'Y'),
(451, 25, 'BALANGIR', 'Y'),
(452, 25, 'BALESHWAR', 'Y'),
(453, 25, 'BARGARH', 'Y'),
(454, 25, 'BHADRAK', 'Y'),
(455, 25, 'BOUDH', 'Y'),
(456, 25, 'CUTTACK', 'Y'),
(457, 25, 'DEOGARH', 'Y'),
(458, 25, 'DHENKANAL', 'Y'),
(459, 25, 'GAJAPATI', 'Y'),
(460, 25, 'GANJAM', 'Y'),
(461, 25, 'JAGATSINGHAPUR', 'Y'),
(462, 25, 'JAJAPUR', 'Y'),
(463, 25, 'JHARSUGUDA', 'Y'),
(464, 25, 'KALAHANDI', 'Y'),
(465, 25, 'KANDHAMAL', 'Y'),
(466, 25, 'KENDRAPARA', 'Y'),
(467, 25, 'KENDUJHAR', 'Y'),
(468, 25, 'KHORDHA', 'Y'),
(469, 25, 'KORAPUT', 'Y'),
(470, 25, 'MALKANGIRI', 'Y'),
(471, 25, 'MAYURBHANJ', 'Y'),
(472, 25, 'NABARANGPUR', 'Y'),
(473, 25, 'NAYAGARH', 'Y'),
(474, 25, 'NUAPADA', 'Y'),
(475, 25, 'PURI', 'Y'),
(476, 25, 'RAYAGADA', 'Y'),
(477, 25, 'SAMBALPUR', 'Y'),
(478, 25, 'SONEPUR', 'Y'),
(479, 25, 'SUNDARGARH', 'Y'),
(480, 26, 'KARAIKAL', 'Y'),
(481, 26, 'MAHE', 'Y'),
(482, 26, 'PONDICHERRY', 'Y'),
(483, 26, 'YANAM', 'Y'),
(484, 27, 'AMRITSAR', 'Y'),
(485, 27, 'BARNALA', 'Y'),
(486, 27, 'BATHINDA', 'Y'),
(487, 27, 'FARIDKOT', 'Y'),
(488, 27, 'FATEHGARH SAHIB', 'Y'),
(489, 27, 'FAZILKA', 'Y'),
(490, 27, 'FIROZEPUR', 'Y'),
(491, 27, 'GURDASPUR', 'Y'),
(492, 27, 'HOSHIARPUR', 'Y'),
(493, 27, 'JALANDHAR', 'Y'),
(494, 27, 'KAPURTHALA', 'Y'),
(495, 27, 'LUDHIANA', 'Y'),
(496, 27, 'MANSA', 'Y'),
(497, 27, 'MOGA', 'Y'),
(498, 27, 'PATHANKOT', 'Y'),
(499, 27, 'PATIALA', 'Y'),
(500, 27, 'RUPNAGAR', 'Y'),
(501, 27, 'SANGRUR', 'Y'),
(502, 27, 'S.A.S Nagar', 'Y'),
(503, 27, 'Shahid Bhagat Singh Nagar', 'Y'),
(504, 27, 'SRI MUKTSAR SAHIB', 'Y'),
(505, 27, 'Tarn Taran', 'Y'),
(506, 28, 'AJMER', 'Y'),
(507, 28, 'ALWAR', 'Y'),
(508, 28, 'BANSWARA', 'Y'),
(509, 28, 'BARAN', 'Y'),
(510, 28, 'BARMER', 'Y'),
(511, 28, 'BHARATPUR', 'Y'),
(512, 28, 'BHILWARA', 'Y'),
(513, 28, 'BIKANER', 'Y'),
(514, 28, 'BUNDI', 'Y'),
(515, 28, 'CHITTORGARH', 'Y'),
(516, 28, 'CHURU', 'Y'),
(517, 28, 'DAUSA', 'Y'),
(518, 28, 'DHOLPUR', 'Y'),
(519, 28, 'DUNGARPUR', 'Y'),
(520, 28, 'GANGANAGAR', 'Y'),
(521, 28, 'HANUMANGARH', 'Y'),
(522, 28, 'JAIPUR', 'Y'),
(523, 28, 'JAISALMER', 'Y'),
(524, 28, 'JALORE', 'Y'),
(525, 28, 'JHALAWAR', 'Y'),
(526, 28, 'JHUNJHUNU', 'Y'),
(527, 28, 'JODHPUR', 'Y'),
(528, 28, 'KARAULI', 'Y'),
(529, 28, 'KOTA', 'Y'),
(530, 28, 'NAGAUR', 'Y'),
(531, 28, 'PALI', 'Y'),
(532, 28, 'PRATAPGARH', 'Y'),
(533, 28, 'RAJSAMAND', 'Y'),
(534, 28, 'SAWAI MADHOPUR', 'Y'),
(535, 28, 'SIKAR', 'Y'),
(536, 28, 'SIROHI', 'Y'),
(537, 28, 'TONK', 'Y'),
(538, 28, 'UDAIPUR', 'Y'),
(539, 29, 'EAST DISTRICT', 'Y'),
(540, 29, 'NORTH DISTRICT', 'Y'),
(541, 29, 'SOUTH DISTRICT', 'Y'),
(542, 29, 'WEST DISTRICT', 'Y'),
(543, 30, 'Ariyalur', 'Y'),
(544, 30, 'CHENGALPATTU', 'Y'),
(545, 30, 'CHENNAI', 'Y'),
(546, 30, 'COIMBATORE', 'Y'),
(547, 30, 'CUDDALORE', 'Y'),
(548, 30, 'DHARMAPURI', 'Y'),
(549, 30, 'DINDIGUL', 'Y'),
(550, 30, 'ERODE', 'Y'),
(551, 30, 'KALLAKURICHI', 'Y'),
(552, 30, 'KANCHIPURAM', 'Y'),
(553, 30, 'KANNIYAKUMARI', 'Y'),
(554, 30, 'KARUR', 'Y'),
(555, 30, 'KRISHNAGIRI', 'Y'),
(556, 30, 'MADURAI', 'Y'),
(557, 30, 'NAGAPATTINAM', 'Y'),
(558, 30, 'NAMAKKAL', 'Y'),
(559, 30, 'PERAMBALUR', 'Y'),
(560, 30, 'PUDUKKOTTAI', 'Y'),
(561, 30, 'RAMANATHAPURAM', 'Y'),
(562, 30, 'Ranipet', 'Y'),
(563, 30, 'SALEM', 'Y'),
(564, 30, 'SIVAGANGA', 'Y'),
(565, 30, 'TENKASI', 'Y'),
(566, 30, 'THANJAVUR', 'Y'),
(567, 30, 'THENI', 'Y'),
(568, 30, 'THE NILGIRIS', 'Y'),
(569, 30, 'THIRUVALLUR', 'Y'),
(570, 30, 'THIRUVARUR', 'Y'),
(571, 30, 'TIRUCHIRAPPALLI', 'Y'),
(572, 30, 'TIRUNELVELI', 'Y'),
(573, 30, 'Tirupathur', 'Y'),
(574, 30, 'TIRUPPUR', 'Y'),
(575, 30, 'TIRUVANNAMALAI', 'Y'),
(576, 30, 'TUTICORIN', 'Y'),
(577, 30, 'VELLORE', 'Y'),
(578, 30, 'VILLUPURAM', 'Y'),
(579, 30, 'VIRUDHUNAGAR', 'Y'),
(580, 31, 'ADILABAD', 'Y'),
(581, 31, 'BHADRADRI KOTHAGUDEM', 'Y'),
(582, 31, 'HYDERABAD', 'Y'),
(583, 31, 'Jagitial', 'Y'),
(584, 31, 'JANGOAN', 'Y'),
(585, 31, 'JAYASHANKAR BHUPALAPALLY', 'Y'),
(586, 31, 'JOGULAMBA GADWAL', 'Y'),
(587, 31, 'KAMAREDDY', 'Y'),
(588, 31, 'KARIMNAGAR', 'Y'),
(589, 31, 'KHAMMAM', 'Y'),
(590, 31, 'KUMURAM BHEEM ASIFABAD', 'Y'),
(591, 31, 'MAHABUBABAD', 'Y'),
(592, 31, 'MAHABUBNAGAR', 'Y'),
(593, 31, 'MANCHERIAL', 'Y'),
(594, 31, 'MEDAK', 'Y'),
(595, 31, 'MEDCHAL MALKAJGIRI', 'Y'),
(596, 31, 'Mulugu', 'Y'),
(597, 31, 'NAGARKURNOOL', 'Y'),
(598, 31, 'NALGONDA', 'Y'),
(599, 31, 'Narayanpet', 'Y'),
(600, 31, 'Nirmal', 'Y'),
(601, 31, 'NIZAMABAD', 'Y'),
(602, 31, 'PEDDAPALLI', 'Y'),
(603, 31, 'RAJANNA SIRCILLA', 'Y'),
(604, 31, 'RANGA REDDY', 'Y'),
(605, 31, 'SANGAREDDY', 'Y'),
(606, 31, 'SIDDIPET', 'Y'),
(607, 31, 'SURYAPET', 'Y'),
(608, 31, 'VIKARABAD', 'Y'),
(609, 31, 'WANAPARTHY', 'Y'),
(610, 31, 'WARANGAL RURAL', 'Y'),
(611, 31, 'WARANGAL URBAN', 'Y'),
(612, 31, 'YADADRI BHUVANAGIRI', 'Y'),
(613, 32, 'DADRA AND NAGAR HAVELI', 'Y'),
(614, 32, 'DAMAN', 'Y'),
(615, 32, 'DIU', 'Y'),
(616, 33, 'Dhalai', 'Y'),
(617, 33, 'Gomati', 'Y'),
(618, 33, 'Khowai', 'Y'),
(619, 33, 'North Tripura', 'Y'),
(620, 33, 'Sepahijala', 'Y'),
(621, 33, 'South Tripura', 'Y'),
(622, 33, 'Unakoti', 'Y'),
(623, 33, 'West Tripura', 'Y'),
(624, 34, 'ALMORA', 'Y'),
(625, 34, 'BAGESHWAR', 'Y'),
(626, 34, 'CHAMOLI', 'Y'),
(627, 34, 'CHAMPAWAT', 'Y'),
(628, 34, 'DEHRADUN', 'Y'),
(629, 34, 'HARIDWAR', 'Y'),
(630, 34, 'NAINITAL', 'Y'),
(631, 34, 'PAURI GARHWAL', 'Y'),
(632, 34, 'PITHORAGARH', 'Y'),
(633, 34, 'RUDRA PRAYAG', 'Y'),
(634, 34, 'TEHRI GARHWAL', 'Y'),
(635, 34, 'UDAM SINGH NAGAR', 'Y'),
(636, 34, 'UTTAR KASHI', 'Y'),
(637, 35, 'AGRA', 'Y'),
(638, 35, 'ALIGARH', 'Y'),
(639, 35, 'AMBEDKAR NAGAR', 'Y'),
(640, 35, 'Amethi', 'Y'),
(641, 35, 'AMROHA', 'Y'),
(642, 35, 'AURAIYA', 'Y'),
(643, 35, 'AYODHYA', 'Y'),
(644, 35, 'AZAMGARH', 'Y'),
(645, 35, 'BAGHPAT', 'Y'),
(646, 35, 'BAHRAICH', 'Y'),
(647, 35, 'BALLIA', 'Y'),
(648, 35, 'BALRAMPUR', 'Y'),
(649, 35, 'BANDA', 'Y'),
(650, 35, 'BARABANKI', 'Y'),
(651, 35, 'BAREILLY', 'Y'),
(652, 35, 'BASTI', 'Y'),
(653, 35, 'BHADOHI', 'Y'),
(654, 35, 'BIJNOR', 'Y'),
(655, 35, 'BUDAUN', 'Y'),
(656, 35, 'BULANDSHAHR', 'Y'),
(657, 35, 'CHANDAULI', 'Y'),
(658, 35, 'CHITRAKOOT', 'Y'),
(659, 35, 'DEORIA', 'Y'),
(660, 35, 'ETAH', 'Y'),
(661, 35, 'ETAWAH', 'Y'),
(662, 35, 'FARRUKHABAD', 'Y'),
(663, 35, 'FATEHPUR', 'Y'),
(664, 35, 'FIROZABAD', 'Y'),
(665, 35, 'GAUTAM BUDDHA NAGAR', 'Y'),
(666, 35, 'GHAZIABAD', 'Y'),
(667, 35, 'GHAZIPUR', 'Y'),
(668, 35, 'GONDA', 'Y'),
(669, 35, 'GORAKHPUR', 'Y'),
(670, 35, 'HAMIRPUR', 'Y'),
(671, 35, 'HAPUR', 'Y'),
(672, 35, 'HARDOI', 'Y'),
(673, 35, 'HATHRAS', 'Y'),
(674, 35, 'JALAUN', 'Y'),
(675, 35, 'JAUNPUR', 'Y'),
(676, 35, 'JHANSI', 'Y'),
(677, 35, 'KANNAUJ', 'Y'),
(678, 35, 'KANPUR DEHAT', 'Y'),
(679, 35, 'KANPUR NAGAR', 'Y'),
(680, 35, 'Kasganj', 'Y'),
(681, 35, 'KAUSHAMBI', 'Y'),
(682, 35, 'KHERI', 'Y'),
(683, 35, 'KUSHI NAGAR', 'Y'),
(684, 35, 'LALITPUR', 'Y'),
(685, 35, 'LUCKNOW', 'Y'),
(686, 35, 'MAHARAJGANJ', 'Y'),
(687, 35, 'MAHOBA', 'Y'),
(688, 35, 'MAINPURI', 'Y'),
(689, 35, 'MATHURA', 'Y'),
(690, 35, 'MAU', 'Y'),
(691, 35, 'MEERUT', 'Y'),
(692, 35, 'MIRZAPUR', 'Y'),
(693, 35, 'MORADABAD', 'Y'),
(694, 35, 'MUZAFFARNAGAR', 'Y'),
(695, 35, 'PILIBHIT', 'Y'),
(696, 35, 'PRATAPGARH', 'Y'),
(697, 35, 'PRAYAGRAJ', 'Y'),
(698, 35, 'RAE BARELI', 'Y'),
(699, 35, 'RAMPUR', 'Y'),
(700, 35, 'SAHARANPUR', 'Y'),
(701, 35, 'SAMBHAL', 'Y'),
(702, 35, 'SANT KABEER NAGAR', 'Y'),
(703, 35, 'SHAHJAHANPUR', 'Y'),
(704, 35, 'SHAMLI', 'Y'),
(705, 35, 'SHRAVASTI', 'Y'),
(706, 35, 'SIDDHARTH NAGAR', 'Y'),
(707, 35, 'SITAPUR', 'Y'),
(708, 35, 'SONBHADRA', 'Y'),
(709, 35, 'SULTANPUR', 'Y'),
(710, 35, 'UNNAO', 'Y'),
(711, 35, 'VARANASI', 'Y'),
(712, 36, '24 PARAGANAS NORTH', 'Y'),
(713, 36, '24 PARAGANAS SOUTH', 'Y'),
(714, 36, 'Alipurduar', 'Y'),
(715, 36, 'BANKURA', 'Y'),
(716, 36, 'BIRBHUM', 'Y'),
(717, 36, 'COOCHBEHAR', 'Y'),
(718, 36, 'DARJEELING', 'Y'),
(719, 36, 'DINAJPUR DAKSHIN', 'Y'),
(720, 36, 'DINAJPUR UTTAR', 'Y'),
(721, 36, 'HOOGHLY', 'Y'),
(722, 36, 'HOWRAH', 'Y'),
(723, 36, 'JALPAIGURI', 'Y'),
(724, 36, 'Jhargram', 'Y'),
(725, 36, 'KALIMPONG', 'Y'),
(726, 36, 'KOLKATA', 'Y'),
(727, 36, 'MALDAH', 'Y'),
(728, 36, 'MEDINIPUR EAST', 'Y'),
(729, 36, 'MEDINIPUR WEST', 'Y'),
(730, 36, 'MURSHIDABAD', 'Y'),
(731, 36, 'NADIA', 'Y'),
(732, 36, 'PASCHIM BARDHAMAN', 'Y'),
(733, 36, 'PURBA BARDHAMAN', 'Y'),
(734, 36, 'PURULIA', 'Y');

-- --------------------------------------------------------

--
